000
CDUS46 KMTR 180829
CLISFD


CLIMATE REPORT
NATIONAL WEATHER SERVICE SAN FRANCISCO BAY AREA
129 AM PDT THU SEP 18 2014


...................................

...THE SAN FRANCISCO DWTN CA CLIMATE SUMMARY FOR SEPTEMBER 17 2014...

CLIMATE NORMAL PERIOD 1981 TO 2010
CLIMATE RECORD PERIOD 1850 TO 2014


WEATHER ITEM   OBSERVED TIME   RECORD YEAR NORMAL DEPARTURE LAST
                VALUE   (LST)  VALUE       VALUE  FROM      YEAR
                                                  NORMAL
..................................................................
TEMPERATURE (F)
 YESTERDAY
  MAXIMUM         74    343 PM  93    1984  70      4       66
  MINIMUM         62    243 AM  50    1898  55      7       57
  AVERAGE         68                        63      5       62

PRECIPITATION (IN)
  YESTERDAY        0.00          0.20 1921   0.01  -0.01     0.00
  MONTH TO DATE    0.05                      0.08  -0.03     0.00
  SINCE JUL 1      0.14                      0.14   0.00     0.04
  SINCE JAN 1     10.60                     14.68  -4.08     3.55

DEGREE DAYS
 HEATING
  YESTERDAY        0                        MM     MM        3
  MONTH TO DATE   24                        MM     MM       30
  SINCE SEP 1     24                        MM     MM       30
  SINCE JUL 1    154                        MM     MM      300

 COOLING
  YESTERDAY        3                        MM     MM        0
  MONTH TO DATE   16                         0     16       13
  SINCE SEP 1     16                         0     16       13
  SINCE JAN 1     83                         0     83       41
..................................................................







THE SAN FRANCISCO DWTN CA CLIMATE NORMALS FOR TODAY
                         NORMAL    RECORD    YEAR
 MAXIMUM TEMPERATURE (F)   70        94      1912
 MINIMUM TEMPERATURE (F)   55        49      1899


SUNRISE AND SUNSET
SEPTEMBER 18 2014.....SUNRISE   654 AM PDT   SUNSET   713 PM PDT
SEPTEMBER 19 2014.....SUNRISE   655 AM PDT   SUNSET   711 PM PDT


-  INDICATES NEGATIVE NUMBERS.
R  INDICATES RECORD WAS SET OR TIED.
MM INDICATES DATA IS MISSING.
T  INDICATES TRACE AMOUNT.




$$
