000
CDUS46 KMTR 040844
CLISFD


CLIMATE REPORT
NATIONAL WEATHER SERVICE SAN FRANCISCO BAY AREA
143 AM PDT TUE AUG 4 2015


...................................

...THE SAN FRANCISCO DWTN CA CLIMATE SUMMARY FOR AUGUST 3 2015...

CLIMATE NORMAL PERIOD 1981 TO 2010
CLIMATE RECORD PERIOD 1850 TO 2015


WEATHER ITEM   OBSERVED TIME   RECORD YEAR NORMAL DEPARTURE LAST
                VALUE   (LST)  VALUE       VALUE  FROM      YEAR
                                                  NORMAL
..................................................................
TEMPERATURE (F)
 YESTERDAY
  MAXIMUM         71        MM  86    1998  67      4       64
  MINIMUM         62        MM  48    1893  55      7       57
  AVERAGE         67                        61      6       61

PRECIPITATION (IN)
  YESTERDAY        0.00          0.02 1859   0.00   0.00     0.00
  MONTH TO DATE    0.00                      0.00   0.00     0.00
  SINCE OCT 1     17.64                     23.38  -5.74    12.19
  SINCE JAN 1      3.19                     14.54 -11.35    10.54

DEGREE DAYS
 HEATING
  YESTERDAY        0                        MM     MM        4
  MONTH TO DATE    0                        MM     MM       14
  SINCE JUN 1    179                        MM     MM      239
  SINCE JUL 1     43                        MM     MM       88

 COOLING
  YESTERDAY        2                        MM     MM        0
  MONTH TO DATE    5                         0      5        0
  SINCE JUN 1     26                         0     26       17
  SINCE JAN 1     40                         0     40       66
..................................................................







THE SAN FRANCISCO DWTN CA CLIMATE NORMALS FOR TODAY
                         NORMAL    RECORD    YEAR
 MAXIMUM TEMPERATURE (F)   67        83      1947
 MINIMUM TEMPERATURE (F)   55        48      1886


SUNRISE AND SUNSET
AUGUST  4 2015........SUNRISE   616 AM PDT   SUNSET   815 PM PDT
AUGUST  5 2015........SUNRISE   617 AM PDT   SUNSET   814 PM PDT


-  INDICATES NEGATIVE NUMBERS.
R  INDICATES RECORD WAS SET OR TIED.
MM INDICATES DATA IS MISSING.
T  INDICATES TRACE AMOUNT.




$$
