000
CDUS46 KMTR 270846
CLISFD


CLIMATE REPORT
NATIONAL WEATHER SERVICE SAN FRANCISCO BAY AREA
146 AM PDT WED JUL 27 2016


...................................

...THE SAN FRANCISCO DWTN CA CLIMATE SUMMARY FOR JULY 26 2016...

CLIMATE NORMAL PERIOD 1981 TO 2010
CLIMATE RECORD PERIOD 1850 TO 2016


WEATHER ITEM   OBSERVED TIME   RECORD YEAR NORMAL DEPARTURE LAST
                VALUE   (LST)  VALUE       VALUE  FROM      YEAR
                                                  NORMAL
..................................................................
TEMPERATURE (F)
 YESTERDAY
  MAXIMUM         76    443 PM  88    1963  66     10       66
  MINIMUM         50    543 AM  49    1893  55     -5       58
  AVERAGE         63                        60      3       62

PRECIPITATION (IN)
  YESTERDAY        0.00          0.02 1893   0.00   0.00     0.00
  MONTH TO DATE    0.02                      0.00   0.02     0.09
  SINCE OCT 1     23.08                     23.38  -0.30    17.64
  SINCE JAN 1     16.47                     14.54   1.93     3.19

DEGREE DAYS
 HEATING
  YESTERDAY        2                        MM     MM        3
  MONTH TO DATE  137                        MM     MM       40
  SINCE JUN 1    277                        MM     MM      176
  SINCE JUL 1    137                        MM     MM       40

 COOLING
  YESTERDAY        0                        MM     MM        0
  MONTH TO DATE    0                         0      0       14
  SINCE JUN 1      5                         0      5       16
  SINCE JAN 1     31                         0     31       30
..................................................................







THE SAN FRANCISCO DWTN CA CLIMATE NORMALS FOR TODAY
                         NORMAL    RECORD    YEAR
 MAXIMUM TEMPERATURE (F)   66        86      1995
 MINIMUM TEMPERATURE (F)   55        49      1897


SUNRISE AND SUNSET
JULY 27 2016..........SUNRISE   610 AM PDT   SUNSET   822 PM PDT
JULY 28 2016..........SUNRISE   610 AM PDT   SUNSET   821 PM PDT


-  INDICATES NEGATIVE NUMBERS.
R  INDICATES RECORD WAS SET OR TIED.
MM INDICATES DATA IS MISSING.
T  INDICATES TRACE AMOUNT.




$$
