000
CDUS46 KMTR 070036
CLISFD


CLIMATE REPORT
NATIONAL WEATHER SERVICE SAN FRANCISCO BAY AREA
536 PM PDT FRI MAY 6 2016


...................................

...THE SAN FRANCISCO DWTN CA CLIMATE SUMMARY FOR MAY 6 2016...
VALID TODAY AS OF 0500 PM LOCAL TIME.

CLIMATE NORMAL PERIOD 1981 TO 2010
CLIMATE RECORD PERIOD 1850 TO 2016


WEATHER ITEM   OBSERVED TIME   RECORD YEAR NORMAL DEPARTURE LAST
                VALUE   (LST)  VALUE       VALUE  FROM      YEAR
                                                  NORMAL
..................................................................
TEMPERATURE (F)
 TODAY
  MAXIMUM         58    243 PM  88    1987  64     -6       63
  MINIMUM         53    843 AM  44    1964  50      3       49
  AVERAGE         56                        57     -1       56

PRECIPITATION (IN)
  TODAY            0.08          0.60 1891   0.03   0.05     0.00
  MONTH TO DATE    0.08                      0.19  -0.11     0.00
  SINCE OCT 1     22.99                     22.71   0.28    17.34
  SINCE JAN 1     16.38                     13.87   2.51     2.89

DEGREE DAYS
 HEATING
  TODAY            9                        MM     MM        9
  MONTH TO DATE   36                        MM     MM       51
  SINCE MAR 1    460                        MM     MM      448
  SINCE JUL 1   1785                        MM     MM     1522

 COOLING
  TODAY            0                        MM     MM        0
  MONTH TO DATE    1                         0      1        0
  SINCE MAR 1     20                         0     20       14
  SINCE JAN 1     23                         0     23       14
..................................................................







THE SAN FRANCISCO DWTN CA CLIMATE NORMALS FOR TOMORROW
                         NORMAL    RECORD    YEAR
 MAXIMUM TEMPERATURE (F)   64        93      2001
 MINIMUM TEMPERATURE (F)   50        45      1879


SUNRISE AND SUNSET
MAY  6 2016...........SUNRISE   608 AM PDT   SUNSET   805 PM PDT
MAY  7 2016...........SUNRISE   607 AM PDT   SUNSET   806 PM PDT


-  INDICATES NEGATIVE NUMBERS.
R  INDICATES RECORD WAS SET OR TIED.
MM INDICATES DATA IS MISSING.
T  INDICATES TRACE AMOUNT.




$$
