000
CDUS46 KMTR 090842
CLISFD


CLIMATE REPORT
NATIONAL WEATHER SERVICE SAN FRANCISCO BAY AREA
1242 AM PST TUE FEB 9 2016


...................................

...THE SAN FRANCISCO DWTN CA CLIMATE SUMMARY FOR FEBRUARY 8 2016...

CLIMATE NORMAL PERIOD 1981 TO 2010
CLIMATE RECORD PERIOD 1850 TO 2016


WEATHER ITEM   OBSERVED TIME   RECORD YEAR NORMAL DEPARTURE LAST
                VALUE   (LST)  VALUE       VALUE  FROM      YEAR
                                                  NORMAL
..................................................................
TEMPERATURE (F)
 YESTERDAY
  MAXIMUM         75R   243 PM  74    2006  60     15       66
  MINIMUM         55    543 AM  38    1883  47      8       57
  AVERAGE         65                        53     12       62

PRECIPITATION (IN)
  YESTERDAY        0.00          1.80 1876   0.17  -0.17     0.73
  MONTH TO DATE    0.15                      1.33  -1.18     1.47
  SINCE OCT 1     13.70                     14.67  -0.97    15.92
  SINCE JAN 1      7.09                      5.83   1.26     1.47

DEGREE DAYS
 HEATING
  YESTERDAY        0                        MM     MM        3
  MONTH TO DATE   75                        MM     MM       38
  SINCE DEC 1    826                        MM     MM      593
  SINCE JUL 1   1217                        MM     MM      962

 COOLING
  YESTERDAY        0                        MM     MM        0
  MONTH TO DATE    0                         0      0        0
  SINCE DEC 1      0                         0      0        0
  SINCE JAN 1      0                         0      0        0
..................................................................







THE SAN FRANCISCO DWTN CA CLIMATE NORMALS FOR TODAY
                         NORMAL    RECORD    YEAR
 MAXIMUM TEMPERATURE (F)   60        73      2006
 MINIMUM TEMPERATURE (F)   47        38      1901


SUNRISE AND SUNSET
FEBRUARY  9 2016......SUNRISE   706 AM PST   SUNSET   542 PM PST
FEBRUARY 10 2016......SUNRISE   705 AM PST   SUNSET   543 PM PST


-  INDICATES NEGATIVE NUMBERS.
R  INDICATES RECORD WAS SET OR TIED.
MM INDICATES DATA IS MISSING.
T  INDICATES TRACE AMOUNT.




$$
