000
CDUS46 KMTR 280826
CLISFD


CLIMATE REPORT
NATIONAL WEATHER SERVICE SAN FRANCISCO BAY AREA
126 AM PDT FRI AUG 28 2015


...................................

...THE SAN FRANCISCO DWTN CA CLIMATE SUMMARY FOR AUGUST 27 2015...

CLIMATE NORMAL PERIOD 1981 TO 2010
CLIMATE RECORD PERIOD 1850 TO 2015


WEATHER ITEM   OBSERVED TIME   RECORD YEAR NORMAL DEPARTURE LAST
                VALUE   (LST)  VALUE       VALUE  FROM      YEAR
                                                  NORMAL
..................................................................
TEMPERATURE (F)
 YESTERDAY
  MAXIMUM         79        MM  95    1993  69     10       69
  MINIMUM         60        MM  49    1955  55      5       59
  AVERAGE         70                        62      8       64

PRECIPITATION (IN)
  YESTERDAY        0.00          0.06 1954   0.00   0.00     0.00
  MONTH TO DATE    0.02                      0.05  -0.03     0.01
  SINCE OCT 1     17.66                     23.43  -5.77    12.20
  SINCE JAN 1      3.21                     14.59 -11.38    10.55

DEGREE DAYS
 HEATING
  YESTERDAY        0                        MM     MM        1
  MONTH TO DATE   16                        MM     MM       54
  SINCE JUN 1    195                        MM     MM      279
  SINCE JUL 1     59                        MM     MM      128

 COOLING
  YESTERDAY        5                        MM     MM        0
  MONTH TO DATE   37                         0     37        0
  SINCE JUN 1     58                         0     58       17
  SINCE JAN 1     72                         0     72       66
..................................................................







THE SAN FRANCISCO DWTN CA CLIMATE NORMALS FOR TODAY
                         NORMAL    RECORD    YEAR
 MAXIMUM TEMPERATURE (F)   69        96      2009
 MINIMUM TEMPERATURE (F)   55        49      1955


SUNRISE AND SUNSET
AUGUST 28 2015........SUNRISE   636 AM PDT   SUNSET   745 PM PDT
AUGUST 29 2015........SUNRISE   637 AM PDT   SUNSET   744 PM PDT


-  INDICATES NEGATIVE NUMBERS.
R  INDICATES RECORD WAS SET OR TIED.
MM INDICATES DATA IS MISSING.
T  INDICATES TRACE AMOUNT.




$$
