000
CDUS46 KMTR 220828
CLISFD


CLIMATE REPORT
NATIONAL WEATHER SERVICE SAN FRANCISCO BAY AREA
1227 AM PST SAT NOV 22 2014


...................................

...THE SAN FRANCISCO DWTN CA CLIMATE SUMMARY FOR NOVEMBER 21 2014...

CLIMATE NORMAL PERIOD 1981 TO 2010
CLIMATE RECORD PERIOD 1850 TO 2014


WEATHER ITEM   OBSERVED TIME   RECORD YEAR NORMAL DEPARTURE LAST
                VALUE   (LST)  VALUE       VALUE  FROM      YEAR
                                                  NORMAL
..................................................................
TEMPERATURE (F)
 YESTERDAY
  MAXIMUM         61    243 PM  76    2005  62     -1       62
  MINIMUM         54    543 AM  41    1983  49      5       51
  AVERAGE         58                        55      3       57

PRECIPITATION (IN)
  YESTERDAY        0.00          1.53 1977   0.11  -0.11     0.00
  MONTH TO DATE    1.05                      2.05  -1.00     1.26
  SINCE JUL 1      2.15                      3.44  -1.29     1.69
  SINCE JAN 1     12.61                     17.98  -5.37     5.20

DEGREE DAYS
 HEATING
  YESTERDAY        7                        MM     MM        8
  MONTH TO DATE   96                        MM     MM      147
  SINCE SEP 1    183                        MM     MM      380
  SINCE JUL 1    313                        MM     MM      650

 COOLING
  YESTERDAY        0                        MM     MM        0
  MONTH TO DATE    2                         0      2        0
  SINCE SEP 1     96                         0     96       43
  SINCE JAN 1    163                         0    163       71
..................................................................







THE SAN FRANCISCO DWTN CA CLIMATE NORMALS FOR TODAY
                         NORMAL    RECORD    YEAR
 MAXIMUM TEMPERATURE (F)   61        76      1959
 MINIMUM TEMPERATURE (F)   49        42      1931


SUNRISE AND SUNSET
NOVEMBER 22 2014......SUNRISE   657 AM PST   SUNSET   454 PM PST
NOVEMBER 23 2014......SUNRISE   658 AM PST   SUNSET   454 PM PST


-  INDICATES NEGATIVE NUMBERS.
R  INDICATES RECORD WAS SET OR TIED.
MM INDICATES DATA IS MISSING.
T  INDICATES TRACE AMOUNT.




$$
