000
CDUS46 KMTR 260828
CLISFD


CLIMATE REPORT
NATIONAL WEATHER SERVICE SAN FRANCISCO BAY AREA
128 AM PDT THU MAY 26 2016


...................................

...THE SAN FRANCISCO DWTN CA CLIMATE SUMMARY FOR MAY 25 2016...

CLIMATE NORMAL PERIOD 1981 TO 2010
CLIMATE RECORD PERIOD 1850 TO 2016


WEATHER ITEM   OBSERVED TIME   RECORD YEAR NORMAL DEPARTURE LAST
                VALUE   (LST)  VALUE       VALUE  FROM      YEAR
                                                  NORMAL
..................................................................
TEMPERATURE (F)
 YESTERDAY
  MAXIMUM         62    243 PM  87    1896  65     -3       59
  MINIMUM         54    543 AM  47    1899  52      2       51
  AVERAGE         58                        58      0       55

PRECIPITATION (IN)
  YESTERDAY        0.00          1.05 1866   0.02  -0.02     0.01
  MONTH TO DATE    0.15                      0.61  -0.46     0.07
  SINCE OCT 1     23.06                     23.13  -0.07    17.41
  SINCE JAN 1     16.45                     14.29   2.16     2.96

DEGREE DAYS
 HEATING
  YESTERDAY        7                        MM     MM       10
  MONTH TO DATE  160                        MM     MM      219
  SINCE MAR 1    584                        MM     MM      616
  SINCE JUL 1   1909                        MM     MM     1690

 COOLING
  YESTERDAY        0                        MM     MM        0
  MONTH TO DATE    4                         0      4        0
  SINCE MAR 1     23                         0     23       14
  SINCE JAN 1     26                         0     26       14
..................................................................







THE SAN FRANCISCO DWTN CA CLIMATE NORMALS FOR TODAY
                         NORMAL    RECORD    YEAR
 MAXIMUM TEMPERATURE (F)   65        91      1896
 MINIMUM TEMPERATURE (F)   52        47      1893


SUNRISE AND SUNSET
MAY 26 2016...........SUNRISE   552 AM PDT   SUNSET   822 PM PDT
MAY 27 2016...........SUNRISE   551 AM PDT   SUNSET   823 PM PDT


-  INDICATES NEGATIVE NUMBERS.
R  INDICATES RECORD WAS SET OR TIED.
MM INDICATES DATA IS MISSING.
T  INDICATES TRACE AMOUNT.




$$
