000
CDUS46 KMTR 270836
CLISFD


CLIMATE REPORT
NATIONAL WEATHER SERVICE SAN FRANCISCO BAY AREA
135 AM PDT FRI MAR 27 2015


...................................

...THE SAN FRANCISCO DWTN CA CLIMATE SUMMARY FOR MARCH 26 2015...

CLIMATE NORMAL PERIOD 1981 TO 2010
CLIMATE RECORD PERIOD 1850 TO 2015


WEATHER ITEM   OBSERVED TIME   RECORD YEAR NORMAL DEPARTURE LAST
                VALUE   (LST)  VALUE       VALUE  FROM      YEAR
                                                  NORMAL
..................................................................
TEMPERATURE (F)
 YESTERDAY
  MAXIMUM         80    443 PM  82    1923  62     18       59
  MINIMUM         54    243 AM  40    1907  49      5       51
  AVERAGE         67                        55     12       55

PRECIPITATION (IN)
  YESTERDAY        0.00          2.85 1853   0.08  -0.08     0.58
  MONTH TO DATE    0.12                      2.86  -2.74     1.45
  SINCE OCT 1     16.04                     20.66  -4.62     8.98
  SINCE JAN 1      1.59                     11.82 -10.23     7.33

DEGREE DAYS
 HEATING
  YESTERDAY        0                        MM     MM       10
  MONTH TO DATE  126                        MM     MM      155
  SINCE MAR 1    126                        MM     MM      155
  SINCE JUL 1   1200                        MM     MM     1818

 COOLING
  YESTERDAY        2                        MM     MM        0
  MONTH TO DATE    8                         0      8        1
  SINCE MAR 1      8                         0      8        1
  SINCE JAN 1      8                         0      8        1
..................................................................







THE SAN FRANCISCO DWTN CA CLIMATE NORMALS FOR TODAY
                         NORMAL    RECORD    YEAR
 MAXIMUM TEMPERATURE (F)   62        84      1923
 MINIMUM TEMPERATURE (F)   49        42      1898


SUNRISE AND SUNSET
MARCH 27 2015.........SUNRISE   703 AM PDT   SUNSET   728 PM PDT
MARCH 28 2015.........SUNRISE   701 AM PDT   SUNSET   729 PM PDT


-  INDICATES NEGATIVE NUMBERS.
R  INDICATES RECORD WAS SET OR TIED.
MM INDICATES DATA IS MISSING.
T  INDICATES TRACE AMOUNT.




$$
