000
CDUS46 KOTX 200834
CLISFF


CLIMATE REPORT
NATIONAL WEATHER SERVICE SPOKANE, WA
130 AM PDT SUN APR 20 2014


...................................

...THE SPOKANE WA FELTS AIRPORT CLIMATE SUMMARY FOR APRIL 19 2014...

CLIMATE NORMAL PERIOD 1981 TO 2010
CLIMATE RECORD PERIOD 9999 TO 9999


WEATHER ITEM   OBSERVED TIME   RECORD YEAR NORMAL DEPARTURE LAST
                VALUE   (LST)  VALUE       VALUE  FROM      YEAR
                                                  NORMAL
..................................................................
TEMPERATURE (F)
 YESTERDAY
  MAXIMUM         67    316 PM   MM    MM   59      8       57
  MINIMUM         31    504 AM   MM    MM   36     -5       45
  AVERAGE         49                        48      1       51

PRECIPITATION (IN)
  YESTERDAY        T             MM    MM   0.03  -0.03     0.24
  MONTH TO DATE    0.59                     0.82  -0.23     0.78
  SINCE OCT 1      8.32                    11.92  -3.60    10.65
  SINCE JAN 1      6.04                     5.72   0.32     4.01

SNOWFALL (IN)
  YESTERDAY       MM             MM    MM    MM     MM       MM
  MONTH TO DATE   MM                         MM     MM       MM
  SINCE MAR 1     MM                         MM     MM       MM
  SINCE JUL 1     MM                         MM     MM       MM
  SNOW DEPTH      MM

DEGREE DAYS
 HEATING
  YESTERDAY       16                        17     -1       14
  MONTH TO DATE  324                       358    -34      345
  SINCE MAR 1   1057                      1108    -51     1033
  SINCE JUL 1   5736                      5679     57     5141

 COOLING
  YESTERDAY        0                         0      0        0
  MONTH TO DATE    0                         0      0        0
  SINCE MAR 1      0                         0      0        0
  SINCE JAN 1      0                         0      0        0
..................................................................


WIND (MPH)
  HIGHEST WIND SPEED    28   HIGHEST WIND DIRECTION    SW (230)
  HIGHEST GUST SPEED    40   HIGHEST GUST DIRECTION     W (250)
  AVERAGE WIND SPEED     9.1


SKY COVER
  POSSIBLE SUNSHINE  MM
  AVERAGE SKY COVER 0.3


WEATHER CONDITIONS
 THE FOLLOWING WEATHER WAS RECORDED YESTERDAY.
  NO SIGNIFICANT WEATHER WAS OBSERVED.


RELATIVE HUMIDITY (PERCENT)
 HIGHEST    85           500 AM
 LOWEST     24           400 PM
 AVERAGE    55

..........................................................


THE SPOKANE WA FELTS AIRPORT CLIMATE NORMALS FOR TODAY
                         NORMAL    RECORD    YEAR
 MAXIMUM TEMPERATURE (F)   60        MM        MM
 MINIMUM TEMPERATURE (F)   36        MM        MM


SUNRISE AND SUNSET
APRIL 20 2014.........SUNRISE   551 AM PDT   SUNSET   746 PM PDT
APRIL 21 2014.........SUNRISE   549 AM PDT   SUNSET   748 PM PDT


-  INDICATES NEGATIVE NUMBERS.
R  INDICATES RECORD WAS SET OR TIED.
MM INDICATES DATA IS MISSING.
T  INDICATES TRACE AMOUNT.

$$
