000
CDUS43 KSGF 222228
CLISGF


CLIMATE REPORT
NATIONAL WEATHER SERVICE SPRINGFIELD MO
528 PM CDT TUE AUG 22 2017


...................................

...THE SPRINGFIELD MO CLIMATE SUMMARY FOR AUGUST 22 2017...
VALID TODAY AS OF 0500 PM LOCAL TIME.

CLIMATE NORMAL PERIOD 1981 TO 2010
CLIMATE RECORD PERIOD 1888 TO 2017


WEATHER ITEM   OBSERVED TIME   RECORD YEAR NORMAL DEPARTURE LAST
                VALUE   (LST)  VALUE       VALUE  FROM      YEAR
                                                  NORMAL
..................................................................
TEMPERATURE (F)
 TODAY
  MAXIMUM         84    232 PM 102    1983  89     -5       83
  MINIMUM         67    954 AM  50    1956  66      1       57
                                      1950
  AVERAGE         76                        77     -1       70

PRECIPITATION (IN)
  TODAY            0.43          3.26 1985   0.11   0.32     0.00
  MONTH TO DATE    7.11                      2.38   4.73     1.44
  SINCE JUN 1     13.88                     10.91   2.97    13.19
  SINCE JAN 1     42.58                     28.94  13.64    24.44

SNOWFALL (IN)
  TODAY            0.0
  MONTH TO DATE    0.0
  SINCE JUN 1      0.0
  SINCE JUL 1      0.0
  SNOW DEPTH       0

DEGREE DAYS
 HEATING
  TODAY            0                         0      0        0
  MONTH TO DATE    0                         0      0        0
  SINCE JUN 1      0                         9     -9        0
  SINCE JUL 1      0                         0      0        0

 COOLING
  TODAY           11                        12     -1        5
  MONTH TO DATE  216                       298    -82      304
  SINCE JUN 1    951                       971    -20     1176
  SINCE JAN 1   1099                      1086     13     1296
..................................................................


WIND (MPH)
  HIGHEST WIND SPEED    32   HIGHEST WIND DIRECTION    NW (330)
  HIGHEST GUST SPEED    46   HIGHEST GUST DIRECTION    NW (330)


SKY COVER
  AVERAGE SKY COVER 0.3


WEATHER CONDITIONS
 THE FOLLOWING WEATHER WAS RECORDED TODAY.
  THUNDERSTORM
  HEAVY RAIN
  RAIN
  LIGHT RAIN
  FOG


RELATIVE HUMIDITY (PERCENT)
 HIGHEST   100           800 AM
 LOWEST     65           200 PM
 AVERAGE    83

..........................................................


THE SPRINGFIELD MO CLIMATE NORMALS FOR TOMORROW
                         NORMAL    RECORD    YEAR
 MAXIMUM TEMPERATURE (F)   89       100      2014
 MINIMUM TEMPERATURE (F)   66        48      1891


SUNRISE AND SUNSET
AUGUST 22 2017........SUNRISE   636 AM CDT   SUNSET   756 PM CDT
AUGUST 23 2017........SUNRISE   637 AM CDT   SUNSET   755 PM CDT


-  INDICATES NEGATIVE NUMBERS.
R  INDICATES RECORD WAS SET OR TIED.
MM INDICATES DATA IS MISSING.
T  INDICATES TRACE AMOUNT.




$$
