000
CDUS43 KSGF 220626
CLISGF


CLIMATE REPORT
NATIONAL WEATHER SERVICE SPRINGFIELD MO
126 AM CDT FRI AUG 22 2014


...................................

...THE SPRINGFIELD MO CLIMATE SUMMARY FOR AUGUST 21 2014...

CLIMATE NORMAL PERIOD 1981 TO 2010
CLIMATE RECORD PERIOD 1888 TO 2014


WEATHER ITEM   OBSERVED TIME   RECORD YEAR NORMAL DEPARTURE LAST
                VALUE   (LST)  VALUE       VALUE  FROM      YEAR
                                                  NORMAL
..................................................................
TEMPERATURE (F)
 YESTERDAY
  MAXIMUM         98    211 PM 100    2003  89      9       88
                                      1972
  MINIMUM         73    606 AM  46    1950  66      7       66
  AVERAGE         86                        78      8       77

PRECIPITATION (IN)
  YESTERDAY        0.00          1.93 1969   0.12  -0.12     0.00
  MONTH TO DATE    1.17                      2.27  -1.10     5.84
  SINCE JUN 1      9.70                     10.80  -1.10    14.43
  SINCE JAN 1     21.18                     28.83  -7.65    38.15

SNOWFALL (IN)
  YESTERDAY        0.0
  MONTH TO DATE    0.0
  SINCE JUN 1      0.0
  SINCE JUL 1      0.0
  SNOW DEPTH       0

DEGREE DAYS
 HEATING
  YESTERDAY        0                         0      0        0
  MONTH TO DATE    0                         0      0        0
  SINCE JUN 1      0                         9     -9       14
  SINCE JUL 1      0                         0      0        0

 COOLING
  YESTERDAY       21                        13      8       12
  MONTH TO DATE  277                       286     -9      198
  SINCE JUN 1    863                       959    -96      855
  SINCE JAN 1   1056                      1074    -18      982
..................................................................


WIND (MPH)
  HIGHEST WIND SPEED    22   HIGHEST WIND DIRECTION     S (200)
  HIGHEST GUST SPEED    27   HIGHEST GUST DIRECTION     S (200)
  AVERAGE WIND SPEED    12.7


SKY COVER
  AVERAGE SKY COVER 0.0


WEATHER CONDITIONS
 THE FOLLOWING WEATHER WAS RECORDED YESTERDAY.
  NO SIGNIFICANT WEATHER WAS OBSERVED.


RELATIVE HUMIDITY (PERCENT)
 HIGHEST    87           600 AM
 LOWEST     33           300 PM
 AVERAGE    60

..........................................................


THE SPRINGFIELD MO CLIMATE NORMALS FOR TODAY
                         NORMAL    RECORD    YEAR
 MAXIMUM TEMPERATURE (F)   89       102      1983
 MINIMUM TEMPERATURE (F)   66        50      1956
                                             1950


SUNRISE AND SUNSET
AUGUST 22 2014........SUNRISE   636 AM CDT   SUNSET   756 PM CDT
AUGUST 23 2014........SUNRISE   637 AM CDT   SUNSET   755 PM CDT


-  INDICATES NEGATIVE NUMBERS.
R  INDICATES RECORD WAS SET OR TIED.
MM INDICATES DATA IS MISSING.
T  INDICATES TRACE AMOUNT.




$$
