000
CDUS45 KBYZ 300934
CLISHR


CLIMATE REPORT
NATIONAL WEATHER SERVICE BILLINGS MT
332 AM MDT MON MAR 30 2015


...................................

...THE SHERIDAN WY CLIMATE SUMMARY FOR MARCH 29 2015...

CLIMATE NORMAL PERIOD 1981 TO 2010
CLIMATE RECORD PERIOD 1907 TO 2015


WEATHER ITEM   OBSERVED TIME   RECORD YEAR NORMAL DEPARTURE LAST
                VALUE   (LST)  VALUE       VALUE  FROM      YEAR
                                                  NORMAL
..................................................................
TEMPERATURE (F)
 YESTERDAY
  MAXIMUM         62    330 PM  77    1978  52     10       67
  MINIMUM         32   1126 PM -10    1987  26      6       30
  AVERAGE         47                        39      8       49

PRECIPITATION (IN)
  YESTERDAY        0.00          0.67        0.04  -0.04     0.00
  MONTH TO DATE    0.40                      0.90  -0.50     1.46
  SINCE OCT 1      4.52                      4.68  -0.16     7.07
  SINCE JAN 1      2.13                      2.00   0.13     3.31

DEGREE DAYS
 HEATING
  YESTERDAY       18                        26     -8       16
  MONTH TO DATE  677                       873   -196      926
  SINCE MAR 1    677                       873   -196      926
  SINCE JUL 1   5907                      6408   -501     6676

 COOLING
  YESTERDAY        0                         0      0        0
  MONTH TO DATE    0                         0      0        0
  SINCE MAR 1      0                         0      0        0
  SINCE JAN 1      0                         0      0        0
..................................................................


WIND (MPH)
  HIGHEST WIND SPEED    26   HIGHEST WIND DIRECTION    NW (330)
  HIGHEST GUST SPEED    32   HIGHEST GUST DIRECTION    NW (320)
  AVERAGE WIND SPEED     5.6


SKY COVER
  POSSIBLE SUNSHINE  MM
  AVERAGE SKY COVER 0.2


WEATHER CONDITIONS
 THE FOLLOWING WEATHER WAS RECORDED YESTERDAY.
  NO SIGNIFICANT WEATHER WAS OBSERVED.


RELATIVE HUMIDITY (PERCENT)
 HIGHEST    75          1100 PM
 LOWEST     25           300 PM
 AVERAGE    50

..........................................................


THE SHERIDAN WY CLIMATE NORMALS FOR TODAY
                         NORMAL    RECORD    YEAR
 MAXIMUM TEMPERATURE (F)   53        78      2004
 MINIMUM TEMPERATURE (F)   26       -17      1936


SUNRISE AND SUNSET
MARCH 30 2015.........SUNRISE   653 AM MDT   SUNSET   733 PM MDT
MARCH 31 2015.........SUNRISE   651 AM MDT   SUNSET   734 PM MDT


-  INDICATES NEGATIVE NUMBERS.
R  INDICATES RECORD WAS SET OR TIED.
MM INDICATES DATA IS MISSING.
T  INDICATES TRACE AMOUNT.




$$
