288
CDUS45 KBYZ 220723
CLISHR


CLIMATE REPORT
NATIONAL WEATHER SERVICE BILLINGS MT
1223 AM MST MON JAN 22 2018


...................................

...THE SHERIDAN WY CLIMATE SUMMARY FOR JANUARY 21 2018...

CLIMATE NORMAL PERIOD 1981 TO 2010
CLIMATE RECORD PERIOD 1907 TO 2018


WEATHER ITEM   OBSERVED TIME   RECORD YEAR NORMAL DEPARTURE LAST
                VALUE   (LST)  VALUE       VALUE  FROM      YEAR
                                                  NORMAL
..................................................................
TEMPERATURE (F)
 YESTERDAY
  MAXIMUM         38    105 PM  62    1981  37      1       34
  MINIMUM         11   1156 PM -31    1927  12     -1       11
  AVERAGE         25                        24      1       23

PRECIPITATION (IN)
  YESTERDAY        0.00          0.47 1915   0.02  -0.02     0.00
  MONTH TO DATE    0.48                      0.36   0.12     0.35
  SINCE OCT 1      3.47                      3.04   0.43     4.08
  SINCE JAN 1      0.48                      0.36   0.12     0.35

DEGREE DAYS
 HEATING
  YESTERDAY       40                        41     -1       42
  MONTH TO DATE  876                       870      6     1123
  SINCE DEC 1   2149                      2175    -26     2651
  SINCE JUL 1   3939                      4053   -114     4128

 COOLING
  YESTERDAY        0                         0      0        0
  MONTH TO DATE    0                         0      0        0
  SINCE DEC 1      0                         0      0        0
  SINCE JAN 1      0                         0      0        0
..................................................................


WIND (MPH)
  HIGHEST WIND SPEED    13   HIGHEST WIND DIRECTION    NW (320)
  HIGHEST GUST SPEED    15   HIGHEST GUST DIRECTION    NW (320)
  AVERAGE WIND SPEED     3.2


SKY COVER
  POSSIBLE SUNSHINE  MM
  AVERAGE SKY COVER 0.2


WEATHER CONDITIONS
 THE FOLLOWING WEATHER WAS RECORDED YESTERDAY.
  NO SIGNIFICANT WEATHER WAS OBSERVED.


RELATIVE HUMIDITY (PERCENT)
 HIGHEST    84          1000 PM
 LOWEST     48           100 PM
 AVERAGE    66

..........................................................


THE SHERIDAN WY CLIMATE NORMALS FOR TODAY
                         NORMAL    RECORD    YEAR
 MAXIMUM TEMPERATURE (F)   37        68      1981
 MINIMUM TEMPERATURE (F)   12       -28      1927


SUNRISE AND SUNSET
JANUARY 22 2018.......SUNRISE   737 AM MST   SUNSET   503 PM MST
JANUARY 23 2018.......SUNRISE   736 AM MST   SUNSET   504 PM MST


-  INDICATES NEGATIVE NUMBERS.
R  INDICATES RECORD WAS SET OR TIED.
MM INDICATES DATA IS MISSING.
T  INDICATES TRACE AMOUNT.




$$
