000
CDUS45 KBYZ 240723
CLISHR


CLIMATE REPORT
NATIONAL WEATHER SERVICE BILLINGS MT
123 AM MDT SUN SEP 24 2017


...................................

...THE SHERIDAN WY CLIMATE SUMMARY FOR SEPTEMBER 23 2017...

CLIMATE NORMAL PERIOD 1981 TO 2010
CLIMATE RECORD PERIOD 1907 TO 2017


WEATHER ITEM   OBSERVED TIME   RECORD YEAR NORMAL DEPARTURE LAST
                VALUE   (LST)  VALUE       VALUE  FROM      YEAR
                                                  NORMAL
..................................................................
TEMPERATURE (F)
 YESTERDAY
  MAXIMUM         43    440 PM  94    1992  70    -27       60
  MINIMUM         40   1159 PM  21    1926  39      1       51
  AVERAGE         42                        54    -12       56

PRECIPITATION (IN)
  YESTERDAY        0.22          1.17 1984   0.06   0.16     0.53
  MONTH TO DATE    1.61                      1.05   0.56     1.52
  SINCE OCT 1     19.23                     13.78   5.45    13.18
  SINCE JAN 1     15.50                     11.10   4.40    11.03

DEGREE DAYS
 HEATING
  YESTERDAY       23                        11     12        9
  MONTH TO DATE  180                       154     26      136
  SINCE SEP 1    180                       154     26      136
  SINCE JUL 1    204                       216    -12      179

 COOLING
  YESTERDAY        0                         0      0        0
  MONTH TO DATE   52                        26     26       30
  SINCE SEP 1     52                        26     26       30
  SINCE JAN 1    481                       416     65      549
..................................................................


WIND (MPH)
  HIGHEST WIND SPEED    10   HIGHEST WIND DIRECTION     N (360)
  HIGHEST GUST SPEED    12   HIGHEST GUST DIRECTION     N (20)
  AVERAGE WIND SPEED     4.7


SKY COVER
  POSSIBLE SUNSHINE  MM
  AVERAGE SKY COVER 1.0


WEATHER CONDITIONS
 THE FOLLOWING WEATHER WAS RECORDED YESTERDAY.
  RAIN
  LIGHT RAIN
  FOG


RELATIVE HUMIDITY (PERCENT)
 HIGHEST   100           200 AM
 LOWEST     89          1200 AM
 AVERAGE    95

..........................................................


THE SHERIDAN WY CLIMATE NORMALS FOR TODAY
                         NORMAL    RECORD    YEAR
 MAXIMUM TEMPERATURE (F)   70        90      2015
                                             2011
 MINIMUM TEMPERATURE (F)   38        13      1984
                                             1926


SUNRISE AND SUNSET
SEPTEMBER 24 2017.....SUNRISE   658 AM MDT   SUNSET   701 PM MDT
SEPTEMBER 25 2017.....SUNRISE   659 AM MDT   SUNSET   659 PM MDT


-  INDICATES NEGATIVE NUMBERS.
R  INDICATES RECORD WAS SET OR TIED.
MM INDICATES DATA IS MISSING.
T  INDICATES TRACE AMOUNT.




$$
