000
CDUS45 KBYZ 291038
CLISHR


CLIMATE REPORT
NATIONAL WEATHER SERVICE BILLINGS MT
337 AM MST MON DEC 29 2014


...................................

...THE SHERIDAN WY CLIMATE SUMMARY FOR DECEMBER 28 2014...

CLIMATE NORMAL PERIOD 1981 TO 2010
CLIMATE RECORD PERIOD 1907 TO 2014


WEATHER ITEM   OBSERVED TIME   RECORD YEAR NORMAL DEPARTURE LAST
                VALUE   (LST)  VALUE       VALUE  FROM      YEAR
                                                  NORMAL
..................................................................
TEMPERATURE (F)
 YESTERDAY
  MAXIMUM         25    453 PM  60    1965  35    -10       43
  MINIMUM          1   1223 AM -22    1990  10     -9        3
  AVERAGE         13                        22     -9       23

PRECIPITATION (IN)
  YESTERDAY        0.02          0.22        0.02   0.00      T
  MONTH TO DATE    0.69                      0.51   0.18     0.90
  SINCE OCT 1      2.34                      2.63  -0.29     3.54
  SINCE JAN 1     15.04                     14.11   0.93    17.79

DEGREE DAYS
 HEATING
  YESTERDAY       52                        43      9       42
  MONTH TO DATE 1038                      1181   -143     1310
  SINCE DEC 1   1038                      1181   -143     1310
  SINCE JUL 1   2864                      3059   -195     3115

 COOLING
  YESTERDAY        0                         0      0        0
  MONTH TO DATE    0                         0      0        0
  SINCE DEC 1      0                         0      0        0
  SINCE JAN 1    346                       419    -73      592
..................................................................


WIND (MPH)
  HIGHEST WIND SPEED    31   HIGHEST WIND DIRECTION    NW (310)
  HIGHEST GUST SPEED    36   HIGHEST GUST DIRECTION    NW (310)
  AVERAGE WIND SPEED     8.9


SKY COVER
  POSSIBLE SUNSHINE  MM
  AVERAGE SKY COVER 0.8


WEATHER CONDITIONS
 THE FOLLOWING WEATHER WAS RECORDED YESTERDAY.
  SNOW
  LIGHT SNOW
  FOG


RELATIVE HUMIDITY (PERCENT)
 HIGHEST    88           500 PM
 LOWEST     60           100 PM
 AVERAGE    74

..........................................................


THE SHERIDAN WY CLIMATE NORMALS FOR TODAY
                         NORMAL    RECORD    YEAR
 MAXIMUM TEMPERATURE (F)   35        65      1956
 MINIMUM TEMPERATURE (F)   10       -30      1990


SUNRISE AND SUNSET
DECEMBER 29 2014......SUNRISE   745 AM MST   SUNSET   435 PM MST
DECEMBER 30 2014......SUNRISE   745 AM MST   SUNSET   436 PM MST


-  INDICATES NEGATIVE NUMBERS.
R  INDICATES RECORD WAS SET OR TIED.
MM INDICATES DATA IS MISSING.
T  INDICATES TRACE AMOUNT.




$$
