000
CDUS45 KBYZ 192323
CLISHR


CLIMATE REPORT
NATIONAL WEATHER SERVICE BILLINGS MT
423 PM MST SUN NOV 19 2017


...................................

...THE SHERIDAN WY CLIMATE SUMMARY FOR NOVEMBER 19 2017...
VALID TODAY AS OF 0400 PM LOCAL TIME.

CLIMATE NORMAL PERIOD 1981 TO 2010
CLIMATE RECORD PERIOD 1907 TO 2017


WEATHER ITEM   OBSERVED TIME   RECORD YEAR NORMAL DEPARTURE LAST
                VALUE   (LST)  VALUE       VALUE  FROM      YEAR
                                                  NORMAL
..................................................................
TEMPERATURE (F)
 TODAY
  MAXIMUM         52    146 PM  73    1936  44      8       28
  MINIMUM         18    555 AM -12    1978  18      0        5
  AVERAGE         35                        31      4       17

PRECIPITATION (IN)
  TODAY            0.00          0.85 1942   0.03  -0.03     0.00
  MONTH TO DATE    1.26                      0.48   0.78     1.16
  SINCE OCT 1      1.60                      1.89  -0.29     2.61
  SINCE JAN 1     17.38                     13.37   4.01    15.83

DEGREE DAYS
 HEATING
  TODAY           30                        34     -4       48
  MONTH TO DATE  628                       565     63      388
  SINCE SEP 1   1507                      1411     96     1073
  SINCE JUL 1   1531                      1473     58     1116

 COOLING
  TODAY            0                         0      0        0
  MONTH TO DATE    0                         0      0        0
  SINCE SEP 1     52                        29     23       30
  SINCE JAN 1    481                       419     62      549
..................................................................


WIND (MPH)
  HIGHEST WIND SPEED     7   HIGHEST WIND DIRECTION    NW (330)
  HIGHEST GUST SPEED     8   HIGHEST GUST DIRECTION     N (340)
  AVERAGE WIND SPEED     1.6


SKY COVER
  POSSIBLE SUNSHINE  MM
  AVERAGE SKY COVER 0.0


WEATHER CONDITIONS
 THE FOLLOWING WEATHER WAS RECORDED TODAY.
  NO SIGNIFICANT WEATHER WAS OBSERVED.


RELATIVE HUMIDITY (PERCENT)
 HIGHEST    92           600 AM
 LOWEST     42           100 PM
 AVERAGE    67

..........................................................


THE SHERIDAN WY CLIMATE NORMALS FOR TOMORROW
                         NORMAL    RECORD    YEAR
 MAXIMUM TEMPERATURE (F)   43        73      2006
 MINIMUM TEMPERATURE (F)   17       -11      1977


SUNRISE AND SUNSET
NOVEMBER 19 2017......SUNRISE   711 AM MST   SUNSET   436 PM MST
NOVEMBER 20 2017......SUNRISE   712 AM MST   SUNSET   435 PM MST


-  INDICATES NEGATIVE NUMBERS.
R  INDICATES RECORD WAS SET OR TIED.
MM INDICATES DATA IS MISSING.
T  INDICATES TRACE AMOUNT.




$$
