000
CDUS45 KBYZ 260935
CLISHR


CLIMATE REPORT
NATIONAL WEATHER SERVICE BILLINGS MT
334 AM MDT SUN MAR 26 2017


...................................

...THE SHERIDAN WY CLIMATE SUMMARY FOR MARCH 25 2017...

CLIMATE NORMAL PERIOD 1981 TO 2010
CLIMATE RECORD PERIOD 1907 TO 2017


WEATHER ITEM   OBSERVED TIME   RECORD YEAR NORMAL DEPARTURE LAST
                VALUE   (LST)  VALUE       VALUE  FROM      YEAR
                                                  NORMAL
..................................................................
TEMPERATURE (F)
 YESTERDAY
  MAXIMUM         53   1026 AM  77    2007  51      2       36
  MINIMUM         38   1159 PM -23    1965  25     13       29
  AVERAGE         46                        38      8       33

PRECIPITATION (IN)
  YESTERDAY        0.33          0.62 1977   0.03   0.30     0.05
  MONTH TO DATE    1.84                      0.74   1.10     0.85
  SINCE OCT 1      7.27                      4.52   2.75     4.45
  SINCE JAN 1      3.54                      1.84   1.70     2.30

DEGREE DAYS
 HEATING
  YESTERDAY       19                        27     -8       32
  MONTH TO DATE  609                       768   -159      612
  SINCE MAR 1    609                       768   -159      612
  SINCE JUL 1   6131                      6303   -172     5358

 COOLING
  YESTERDAY        0                         0      0        0
  MONTH TO DATE    0                         0      0        0
  SINCE MAR 1      0                         0      0        0
  SINCE JAN 1      0                         0      0        0
..................................................................


WIND (MPH)
  HIGHEST WIND SPEED    17   HIGHEST WIND DIRECTION    NW (310)
  HIGHEST GUST SPEED    20   HIGHEST GUST DIRECTION    NW (330)
  AVERAGE WIND SPEED     7.5


SKY COVER
  POSSIBLE SUNSHINE  MM
  AVERAGE SKY COVER 0.8


WEATHER CONDITIONS
 THE FOLLOWING WEATHER WAS RECORDED YESTERDAY.
  LIGHT RAIN


RELATIVE HUMIDITY (PERCENT)
 HIGHEST    92           900 PM
 LOWEST     50          1100 AM
 AVERAGE    71

..........................................................


THE SHERIDAN WY CLIMATE NORMALS FOR TODAY
                         NORMAL    RECORD    YEAR
 MAXIMUM TEMPERATURE (F)   52        76      2012
                                             2004
 MINIMUM TEMPERATURE (F)   25       -16      1913


SUNRISE AND SUNSET
MARCH 26 2017.........SUNRISE   659 AM MDT   SUNSET   728 PM MDT
MARCH 27 2017.........SUNRISE   657 AM MDT   SUNSET   730 PM MDT


-  INDICATES NEGATIVE NUMBERS.
R  INDICATES RECORD WAS SET OR TIED.
MM INDICATES DATA IS MISSING.
T  INDICATES TRACE AMOUNT.




$$
