000
CDUS45 KBYZ 290942
CLISHR


CLIMATE REPORT
NATIONAL WEATHER SERVICE BILLINGS MT
336 AM MDT FRI JUL 29 2016


...................................

...THE SHERIDAN WY CLIMATE SUMMARY FOR JULY 28 2016...

CLIMATE NORMAL PERIOD 1981 TO 2010
CLIMATE RECORD PERIOD 1907 TO 2016


WEATHER ITEM   OBSERVED TIME   RECORD YEAR NORMAL DEPARTURE LAST
                VALUE   (LST)  VALUE       VALUE  FROM      YEAR
                                                  NORMAL
..................................................................
TEMPERATURE (F)
 YESTERDAY
  MAXIMUM         84    317 PM 105    1935  89     -5       75
  MINIMUM         57   1159 PM  38    1911  54      3       45
  AVERAGE         71                        72     -1       60

PRECIPITATION (IN)
  YESTERDAY        0.04          0.62 1916   0.03   0.01     0.00
  MONTH TO DATE    0.20                      1.08  -0.88     0.84
  SINCE OCT 1     10.20                     11.91  -1.71    15.26
  SINCE JAN 1      8.05                      9.23  -1.18    12.87

DEGREE DAYS
 HEATING
  YESTERDAY        0                         0      0        5
  MONTH TO DATE    6                        24    -18       20
  SINCE JUN 1     22                       173   -151       64
  SINCE JUL 1      6                        24    -18       20

 COOLING
  YESTERDAY        6                         7     -1        0
  MONTH TO DATE  207                       163     44      134
  SINCE JUN 1    330                       209    121      213
  SINCE JAN 1    332                       213    119      213
..................................................................


WIND (MPH)
  HIGHEST WIND SPEED    22   HIGHEST WIND DIRECTION    NW (300)
  HIGHEST GUST SPEED    28   HIGHEST GUST DIRECTION    NW (300)
  AVERAGE WIND SPEED     6.9


SKY COVER
  POSSIBLE SUNSHINE  MM
  AVERAGE SKY COVER 0.3


WEATHER CONDITIONS
 THE FOLLOWING WEATHER WAS RECORDED YESTERDAY.
  RAIN


RELATIVE HUMIDITY (PERCENT)
 HIGHEST    84           600 AM
 LOWEST     28           500 PM
 AVERAGE    56

..........................................................


THE SHERIDAN WY CLIMATE NORMALS FOR TODAY
                         NORMAL    RECORD    YEAR
 MAXIMUM TEMPERATURE (F)   89       105      2006
 MINIMUM TEMPERATURE (F)   54        35      1971


SUNRISE AND SUNSET
JULY 29 2016..........SUNRISE   551 AM MDT   SUNSET   837 PM MDT
JULY 30 2016..........SUNRISE   552 AM MDT   SUNSET   836 PM MDT


-  INDICATES NEGATIVE NUMBERS.
R  INDICATES RECORD WAS SET OR TIED.
MM INDICATES DATA IS MISSING.
T  INDICATES TRACE AMOUNT.




$$
