000
CDUS45 KBYZ 240724
CLISHR


CLIMATE REPORT
NATIONAL WEATHER SERVICE BILLINGS MT
124 AM MDT MON JUL 24 2017


...................................

...THE SHERIDAN WY CLIMATE SUMMARY FOR JULY 23 2017...

CLIMATE NORMAL PERIOD 1981 TO 2010
CLIMATE RECORD PERIOD 1907 TO 2017


WEATHER ITEM   OBSERVED TIME   RECORD YEAR NORMAL DEPARTURE LAST
                VALUE   (LST)  VALUE       VALUE  FROM      YEAR
                                                  NORMAL
..................................................................
TEMPERATURE (F)
 YESTERDAY
  MAXIMUM         97    340 PM 103    1931  89      8       88
  MINIMUM         49    444 AM  42    1911  54     -5       57
  AVERAGE         73                        71      2       73

PRECIPITATION (IN)
  YESTERDAY        0.00          2.55 1923   0.04  -0.04     0.00
  MONTH TO DATE    0.34                      0.91  -0.57     0.16
  SINCE OCT 1     17.15                     11.74   5.41    10.16
  SINCE JAN 1     13.42                      9.06   4.36     8.01

DEGREE DAYS
 HEATING
  YESTERDAY        0                         0      0        0
  MONTH TO DATE    0                        24    -24        6
  SINCE JUN 1     78                       173    -95       22
  SINCE JUL 1      0                        24    -24        6

 COOLING
  YESTERDAY        8                         7      1        8
  MONTH TO DATE  225                       128     97      157
  SINCE JUN 1    259                       174     85      280
  SINCE JAN 1    259                       178     81      282
..................................................................


WIND (MPH)
  HIGHEST WIND SPEED    13   HIGHEST WIND DIRECTION     W (280)
  HIGHEST GUST SPEED    13   HIGHEST GUST DIRECTION     W (270)
  AVERAGE WIND SPEED     3.1


SKY COVER
  POSSIBLE SUNSHINE  MM
  AVERAGE SKY COVER 0.0


WEATHER CONDITIONS
 THE FOLLOWING WEATHER WAS RECORDED YESTERDAY.
  NO SIGNIFICANT WEATHER WAS OBSERVED.


RELATIVE HUMIDITY (PERCENT)
 HIGHEST    71           500 AM
 LOWEST     13           200 PM
 AVERAGE    42

..........................................................


THE SHERIDAN WY CLIMATE NORMALS FOR TODAY
                         NORMAL    RECORD    YEAR
 MAXIMUM TEMPERATURE (F)   89       104      2007
                                             1959
 MINIMUM TEMPERATURE (F)   54        36      1911


SUNRISE AND SUNSET
JULY 24 2017..........SUNRISE   546 AM MDT   SUNSET   843 PM MDT
JULY 25 2017..........SUNRISE   547 AM MDT   SUNSET   842 PM MDT


-  INDICATES NEGATIVE NUMBERS.
R  INDICATES RECORD WAS SET OR TIED.
MM INDICATES DATA IS MISSING.
T  INDICATES TRACE AMOUNT.




$$
