000
CDUS45 KBYZ 231031
CLISHR


CLIMATE REPORT
NATIONAL WEATHER SERVICE BILLINGS MT
331 AM MST THU FEB 23 2017


...................................

...THE SHERIDAN WY CLIMATE SUMMARY FOR FEBRUARY 22 2017...

CLIMATE NORMAL PERIOD 1981 TO 2010
CLIMATE RECORD PERIOD 1907 TO 2017


WEATHER ITEM   OBSERVED TIME   RECORD YEAR NORMAL DEPARTURE LAST
                VALUE   (LST)  VALUE       VALUE  FROM      YEAR
                                                  NORMAL
..................................................................
TEMPERATURE (F)
 YESTERDAY
  MAXIMUM         46    138 AM  67    1958  41      5       48
  MINIMUM         31   1159 PM -23    1910  16     15       22
  AVERAGE         39                        28     11       35

PRECIPITATION (IN)
  YESTERDAY        0.10          0.46 2012   0.02   0.08     0.00
                                      1937
  MONTH TO DATE    0.60                      0.42   0.18     0.88
  SINCE OCT 1      5.37                      3.66   1.71     3.59
  SINCE JAN 1      1.64                      0.98   0.66     1.44

DEGREE DAYS
 HEATING
  YESTERDAY       26                        37    -11       30
  MONTH TO DATE  759                       858    -99      628
  SINCE DEC 1   3803                      3440    363     3011
  SINCE JUL 1   5280                      5318    -38     4563

 COOLING
  YESTERDAY        0                         0      0        0
  MONTH TO DATE    0                         0      0        0
  SINCE DEC 1      0                         0      0        0
  SINCE JAN 1      0                         0      0        0
..................................................................


WIND (MPH)
  HIGHEST WIND SPEED    36   HIGHEST WIND DIRECTION    SW (230)
  HIGHEST GUST SPEED    43   HIGHEST GUST DIRECTION    SW (230)
  AVERAGE WIND SPEED     9.7


SKY COVER
  POSSIBLE SUNSHINE  MM
  AVERAGE SKY COVER 0.7


WEATHER CONDITIONS
 THE FOLLOWING WEATHER WAS RECORDED YESTERDAY.
  LIGHT SNOW
  FOG
  HAZE


RELATIVE HUMIDITY (PERCENT)
 HIGHEST    89           600 PM
 LOWEST     34           100 AM
 AVERAGE    62

..........................................................


THE SHERIDAN WY CLIMATE NORMALS FOR TODAY
                         NORMAL    RECORD    YEAR
 MAXIMUM TEMPERATURE (F)   41        65      1954
 MINIMUM TEMPERATURE (F)   16       -18      2003
                                             1922


SUNRISE AND SUNSET
FEBRUARY 23 2017......SUNRISE   655 AM MST   SUNSET   548 PM MST
FEBRUARY 24 2017......SUNRISE   653 AM MST   SUNSET   549 PM MST


-  INDICATES NEGATIVE NUMBERS.
R  INDICATES RECORD WAS SET OR TIED.
MM INDICATES DATA IS MISSING.
T  INDICATES TRACE AMOUNT.




$$
