000
CDUS45 KBYZ 300932
CLISHR


CLIMATE REPORT
NATIONAL WEATHER SERVICE BILLINGS MT
331 AM MDT SAT MAY 30 2015


...................................

...THE SHERIDAN WY CLIMATE SUMMARY FOR MAY 29 2015...

CLIMATE NORMAL PERIOD 1981 TO 2010
CLIMATE RECORD PERIOD 1907 TO 2015


WEATHER ITEM   OBSERVED TIME   RECORD YEAR NORMAL DEPARTURE LAST
                VALUE   (LST)  VALUE       VALUE  FROM      YEAR
                                                  NORMAL
..................................................................
TEMPERATURE (F)
 YESTERDAY
  MAXIMUM         57    603 PM  94    1919  70    -13       74
  MINIMUM         40   1132 PM  26    1982  42     -2       58
  AVERAGE         49                        56     -7       66

PRECIPITATION (IN)
  YESTERDAY        0.71          1.12 1938   0.07   0.64     0.00
  MONTH TO DATE    5.29                      2.19   3.10     1.58
  SINCE OCT 1     11.24                      8.55   2.69    10.42
  SINCE JAN 1      8.85                      5.87   2.98     6.66

DEGREE DAYS
 HEATING
  YESTERDAY       16                         9      7        0
  MONTH TO DATE  441                       375     66      348
  SINCE MAR 1   1760                      1941   -181     1965
  SINCE JUL 1   6990                      7476   -486     7715

 COOLING
  YESTERDAY        0                         0      0        1
  MONTH TO DATE    0                         0      0        8
  SINCE MAR 1      0                         0      0        8
  SINCE JAN 1      0                         0      0        8
..................................................................


WIND (MPH)
  HIGHEST WIND SPEED    16   HIGHEST WIND DIRECTION    NE (30)
  HIGHEST GUST SPEED    19   HIGHEST GUST DIRECTION    NE (30)
  AVERAGE WIND SPEED     6.0


SKY COVER
  POSSIBLE SUNSHINE  MM
  AVERAGE SKY COVER 0.7


WEATHER CONDITIONS
 THE FOLLOWING WEATHER WAS RECORDED YESTERDAY.
  HEAVY RAIN
  RAIN
  LIGHT RAIN
  FOG


RELATIVE HUMIDITY (PERCENT)
 HIGHEST    93           400 AM
 LOWEST     62           500 PM
 AVERAGE    78

..........................................................


THE SHERIDAN WY CLIMATE NORMALS FOR TODAY
                         NORMAL    RECORD    YEAR
 MAXIMUM TEMPERATURE (F)   71        91      1984
 MINIMUM TEMPERATURE (F)   42        30      1914


SUNRISE AND SUNSET
MAY 30 2015...........SUNRISE   527 AM MDT   SUNSET   845 PM MDT
MAY 31 2015...........SUNRISE   526 AM MDT   SUNSET   846 PM MDT


-  INDICATES NEGATIVE NUMBERS.
R  INDICATES RECORD WAS SET OR TIED.
MM INDICATES DATA IS MISSING.
T  INDICATES TRACE AMOUNT.




$$
