630
CDUS45 KBYZ 121038
CLISHR


CLIMATE REPORT
NATIONAL WEATHER SERVICE BILLINGS MT
336 AM MST FRI FEB 12 2016


...................................

...THE SHERIDAN WY CLIMATE SUMMARY FOR FEBRUARY 11 2016...

CLIMATE NORMAL PERIOD 1981 TO 2010
CLIMATE RECORD PERIOD 1907 TO 2016


WEATHER ITEM   OBSERVED TIME   RECORD YEAR NORMAL DEPARTURE LAST
                VALUE   (LST)  VALUE       VALUE  FROM      YEAR
                                                  NORMAL
..................................................................
TEMPERATURE (F)
 YESTERDAY
  MAXIMUM         57    226 PM  61    2002  38     19       48
                                      1961
  MINIMUM         31   1228 AM -19    1986  13     18       23
  AVERAGE         44                        26     18       36

PRECIPITATION (IN)
  YESTERDAY        0.00          0.20 1949   0.02  -0.02     0.00
  MONTH TO DATE    0.29                      0.21   0.08     0.18
  SINCE OCT 1      3.00                      3.45  -0.45     3.02
  SINCE JAN 1      0.85                      0.77   0.08     0.63

DEGREE DAYS
 HEATING
  YESTERDAY       21                        39    -18       29
  MONTH TO DATE  355                       439    -84      314
  SINCE DEC 1   2738                      3021   -283     2741
  SINCE JUL 1   4290                      4899   -609     4567

 COOLING
  YESTERDAY        0                         0      0        0
  MONTH TO DATE    0                         0      0        0
  SINCE DEC 1      0                         0      0        0
  SINCE JAN 1      0                         0      0        0
..................................................................


WIND (MPH)
  HIGHEST WIND SPEED    35   HIGHEST WIND DIRECTION    NW (320)
  HIGHEST GUST SPEED    43   HIGHEST GUST DIRECTION    NW (320)
  AVERAGE WIND SPEED    12.3


SKY COVER
  POSSIBLE SUNSHINE  MM
  AVERAGE SKY COVER 0.4


WEATHER CONDITIONS
 THE FOLLOWING WEATHER WAS RECORDED YESTERDAY.
  NO SIGNIFICANT WEATHER WAS OBSERVED.


RELATIVE HUMIDITY (PERCENT)
 HIGHEST    70           200 AM
 LOWEST     24           200 PM
 AVERAGE    47

..........................................................


THE SHERIDAN WY CLIMATE NORMALS FOR TODAY
                         NORMAL    RECORD    YEAR
 MAXIMUM TEMPERATURE (F)   38        64      1934
 MINIMUM TEMPERATURE (F)   14       -24      1949


SUNRISE AND SUNSET
FEBRUARY 12 2016......SUNRISE   713 AM MST   SUNSET   531 PM MST
FEBRUARY 13 2016......SUNRISE   712 AM MST   SUNSET   533 PM MST


-  INDICATES NEGATIVE NUMBERS.
R  INDICATES RECORD WAS SET OR TIED.
MM INDICATES DATA IS MISSING.
T  INDICATES TRACE AMOUNT.




$$
