000
CDUS45 KBYZ 060941
CLISHR


CLIMATE REPORT
NATIONAL WEATHER SERVICE BILLINGS MT
340 AM MDT MON JUL 6 2015


...................................

...THE SHERIDAN WY CLIMATE SUMMARY FOR JULY 5 2015...

CLIMATE NORMAL PERIOD 1981 TO 2010
CLIMATE RECORD PERIOD 1907 TO 2015


WEATHER ITEM   OBSERVED TIME   RECORD YEAR NORMAL DEPARTURE LAST
                VALUE   (LST)  VALUE       VALUE  FROM      YEAR
                                                  NORMAL
..................................................................
TEMPERATURE (F)
 YESTERDAY
  MAXIMUM         69    426 AM 104    1936  85    -16       98
  MINIMUM         56   1159 PM  40    1915  51      5       54
  AVERAGE         63                        68     -5       76

PRECIPITATION (IN)
  YESTERDAY        0.30          0.89 1922   0.04   0.26     0.00
  MONTH TO DATE    0.30                      0.20   0.10      T
  SINCE OCT 1     14.72                     11.03   3.69    12.77
  SINCE JAN 1     12.33                      8.35   3.98     9.01

DEGREE DAYS
 HEATING
  YESTERDAY        2                         1      1        0
  MONTH TO DATE    2                         9     -7        7
  SINCE JUN 1     46                       158   -112      189
  SINCE JUL 1      2                         9     -7        7

 COOLING
  YESTERDAY        0                         4     -4       11
  MONTH TO DATE   30                        20     10       25
  SINCE JUN 1    109                        66     43       33
  SINCE JAN 1    109                        70     39       41
..................................................................


WIND (MPH)
  HIGHEST WIND SPEED    33   HIGHEST WIND DIRECTION    NW (320)
  HIGHEST GUST SPEED    42   HIGHEST GUST DIRECTION    NW (320)
  AVERAGE WIND SPEED    11.7


SKY COVER
  POSSIBLE SUNSHINE  MM
  AVERAGE SKY COVER 0.7


WEATHER CONDITIONS
 THE FOLLOWING WEATHER WAS RECORDED YESTERDAY.
  HEAVY RAIN
  RAIN
  LIGHT RAIN
  FOG
  HAZE


RELATIVE HUMIDITY (PERCENT)
 HIGHEST    93           500 PM
 LOWEST     57           100 AM
 AVERAGE    75

..........................................................


THE SHERIDAN WY CLIMATE NORMALS FOR TODAY
                         NORMAL    RECORD    YEAR
 MAXIMUM TEMPERATURE (F)   85       105      1983
 MINIMUM TEMPERATURE (F)   52        42      1986
                                             1910


SUNRISE AND SUNSET
JULY  6 2015..........SUNRISE   529 AM MDT   SUNSET   856 PM MDT
JULY  7 2015..........SUNRISE   530 AM MDT   SUNSET   856 PM MDT


-  INDICATES NEGATIVE NUMBERS.
R  INDICATES RECORD WAS SET OR TIED.
MM INDICATES DATA IS MISSING.
T  INDICATES TRACE AMOUNT.




$$
