000
CDUS45 KBYZ 192226
CLISHR


CLIMATE REPORT
NATIONAL WEATHER SERVICE BILLINGS MT
426 PM MDT FRI SEP 19 2014


...................................

...THE SHERIDAN WY CLIMATE SUMMARY FOR SEPTEMBER 19 2014...
VALID TODAY AS OF 0400 PM LOCAL TIME.

CLIMATE NORMAL PERIOD 1981 TO 2010
CLIMATE RECORD PERIOD 1907 TO 2014


WEATHER ITEM   OBSERVED TIME   RECORD YEAR NORMAL DEPARTURE LAST
                VALUE   (LST)  VALUE       VALUE  FROM      YEAR
                                                  NORMAL
..................................................................
TEMPERATURE (F)
 TODAY
  MAXIMUM         78    224 PM  95    1981  72      6       62
  MINIMUM         55    602 AM  24    1965  40     15       40
  AVERAGE         67                        56     11       51

PRECIPITATION (IN)
  TODAY            0.00          1.30 1907   0.06  -0.06     0.00
  MONTH TO DATE    1.54                      0.83   0.71     2.76
  SINCE OCT 1     16.37                     13.56   2.81    15.29
  SINCE JAN 1     12.61                     10.88   1.73    12.75

SNOWFALL (IN)
  TODAY           MM             3.3  1983   0.1   MM       MM
  MONTH TO DATE   MM                         1.2   MM       MM
  SINCE SEP 1     MM                         1.2   MM       MM
  SINCE JUL 1     MM                         1.2   MM       MM
  SNOW DEPTH      MM

DEGREE DAYS
 HEATING
  TODAY            0                         9     -9       14
  MONTH TO DATE  184                       113     71       24
  SINCE SEP 1    184                       113     71       24
  SINCE JUL 1    234                       175     59       25

 COOLING
  TODAY            2                         0      2        0
  MONTH TO DATE   17                        26     -9       82
  SINCE SEP 1     17                        26     -9       82
  SINCE JAN 1    335                       416    -81      592
..................................................................


WIND (MPH)
  HIGHEST WIND SPEED    17   HIGHEST WIND DIRECTION     N (340)
  HIGHEST GUST SPEED    23   HIGHEST GUST DIRECTION    NW (300)
  AVERAGE WIND SPEED     6.8


SKY COVER
  POSSIBLE SUNSHINE  MM
  AVERAGE SKY COVER 0.3


WEATHER CONDITIONS
 THE FOLLOWING WEATHER WAS RECORDED TODAY.
  NO SIGNIFICANT WEATHER WAS OBSERVED.


RELATIVE HUMIDITY (PERCENT)
 HIGHEST    93           100 AM
 LOWEST     39           100 PM
 AVERAGE    66

..........................................................


THE SHERIDAN WY CLIMATE NORMALS FOR TOMORROW
                         NORMAL    RECORD    YEAR
 MAXIMUM TEMPERATURE (F)   72        91      1938
                                             1933
                                             1920
 MINIMUM TEMPERATURE (F)   40        25      1983


SUNRISE AND SUNSET
SEPTEMBER 19 2014.....SUNRISE   651 AM MDT   SUNSET   711 PM MDT
SEPTEMBER 20 2014.....SUNRISE   653 AM MDT   SUNSET   709 PM MDT


-  INDICATES NEGATIVE NUMBERS.
R  INDICATES RECORD WAS SET OR TIED.
MM INDICATES DATA IS MISSING.
T  INDICATES TRACE AMOUNT.




$$
