000
CDUS44 KSHV 222201
CLISHV


CLIMATE REPORT
NATIONAL WEATHER SERVICE SHREVEPORT, LA
501 PM CDT SUN OCT 22 2017


...................................

...THE SHREVEPORT CLIMATE SUMMARY FOR OCTOBER 22 2017...
VALID TODAY AS OF 0500 PM LOCAL TIME.

CLIMATE NORMAL PERIOD 1981 TO 2010
CLIMATE RECORD PERIOD 1874 TO 2017


WEATHER ITEM   OBSERVED TIME   RECORD YEAR NORMAL DEPARTURE LAST
                VALUE   (LST)  VALUE       VALUE  FROM      YEAR
                                                  NORMAL
..................................................................
TEMPERATURE (F)
 TODAY
  MAXIMUM         75    316 AM  94    1939  76     -1       76
  MINIMUM         60    652 AM  38    1911  53      7       44
                                      1898
                                      1885
  AVERAGE         68                        64      4       60

PRECIPITATION (IN)
  TODAY            0.77          3.87 1957   0.18   0.59     0.00
  MONTH TO DATE    0.80                      3.44  -2.64     0.98
  SINCE DEC 1     34.04                     45.36 -11.32    54.40
  SINCE JAN 1     30.90                     40.59  -9.69    51.51

SNOWFALL (IN)
  TODAY            0.0
  MONTH TO DATE    0.0
  SINCE SEP 1      0.0
  SINCE JUL 1      0.0
  SNOW DEPTH       0

DEGREE DAYS
 HEATING
  TODAY            0                         3     -3        5
  MONTH TO DATE    6                        41    -35        9
  SINCE SEP 1      6                        47    -41        9
  SINCE JUL 1      6                        47    -41        9

 COOLING
  TODAY            3                         3      0        0
  MONTH TO DATE  188                       104     84      197
  SINCE SEP 1    564                       467     97      678
  SINCE JAN 1   2671                      2429    242     2919
..................................................................


WIND (MPH)
  HIGHEST WIND SPEED    32   HIGHEST WIND DIRECTION    NW (300)
  HIGHEST GUST SPEED    43   HIGHEST GUST DIRECTION    NW (300)
  AVERAGE WIND SPEED     8.9


SKY COVER
  POSSIBLE SUNSHINE  MM
  AVERAGE SKY COVER 0.9


WEATHER CONDITIONS
 THE FOLLOWING WEATHER WAS RECORDED TODAY.
  THUNDERSTORM
  HEAVY RAIN
  RAIN
  LIGHT RAIN
  FOG


RELATIVE HUMIDITY (PERCENT)
 HIGHEST   100           600 AM
 LOWEST     61           300 PM
 AVERAGE    81

..........................................................


THE SHREVEPORT CLIMATE NORMALS FOR TOMORROW
                         NORMAL    RECORD    YEAR
 MAXIMUM TEMPERATURE (F)   76        92      1939
 MINIMUM TEMPERATURE (F)   52        35      1952


SUNRISE AND SUNSET
OCTOBER 22 2017.......SUNRISE   725 AM CDT   SUNSET   634 PM CDT
OCTOBER 23 2017.......SUNRISE   725 AM CDT   SUNSET   633 PM CDT


-  INDICATES NEGATIVE NUMBERS.
R  INDICATES RECORD WAS SET OR TIED.
MM INDICATES DATA IS MISSING.
T  INDICATES TRACE AMOUNT.




$$
