000
CDUS44 KSHV 190734
CLISHV


CLIMATE REPORT
NATIONAL WEATHER SERVICE SHREVEPORT, LA
234 AM CDT FRI SEP 19 2014


...................................

...THE SHREVEPORT CLIMATE SUMMARY FOR SEPTEMBER 18 2014...

CLIMATE NORMAL PERIOD 1981 TO 2010
CLIMATE RECORD PERIOD 1874 TO 2014


WEATHER ITEM   OBSERVED TIME   RECORD YEAR NORMAL DEPARTURE LAST
                VALUE   (LST)  VALUE       VALUE  FROM      YEAR
                                                  NORMAL
..................................................................
TEMPERATURE (F)
 YESTERDAY
  MAXIMUM         89    239 PM 101    2005  88      1       97
  MINIMUM         73   1159 PM  50    1981  65      8       74
                                      1903
  AVERAGE         81                        76      5       86

PRECIPITATION (IN)
  YESTERDAY        0.00          1.43 1875   0.10  -0.10     0.00
  MONTH TO DATE    1.21                      1.83  -0.62     0.06
  SINCE DEC 1     32.18                     40.59  -8.41    32.68
  SINCE JAN 1     27.20                     35.82  -8.62    27.02

SNOWFALL (IN)
  YESTERDAY        0.0
  MONTH TO DATE    0.0
  SINCE SEP 1      0.0
  SINCE JUL 1      0.0
  SNOW DEPTH       0

DEGREE DAYS
 HEATING
  YESTERDAY        0                         0      0        0
  MONTH TO DATE    0                         0      0        0
  SINCE SEP 1      0                         0      0        0
  SINCE JUL 1      0                         0      0        0

 COOLING
  YESTERDAY       16                        11      5       21
  MONTH TO DATE  293                       252     41      368
  SINCE SEP 1    293                       252     41      368
  SINCE JAN 1   2185                      2214    -29     2413
..................................................................


WIND (MPH)
  HIGHEST WIND SPEED    12   HIGHEST WIND DIRECTION     S (160)
  HIGHEST GUST SPEED    15   HIGHEST GUST DIRECTION     S (180)
  AVERAGE WIND SPEED     3.7


SKY COVER
  POSSIBLE SUNSHINE  MM
  AVERAGE SKY COVER 0.9


WEATHER CONDITIONS
 THE FOLLOWING WEATHER WAS RECORDED YESTERDAY.
  NO SIGNIFICANT WEATHER WAS OBSERVED.


RELATIVE HUMIDITY (PERCENT)
 HIGHEST    93           300 AM
 LOWEST     56           200 PM
 AVERAGE    75

..........................................................


THE SHREVEPORT CLIMATE NORMALS FOR TODAY
                         NORMAL    RECORD    YEAR
 MAXIMUM TEMPERATURE (F)   87       103      1956
 MINIMUM TEMPERATURE (F)   65        43      1981


SUNRISE AND SUNSET
SEPTEMBER 19 2014.....SUNRISE   702 AM CDT   SUNSET   716 PM CDT
SEPTEMBER 20 2014.....SUNRISE   702 AM CDT   SUNSET   715 PM CDT


-  INDICATES NEGATIVE NUMBERS.
R  INDICATES RECORD WAS SET OR TIED.
MM INDICATES DATA IS MISSING.
T  INDICATES TRACE AMOUNT.




$$
