000
CDUS44 KSHV 090838
CLISHV


CLIMATE REPORT
NATIONAL WEATHER SERVICE SHREVEPORT, LA
237 AM CST TUE FEB 9 2016


...................................

...THE SHREVEPORT CLIMATE SUMMARY FOR FEBRUARY 8 2016...

CLIMATE NORMAL PERIOD 1981 TO 2010
CLIMATE RECORD PERIOD 1874 TO 2016


WEATHER ITEM   OBSERVED TIME   RECORD YEAR NORMAL DEPARTURE LAST
                VALUE   (LST)  VALUE       VALUE  FROM      YEAR
                                                  NORMAL
..................................................................
TEMPERATURE (F)
 YESTERDAY
  MAXIMUM         57    237 PM  83    1994  60     -3       71
  MINIMUM         42   1145 PM   6    1895  38      4       52
  AVERAGE         50                        49      1       62

PRECIPITATION (IN)
  YESTERDAY        0.00          1.97 1935   0.17  -0.17     0.00
  MONTH TO DATE    T                         1.32  -1.32     0.38
  SINCE DEC 1      5.76                     10.29  -4.53    11.58
  SINCE JAN 1      2.87                      5.52  -2.65     7.83

SNOWFALL (IN)
  YESTERDAY        0.0
  MONTH TO DATE    0.0
  SINCE DEC 1      T
  SINCE JUL 1      T
  SNOW DEPTH       0

DEGREE DAYS
 HEATING
  YESTERDAY       15                        16     -1        3
  MONTH TO DATE  114                       133    -19      139
  SINCE DEC 1    941                      1234   -293     1188
  SINCE JUL 1   1118                      1605   -487     1592

 COOLING
  YESTERDAY        0                         0      0        0
  MONTH TO DATE    3                         0      3        0
  SINCE DEC 1     45                        11     34        2
  SINCE JAN 1      9                         4      5        0
..................................................................


WIND (MPH)
  HIGHEST WIND SPEED    33   HIGHEST WIND DIRECTION     W (290)
  HIGHEST GUST SPEED    48   HIGHEST GUST DIRECTION    NW (310)
  AVERAGE WIND SPEED    17.8


SKY COVER
  POSSIBLE SUNSHINE  MM
  AVERAGE SKY COVER 0.1


WEATHER CONDITIONS
 THE FOLLOWING WEATHER WAS RECORDED YESTERDAY.
  NO SIGNIFICANT WEATHER WAS OBSERVED.


RELATIVE HUMIDITY (PERCENT)
 HIGHEST    56           100 AM
 LOWEST     15           400 PM
 AVERAGE    36

..........................................................


THE SHREVEPORT CLIMATE NORMALS FOR TODAY
                         NORMAL    RECORD    YEAR
 MAXIMUM TEMPERATURE (F)   60        84      1932
 MINIMUM TEMPERATURE (F)   38        13      1933


SUNRISE AND SUNSET
FEBRUARY  9 2016......SUNRISE   704 AM CST   SUNSET   555 PM CST
FEBRUARY 10 2016......SUNRISE   703 AM CST   SUNSET   556 PM CST


-  INDICATES NEGATIVE NUMBERS.
R  INDICATES RECORD WAS SET OR TIED.
MM INDICATES DATA IS MISSING.
T  INDICATES TRACE AMOUNT.




$$
