000
CDUS44 KSHV 280738
CLISHV


CLIMATE REPORT
NATIONAL WEATHER SERVICE SHREVEPORT, LA
235 AM CDT SUN AUG 28 2016


...................................

...THE SHREVEPORT CLIMATE SUMMARY FOR AUGUST 27 2016...

CLIMATE NORMAL PERIOD 1981 TO 2010
CLIMATE RECORD PERIOD 1874 TO 2016


WEATHER ITEM   OBSERVED TIME   RECORD YEAR NORMAL DEPARTURE LAST
                VALUE   (LST)  VALUE       VALUE  FROM      YEAR
                                                  NORMAL
..................................................................
TEMPERATURE (F)
 YESTERDAY
  MAXIMUM         94    338 PM 103    1963  93      1       89
  MINIMUM         74    559 AM  60    1891  71      3       65
  AVERAGE         84                        82      2       77

PRECIPITATION (IN)
  YESTERDAY        T             1.76 1940   0.08  -0.08     0.00
  MONTH TO DATE    7.81                      2.40   5.41     2.12
  SINCE DEC 1     53.26                     38.43  14.83    48.61
  SINCE JAN 1     50.37                     33.66  16.71    44.86

SNOWFALL (IN)
  YESTERDAY        0.0
  MONTH TO DATE    0.0
  SINCE JUN 1      0.0
  SINCE JUL 1      0.0
  SNOW DEPTH       0

DEGREE DAYS
 HEATING
  YESTERDAY        0                         0      0        0
  MONTH TO DATE    0                         0      0        0
  SINCE JUN 1      0                         0      0        0
  SINCE JUL 1      0                         0      0        0

 COOLING
  YESTERDAY       19                        17      2       12
  MONTH TO DATE  523                       497     26      562
  SINCE JUN 1   1700                      1500    200     1740
  SINCE JAN 1   2160                      1898    262     2212
..................................................................


WIND (MPH)
  HIGHEST WIND SPEED    21   HIGHEST WIND DIRECTION     S (170)
  HIGHEST GUST SPEED    27   HIGHEST GUST DIRECTION     S (160)
  AVERAGE WIND SPEED     3.3


SKY COVER
  POSSIBLE SUNSHINE  MM
  AVERAGE SKY COVER 0.6


WEATHER CONDITIONS
 THE FOLLOWING WEATHER WAS RECORDED YESTERDAY.
  THUNDERSTORM


RELATIVE HUMIDITY (PERCENT)
 HIGHEST   100           500 AM
 LOWEST     44           300 PM
 AVERAGE    72

..........................................................


THE SHREVEPORT CLIMATE NORMALS FOR TODAY
                         NORMAL    RECORD    YEAR
 MAXIMUM TEMPERATURE (F)   93       105      2011
 MINIMUM TEMPERATURE (F)   71        60      1906


SUNRISE AND SUNSET
AUGUST 28 2016........SUNRISE   648 AM CDT   SUNSET   744 PM CDT
AUGUST 29 2016........SUNRISE   649 AM CDT   SUNSET   743 PM CDT


-  INDICATES NEGATIVE NUMBERS.
R  INDICATES RECORD WAS SET OR TIED.
MM INDICATES DATA IS MISSING.
T  INDICATES TRACE AMOUNT.




$$
