000
CDUS44 KSHV 010740
CLISHV


CLIMATE REPORT
NATIONAL WEATHER SERVICE SHREVEPORT, LA
236 AM CDT WED JUL 1 2015


...................................

...THE SHREVEPORT CLIMATE SUMMARY FOR JUNE 30 2015...

CLIMATE NORMAL PERIOD 1981 TO 2010
CLIMATE RECORD PERIOD 1874 TO 2015


WEATHER ITEM   OBSERVED TIME   RECORD YEAR NORMAL DEPARTURE LAST
                VALUE   (LST)  VALUE       VALUE  FROM      YEAR
                                                  NORMAL
..................................................................
TEMPERATURE (F)
 YESTERDAY
  MAXIMUM         94    353 PM 102    1917  92      2       93
  MINIMUM         74   1159 PM  61    1923  72      2       75
  AVERAGE         84                        82      2       84

PRECIPITATION (IN)
  YESTERDAY        0.38          2.67 1989   0.17   0.21     0.00
  MONTH TO DATE    5.98                      5.40   0.58     3.10
  SINCE DEC 1     45.90                     32.38  13.52    26.15
  SINCE JAN 1     42.15                     27.61  14.54    21.17

SNOWFALL (IN)
  YESTERDAY        0.0
  MONTH TO DATE    0.0
  SINCE JUN 1      0.0
  SINCE JUL 1      4.5
  SNOW DEPTH       0

DEGREE DAYS
 HEATING
  YESTERDAY        0                         0      0        0
  MONTH TO DATE    0                         0      0        0
  SINCE JUN 1      0                         0      0        0
  SINCE JUL 1   2291                      2226     65     2567

 COOLING
  YESTERDAY       19                        17      2       19
  MONTH TO DATE  517                       444     73      469
  SINCE JUN 1    517                       444     73      469
  SINCE JAN 1    989                       842    147      839
..................................................................


WIND (MPH)
  HIGHEST WIND SPEED    25   HIGHEST WIND DIRECTION    SW (220)
  HIGHEST GUST SPEED    37   HIGHEST GUST DIRECTION    SW (220)
  AVERAGE WIND SPEED     8.9


SKY COVER
  POSSIBLE SUNSHINE  MM
  AVERAGE SKY COVER 0.7


WEATHER CONDITIONS
 THE FOLLOWING WEATHER WAS RECORDED YESTERDAY.
  THUNDERSTORM
  RAIN
  LIGHT RAIN
  FOG
  HAZE


RELATIVE HUMIDITY (PERCENT)
 HIGHEST    94          1000 PM
 LOWEST     49           200 PM
 AVERAGE    72

..........................................................


THE SHREVEPORT CLIMATE NORMALS FOR TODAY
                         NORMAL    RECORD    YEAR
 MAXIMUM TEMPERATURE (F)   92       102      1998
 MINIMUM TEMPERATURE (F)   72        60      1950


SUNRISE AND SUNSET
JULY  1 2015..........SUNRISE   612 AM CDT   SUNSET   827 PM CDT
JULY  2 2015..........SUNRISE   612 AM CDT   SUNSET   826 PM CDT


-  INDICATES NEGATIVE NUMBERS.
R  INDICATES RECORD WAS SET OR TIED.
MM INDICATES DATA IS MISSING.
T  INDICATES TRACE AMOUNT.




$$
