000
CDUS46 KMFR 100835
CLISIY


CLIMATE REPORT
NATIONAL WEATHER SERVICE MEDFORD, OR
1235 AM PST SAT DEC 10 2016


...................................

...THE MONTAGUE CA CLIMATE SUMMARY FOR DECEMBER 9 2016...

CLIMATE NORMAL PERIOD 1981 TO 2010
CLIMATE RECORD PERIOD 1948 TO 2016


WEATHER ITEM   OBSERVED TIME   RECORD YEAR NORMAL DEPARTURE LAST
                VALUE   (LST)  VALUE       VALUE  FROM      YEAR
                                                  NORMAL
..................................................................
TEMPERATURE (F)
 YESTERDAY
  MAXIMUM         56    132 PM  61    1995  44     12       56
  MINIMUM         35    436 AM -11    1972  26      9       46
  AVERAGE         46                        35     11       51

PRECIPITATION (IN)
  YESTERDAY        0.26          1.37 1992   0.08   0.18     0.22
  MONTH TO DATE    0.29                      0.71  -0.42     0.79
  SINCE OCT 1      6.27                      4.88   1.39     1.80
  SINCE JAN 1     16.50                     16.52  -0.02     9.02

SNOWFALL (IN)
  YESTERDAY       MM                        MM     MM       MM
  MONTH TO DATE   MM                        MM     MM       MM
  SINCE JUL 1     MM                        MM     MM       MM
  SNOW DEPTH      MM

DEGREE DAYS
 HEATING
  YESTERDAY       19                        30    -11       14
  MONTH TO DATE  269                       268      1      192
  SINCE DEC 1    269                       268      1      192
  SINCE JUL 1   1399                      1574   -175     1275

 COOLING
  YESTERDAY        0                         0      0        0
  MONTH TO DATE    0                         0      0        0
  SINCE DEC 1      0                         0      0        0
  SINCE JAN 1    689                       544    145      922
..................................................................


WIND (MPH)
  HIGHEST WIND SPEED    24   HIGHEST WIND DIRECTION     S (180)
  HIGHEST GUST SPEED    27   HIGHEST GUST DIRECTION     S (170)
  AVERAGE WIND SPEED     6.7


SKY COVER
  POSSIBLE SUNSHINE  MM
  AVERAGE SKY COVER 0.8


WEATHER CONDITIONS
 THE FOLLOWING WEATHER WAS RECORDED YESTERDAY.
  LIGHT RAIN
  FOG


RELATIVE HUMIDITY (PERCENT)
 HIGHEST   100           800 PM
 LOWEST     51           100 PM

..........................................................


THE MONTAGUE CA CLIMATE NORMALS FOR TODAY
                         NORMAL    RECORD    YEAR
 MAXIMUM TEMPERATURE (F)   44        63      1950
 MINIMUM TEMPERATURE (F)   26       -10      1972


SUNRISE AND SUNSET
DECEMBER 10 2016......SUNRISE   727 AM PST   SUNSET   439 PM PST
DECEMBER 11 2016......SUNRISE   728 AM PST   SUNSET   439 PM PST


-  INDICATES NEGATIVE NUMBERS.
R  INDICATES RECORD WAS SET OR TIED.
MM INDICATES DATA IS MISSING.
T  INDICATES TRACE AMOUNT.




$$
