000
CDUS46 KMFR 200838
CLISIY


CLIMATE REPORT
NATIONAL WEATHER SERVICE MEDFORD, OR
1238 AM PST MON NOV 20 2017


...................................

...THE MONTAGUE CA CLIMATE SUMMARY FOR NOVEMBER 19 2017...

CLIMATE NORMAL PERIOD 1981 TO 2010
CLIMATE RECORD PERIOD 1948 TO 2017


WEATHER ITEM   OBSERVED TIME   RECORD YEAR NORMAL DEPARTURE LAST
                VALUE   (LST)  VALUE       VALUE  FROM      YEAR
                                                  NORMAL
..................................................................
TEMPERATURE (F)
 YESTERDAY
  MAXIMUM         40    405 PM  66    1987  48     -8       51
  MINIMUM         19    508 AM  15    1994  28     -9       36
  AVERAGE         30                        38     -8       44

PRECIPITATION (IN)
  YESTERDAY        0.02          1.31 1996   0.11  -0.09      T
  MONTH TO DATE    0.82                      1.74  -0.92     1.02
  SINCE OCT 1      1.25                      2.94  -1.69     5.20
  SINCE JAN 1      9.02                     14.58  -5.56    15.43

SNOWFALL (IN)
  YESTERDAY       MM                        MM     MM       MM
  MONTH TO DATE   MM                        MM     MM       MM
  SINCE JUL 1     MM                        MM     MM       MM
  SNOW DEPTH      MM

DEGREE DAYS
 HEATING
  YESTERDAY       35                        27      8       21
  MONTH TO DATE  442                       444     -2      313
  SINCE SEP 1   1007                       980     27      839
  SINCE JUL 1   1007                       997     10      852

 COOLING
  YESTERDAY        0                         0      0        0
  MONTH TO DATE    0                         0      0        0
  SINCE SEP 1     85                        43     42       35
  SINCE JAN 1    902                       544    358      689
..................................................................


WIND (MPH)
  HIGHEST WIND SPEED    12   HIGHEST WIND DIRECTION    NE (30)
  HIGHEST GUST SPEED    13   HIGHEST GUST DIRECTION     N (20)
  AVERAGE WIND SPEED     3.5


SKY COVER
  POSSIBLE SUNSHINE  MM
  AVERAGE SKY COVER 0.2


WEATHER CONDITIONS
 THE FOLLOWING WEATHER WAS RECORDED YESTERDAY.
  LIGHT RAIN


RELATIVE HUMIDITY (PERCENT)
 HIGHEST   100           600 AM
 LOWEST     70           300 PM

..........................................................


THE MONTAGUE CA CLIMATE NORMALS FOR TODAY
                         NORMAL    RECORD    YEAR
 MAXIMUM TEMPERATURE (F)   48        65      1960
 MINIMUM TEMPERATURE (F)   28        11      1977


SUNRISE AND SUNSET
NOVEMBER 20 2017......SUNRISE   706 AM PST   SUNSET   445 PM PST
NOVEMBER 21 2017......SUNRISE   707 AM PST   SUNSET   444 PM PST


-  INDICATES NEGATIVE NUMBERS.
R  INDICATES RECORD WAS SET OR TIED.
MM INDICATES DATA IS MISSING.
T  INDICATES TRACE AMOUNT.




$$
