000
CDUS46 KMFR 280835
CLISIY


CLIMATE REPORT
NATIONAL WEATHER SERVICE MEDFORD, OR
135 AM PDT SUN MAY 28 2017


...................................

...THE MONTAGUE CA CLIMATE SUMMARY FOR MAY 27 2017...

CLIMATE NORMAL PERIOD 1981 TO 2010
CLIMATE RECORD PERIOD 1948 TO 2017


WEATHER ITEM   OBSERVED TIME   RECORD YEAR NORMAL DEPARTURE LAST
                VALUE   (LST)  VALUE       VALUE  FROM      YEAR
                                                  NORMAL
..................................................................
TEMPERATURE (F)
 YESTERDAY
  MAXIMUM         83    502 PM  96    1983  75      8       72
  MINIMUM         41    402 AM  30    1977  43     -2       39
  AVERAGE         62                        59      3       56

PRECIPITATION (IN)
  YESTERDAY        0.00          0.33 2008   0.02  -0.02     0.00
  MONTH TO DATE    0.49                      1.33  -0.84     0.78
  SINCE OCT 1     15.39                     16.24  -0.85    13.89
  SINCE JAN 1      7.18                      9.41  -2.23     8.80

SNOWFALL (IN)
  YESTERDAY       MM                        MM     MM       MM
  MONTH TO DATE   MM                        MM     MM       MM
  SINCE JUL 1     MM                        MM     MM       MM
  SNOW DEPTH      MM

DEGREE DAYS
 HEATING
  YESTERDAY        3                         7     -4        9
  MONTH TO DATE  253                       263    -10      198
  SINCE MAR 1   1427                      1484    -57     1142
  SINCE JUL 1   5324                      5361    -37     4559

 COOLING
  YESTERDAY        0                         1     -1        0
  MONTH TO DATE    8                        12     -4        1
  SINCE MAR 1      8                        12     -4        1
  SINCE JAN 1      8                        12     -4        1
..................................................................


WIND (MPH)
  HIGHEST WIND SPEED    10   HIGHEST WIND DIRECTION    NE (50)
  HIGHEST GUST SPEED    12   HIGHEST GUST DIRECTION     S (200)
  AVERAGE WIND SPEED     3.0


SKY COVER
  POSSIBLE SUNSHINE  MM
  AVERAGE SKY COVER 0.0


WEATHER CONDITIONS
 THE FOLLOWING WEATHER WAS RECORDED YESTERDAY.
  NO SIGNIFICANT WEATHER WAS OBSERVED.


RELATIVE HUMIDITY (PERCENT)
 HIGHEST    89           400 AM
 LOWEST     18           500 PM

..........................................................


THE MONTAGUE CA CLIMATE NORMALS FOR TODAY
                         NORMAL    RECORD    YEAR
 MAXIMUM TEMPERATURE (F)   75       103      1983
 MINIMUM TEMPERATURE (F)   43        31      2011


SUNRISE AND SUNSET
MAY 28 2017...........SUNRISE   539 AM PDT   SUNSET   835 PM PDT
MAY 29 2017...........SUNRISE   539 AM PDT   SUNSET   836 PM PDT


-  INDICATES NEGATIVE NUMBERS.
R  INDICATES RECORD WAS SET OR TIED.
MM INDICATES DATA IS MISSING.
T  INDICATES TRACE AMOUNT.




$$
