000
CDUS46 KMFR 290838
CLISIY


CLIMATE REPORT
NATIONAL WEATHER SERVICE MEDFORD, OR
137 AM PDT FRI JUL 29 2016


...................................

...THE MONTAGUE CA CLIMATE SUMMARY FOR JULY 28 2016...

CLIMATE NORMAL PERIOD 1981 TO 2010
CLIMATE RECORD PERIOD 1948 TO 2016


WEATHER ITEM   OBSERVED TIME   RECORD YEAR NORMAL DEPARTURE LAST
                VALUE   (LST)  VALUE       VALUE  FROM      YEAR
                                                  NORMAL
..................................................................
TEMPERATURE (F)
 YESTERDAY
  MAXIMUM        104    343 PM 105    2009  93     11       94
  MINIMUM         58    515 AM  42    1948  55      3       54
  AVERAGE         81                        74      7       74

PRECIPITATION (IN)
  YESTERDAY        0.00          0.86 1956   0.02  -0.02     0.00
  MONTH TO DATE    0.05                      0.39  -0.34     0.80
  SINCE OCT 1     15.12                     17.43  -2.31    13.12
  SINCE JAN 1     10.03                     10.60  -0.57     7.21

SNOWFALL (IN)
  YESTERDAY       MM                        MM     MM       MM
  MONTH TO DATE   MM                        MM     MM       MM
  SINCE JUL 1     MM                        MM     MM       MM
  SNOW DEPTH      MM

DEGREE DAYS
 HEATING
  YESTERDAY        0                         0      0        0
  MONTH TO DATE   12                         1     11        0
  SINCE JUN 1     85                        94     -9       17
  SINCE JUL 1     12                         1     11        0

 COOLING
  YESTERDAY       16                         9      7        9
  MONTH TO DATE  192                       215    -23      279
  SINCE JUN 1    324                       273     51      513
  SINCE JAN 1    328                       286     42      528
..................................................................


WIND (MPH)
  HIGHEST WIND SPEED    20   HIGHEST WIND DIRECTION     N (340)
  HIGHEST GUST SPEED    23   HIGHEST GUST DIRECTION     N (340)
  AVERAGE WIND SPEED     5.5


SKY COVER
  POSSIBLE SUNSHINE  MM
  AVERAGE SKY COVER 0.0


WEATHER CONDITIONS
 THE FOLLOWING WEATHER WAS RECORDED YESTERDAY.
  NO SIGNIFICANT WEATHER WAS OBSERVED.


RELATIVE HUMIDITY (PERCENT)
 HIGHEST    60           500 AM
 LOWEST     10           300 PM

..........................................................


THE MONTAGUE CA CLIMATE NORMALS FOR TODAY
                         NORMAL    RECORD    YEAR
 MAXIMUM TEMPERATURE (F)   93       104      2009
                                             2003
                                             1968
 MINIMUM TEMPERATURE (F)   55        41      1950


SUNRISE AND SUNSET
JULY 29 2016..........SUNRISE   602 AM PDT   SUNSET   830 PM PDT
JULY 30 2016..........SUNRISE   603 AM PDT   SUNSET   829 PM PDT


-  INDICATES NEGATIVE NUMBERS.
R  INDICATES RECORD WAS SET OR TIED.
MM INDICATES DATA IS MISSING.
T  INDICATES TRACE AMOUNT.




$$
