000
CDUS46 KMFR 050835
CLISIY


CLIMATE REPORT
NATIONAL WEATHER SERVICE MEDFORD, OR
135 AM PDT SAT SEP 5 2015


...................................

...THE MONTAGUE CA CLIMATE SUMMARY FOR SEPTEMBER 4 2015...

CLIMATE NORMAL PERIOD 1981 TO 2010
CLIMATE RECORD PERIOD 1948 TO 2015


WEATHER ITEM   OBSERVED TIME   RECORD YEAR NORMAL DEPARTURE LAST
                VALUE   (LST)  VALUE       VALUE  FROM      YEAR
                                                  NORMAL
..................................................................
TEMPERATURE (F)
 YESTERDAY
  MAXIMUM         67    405 PM 103    1955  85    -18       88
  MINIMUM         43    624 AM  40    1964  47     -4       48
  AVERAGE         55                        66    -11       68

PRECIPITATION (IN)
  YESTERDAY        T             0.51 1972   0.00   0.00     0.00
  MONTH TO DATE    T                         0.02  -0.02     0.00
  SINCE OCT 1     13.13                     17.85  -4.72     6.81
  SINCE JAN 1      7.22                     11.02  -3.80     6.17

SNOWFALL (IN)
  YESTERDAY       MM                        MM     MM       MM
  MONTH TO DATE   MM                        MM     MM       MM
  SINCE JUL 1     MM                        MM     MM       MM
  SNOW DEPTH      MM

DEGREE DAYS
 HEATING
  YESTERDAY       10                         2      8        0
  MONTH TO DATE   12                         8      4        0
  SINCE SEP 1     12                         8      4        0
  SINCE JUL 1     13                        25    -12        0

 COOLING
  YESTERDAY        0                         3     -3        3
  MONTH TO DATE    6                        12     -6       14
  SINCE SEP 1      6                        12     -6       14
  SINCE JAN 1    843                       513    330      815
..................................................................


WIND (MPH)
  HIGHEST WIND SPEED    30   HIGHEST WIND DIRECTION     N (360)
  HIGHEST GUST SPEED    34   HIGHEST GUST DIRECTION     N (360)
  AVERAGE WIND SPEED     8.9


SKY COVER
  POSSIBLE SUNSHINE  MM
  AVERAGE SKY COVER 0.4


WEATHER CONDITIONS
 THE FOLLOWING WEATHER WAS RECORDED YESTERDAY.
  NO SIGNIFICANT WEATHER WAS OBSERVED.


RELATIVE HUMIDITY (PERCENT)
 HIGHEST    57           600 AM
 LOWEST     26           300 PM

..........................................................


THE MONTAGUE CA CLIMATE NORMALS FOR TODAY
                         NORMAL    RECORD    YEAR
 MAXIMUM TEMPERATURE (F)   84       102      1988
 MINIMUM TEMPERATURE (F)   46        37      1954


SUNRISE AND SUNSET
SEPTEMBER  5 2015.....SUNRISE   640 AM PDT   SUNSET   737 PM PDT
SEPTEMBER  6 2015.....SUNRISE   641 AM PDT   SUNSET   735 PM PDT


-  INDICATES NEGATIVE NUMBERS.
R  INDICATES RECORD WAS SET OR TIED.
MM INDICATES DATA IS MISSING.
T  INDICATES TRACE AMOUNT.




$$
