000
CDUS46 KMFR 300835
CLISIY


CLIMATE REPORT
NATIONAL WEATHER SERVICE MEDFORD, OR
135 AM PDT MON MAY 30 2016


...................................

...THE MONTAGUE CA CLIMATE SUMMARY FOR MAY 29 2016...

CLIMATE NORMAL PERIOD 1981 TO 2010
CLIMATE RECORD PERIOD 1948 TO 2016


WEATHER ITEM   OBSERVED TIME   RECORD YEAR NORMAL DEPARTURE LAST
                VALUE   (LST)  VALUE       VALUE  FROM      YEAR
                                                  NORMAL
..................................................................
TEMPERATURE (F)
 YESTERDAY
  MAXIMUM         80    301 PM  98    1986  75      5       89
  MINIMUM         39    458 AM  30    1988  43     -4       49
  AVERAGE         60                        59      1       69

PRECIPITATION (IN)
  YESTERDAY        T             0.46 1949   0.02  -0.02     0.00
  MONTH TO DATE    0.78                      1.38  -0.60     0.92
  SINCE OCT 1     13.89                     16.29  -2.40    11.96
  SINCE JAN 1      8.80                      9.46  -0.66     6.05

SNOWFALL (IN)
  YESTERDAY       MM                        MM     MM       MM
  MONTH TO DATE   MM                        MM     MM       MM
  SINCE JUL 1     MM                        MM     MM       MM
  SNOW DEPTH      MM

DEGREE DAYS
 HEATING
  YESTERDAY        5                         7     -2        0
  MONTH TO DATE  211                       277    -66      217
  SINCE MAR 1   1155                      1498   -343     1197
  SINCE JUL 1   4572                      5375   -803     4339

 COOLING
  YESTERDAY        0                         1     -1        4
  MONTH TO DATE    1                        14    -13        6
  SINCE MAR 1      1                        14    -13        6
  SINCE JAN 1      1                        14    -13        6
..................................................................


WIND (MPH)
  HIGHEST WIND SPEED    18   HIGHEST WIND DIRECTION     N (360)
  HIGHEST GUST SPEED    24   HIGHEST GUST DIRECTION     N (10)
  AVERAGE WIND SPEED     6.6


SKY COVER
  POSSIBLE SUNSHINE  MM
  AVERAGE SKY COVER 0.0


WEATHER CONDITIONS
 THE FOLLOWING WEATHER WAS RECORDED YESTERDAY.
  LIGHT RAIN


RELATIVE HUMIDITY (PERCENT)
 HIGHEST    76           200 AM
 LOWEST     22           500 PM

..........................................................


THE MONTAGUE CA CLIMATE NORMALS FOR TODAY
                         NORMAL    RECORD    YEAR
 MAXIMUM TEMPERATURE (F)   75       101      1986
 MINIMUM TEMPERATURE (F)   43        24      1988


SUNRISE AND SUNSET
MAY 30 2016...........SUNRISE   538 AM PDT   SUNSET   837 PM PDT
MAY 31 2016...........SUNRISE   538 AM PDT   SUNSET   838 PM PDT


-  INDICATES NEGATIVE NUMBERS.
R  INDICATES RECORD WAS SET OR TIED.
MM INDICATES DATA IS MISSING.
T  INDICATES TRACE AMOUNT.




$$
