000
CDUS46 KMFR 270837
CLISIY


CLIMATE REPORT
NATIONAL WEATHER SERVICE MEDFORD, OR
137 AM PDT THU JUL 27 2017


...................................

...THE MONTAGUE CA CLIMATE SUMMARY FOR JULY 26 2017...

CLIMATE NORMAL PERIOD 1981 TO 2010
CLIMATE RECORD PERIOD 1948 TO 2017


WEATHER ITEM   OBSERVED TIME   RECORD YEAR NORMAL DEPARTURE LAST
                VALUE   (LST)  VALUE       VALUE  FROM      YEAR
                                                  NORMAL
..................................................................
TEMPERATURE (F)
 YESTERDAY
  MAXIMUM         94    335 PM 104    2006  93      1      101
  MINIMUM         57    517 AM  40    1993  55      2       59
  AVERAGE         76                        74      2       80

PRECIPITATION (IN)
  YESTERDAY        0.00          0.04 1995   0.03  -0.03     0.00
  MONTH TO DATE    T                         0.35  -0.35     0.05
  SINCE OCT 1     15.89                     17.39  -1.50    15.12
  SINCE JAN 1      7.68                     10.56  -2.88    10.03

SNOWFALL (IN)
  YESTERDAY       MM                        MM     MM       MM
  MONTH TO DATE   MM                        MM     MM       MM
  SINCE JUL 1     MM                        MM     MM       MM
  SNOW DEPTH      MM

DEGREE DAYS
 HEATING
  YESTERDAY        0                         0      0        0
  MONTH TO DATE    0                         1     -1       12
  SINCE JUN 1     88                        94     -6       85
  SINCE JUL 1      0                         1     -1       12

 COOLING
  YESTERDAY       11                         9      2       15
  MONTH TO DATE  267                       197     70      160
  SINCE JUN 1    405                       255    150      292
  SINCE JAN 1    420                       268    152      296
..................................................................


WIND (MPH)
  HIGHEST WIND SPEED    16   HIGHEST WIND DIRECTION    NW (330)
  HIGHEST GUST SPEED    20   HIGHEST GUST DIRECTION     N (350)
  AVERAGE WIND SPEED     5.6


SKY COVER
  POSSIBLE SUNSHINE  MM
  AVERAGE SKY COVER 0.0


WEATHER CONDITIONS
 THE FOLLOWING WEATHER WAS RECORDED YESTERDAY.
  THUNDERSTORM


RELATIVE HUMIDITY (PERCENT)
 HIGHEST    67           400 AM
 LOWEST     13           300 PM

..........................................................


THE MONTAGUE CA CLIMATE NORMALS FOR TODAY
                         NORMAL    RECORD    YEAR
 MAXIMUM TEMPERATURE (F)   93       106      1973
 MINIMUM TEMPERATURE (F)   55        42      1955


SUNRISE AND SUNSET
JULY 27 2017..........SUNRISE   559 AM PDT   SUNSET   833 PM PDT
JULY 28 2017..........SUNRISE   600 AM PDT   SUNSET   832 PM PDT


-  INDICATES NEGATIVE NUMBERS.
R  INDICATES RECORD WAS SET OR TIED.
MM INDICATES DATA IS MISSING.
T  INDICATES TRACE AMOUNT.




$$
