820
CDUS46 KMFR 160836
CLISIY


CLIMATE REPORT
NATIONAL WEATHER SERVICE MEDFORD, OR
1236 AM PST TUE JAN 16 2018


...................................

...THE MONTAGUE CA CLIMATE SUMMARY FOR JANUARY 15 2018...

CLIMATE NORMAL PERIOD 1981 TO 2010
CLIMATE RECORD PERIOD 1948 TO 2018


WEATHER ITEM   OBSERVED TIME   RECORD YEAR NORMAL DEPARTURE LAST
                VALUE   (LST)  VALUE       VALUE  FROM      YEAR
                                                  NORMAL
..................................................................
TEMPERATURE (F)
 YESTERDAY
  MAXIMUM         61R   238 PM  58    2010  44     17       42
  MINIMUM         29    446 AM  -2    1950  26      3       19
  AVERAGE         45                        35     10       31

PRECIPITATION (IN)
  YESTERDAY        0.14          1.69 1974   0.06   0.08     0.00
  MONTH TO DATE    0.32                      1.47  -1.15     1.35
  SINCE OCT 1      2.59                      8.30  -5.71     9.56
  SINCE JAN 1      0.32                      1.47  -1.15     1.35

SNOWFALL (IN)
  YESTERDAY       MM                        MM     MM       MM
  MONTH TO DATE   MM                        MM     MM       MM
  SINCE JUL 1     MM                        MM     MM       MM
  SNOW DEPTH      MM

DEGREE DAYS
 HEATING
  YESTERDAY       20                        30    -10       34
  MONTH TO DATE  369                       450    -81      576
  SINCE DEC 1   1376                      1377     -1     1590
  SINCE JUL 1   2606                      2683    -77     2720

 COOLING
  YESTERDAY        0                         0      0        0
  MONTH TO DATE    0                         0      0        0
  SINCE DEC 1      0                         0      0        0
  SINCE JAN 1      0                         0      0        0
..................................................................


WIND (MPH)
  HIGHEST WIND SPEED    35   HIGHEST WIND DIRECTION     S (170)
  HIGHEST GUST SPEED    44   HIGHEST GUST DIRECTION     S (170)
  AVERAGE WIND SPEED    11.2


SKY COVER
  POSSIBLE SUNSHINE  MM
  AVERAGE SKY COVER 0.4


WEATHER CONDITIONS
 THE FOLLOWING WEATHER WAS RECORDED YESTERDAY.
  RAIN
  LIGHT RAIN
  FOG


RELATIVE HUMIDITY (PERCENT)
 HIGHEST    92           500 AM
 LOWEST     33           300 PM

..........................................................


THE MONTAGUE CA CLIMATE NORMALS FOR TODAY
                         NORMAL    RECORD    YEAR
 MAXIMUM TEMPERATURE (F)   44        55      2010
                                             1981
 MINIMUM TEMPERATURE (F)   26         1      1952


SUNRISE AND SUNSET
JANUARY 16 2018.......SUNRISE   734 AM PST   SUNSET   506 PM PST
JANUARY 17 2018.......SUNRISE   734 AM PST   SUNSET   507 PM PST


-  INDICATES NEGATIVE NUMBERS.
R  INDICATES RECORD WAS SET OR TIED.
MM INDICATES DATA IS MISSING.
T  INDICATES TRACE AMOUNT.




$$
