000
CDUS46 KMTR 280037
CLISJC


CLIMATE REPORT
NATIONAL WEATHER SERVICE SAN FRANCISCO BAY AREA
437 PM PST SAT DEC 27 2014


...................................

...THE SAN JOSE CA CLIMATE SUMMARY FOR DECEMBER 27 2014...
VALID TODAY AS OF 0400 PM LOCAL TIME.

CLIMATE NORMAL PERIOD 1981 TO 2010
CLIMATE RECORD PERIOD 1893 TO 2014


WEATHER ITEM   OBSERVED TIME   RECORD YEAR NORMAL DEPARTURE LAST
                VALUE   (LST)  VALUE       VALUE  FROM      YEAR
                                                  NORMAL
..................................................................
TEMPERATURE (F)
 TODAY
  MAXIMUM         55    333 PM  73    1967  60     -5       60
  MINIMUM         33    422 AM  28    1895  42     -9       36
  AVERAGE         44                        51     -7       48

PRECIPITATION (IN)
  TODAY            0.00          1.65 2004   0.08  -0.08     0.00
  MONTH TO DATE    7.76                      1.80   5.96     0.13
  SINCE JUL 1     10.31                      4.69   5.62     1.56
  SINCE JAN 1     15.10                     14.58   0.52     3.80

SNOWFALL (IN)
  TODAY            0.0           0.0  1947
  MONTH TO DATE    0.0
  SINCE DEC 1      0.0
  SINCE JUL 1      0.0

DEGREE DAYS
 HEATING
  TODAY           21                        14      7       17
  MONTH TO DATE  249                       356   -107      468
  SINCE DEC 1    249                       356   -107      468
  SINCE JUL 1    533                       681   -148      848

 COOLING
  TODAY            0                         0      0        0
  MONTH TO DATE    0                         0      0        0
  SINCE DEC 1      0                         0      0        0
  SINCE JAN 1    685                       730    -45      549
..................................................................


WIND (MPH)
  RESULTANT WIND SPEED   1   RESULTANT WIND DIRECTION  SE (120)
  HIGHEST WIND SPEED     8   HIGHEST WIND DIRECTION     W (290)
  HIGHEST GUST SPEED    10   HIGHEST GUST DIRECTION     W (280)
  AVERAGE WIND SPEED     0.6


SKY COVER
  POSSIBLE SUNSHINE  MM
  AVERAGE SKY COVER 0.4


WEATHER CONDITIONS
 THE FOLLOWING WEATHER WAS RECORDED TODAY.
  NO SIGNIFICANT WEATHER WAS OBSERVED.


RELATIVE HUMIDITY (PERCENT)
 HIGHEST    82           400 AM
 LOWEST     35           300 PM
 AVERAGE    59

..........................................................


THE SAN JOSE CA CLIMATE NORMALS FOR TOMORROW
                         NORMAL    RECORD    YEAR
 MAXIMUM TEMPERATURE (F)   60        71      1967
 MINIMUM TEMPERATURE (F)   42        28      1893


SUNRISE AND SUNSET
DECEMBER 27 2014......SUNRISE   721 AM PST   SUNSET   457 PM PST
DECEMBER 28 2014......SUNRISE   721 AM PST   SUNSET   458 PM PST


-  INDICATES NEGATIVE NUMBERS.
R  INDICATES RECORD WAS SET OR TIED.
MM INDICATES DATA IS MISSING.
T  INDICATES TRACE AMOUNT.




$$
