000
CDUS46 KMTR 090042
CLISJC


CLIMATE REPORT
NATIONAL WEATHER SERVICE SAN FRANCISCO BAY AREA
441 PM PST THU DEC 8 2016


...................................

...THE SAN JOSE CA CLIMATE SUMMARY FOR DECEMBER 8 2016...
VALID TODAY AS OF 0400 PM LOCAL TIME.

CLIMATE NORMAL PERIOD 1981 TO 2010
CLIMATE RECORD PERIOD 1893 TO 2016


WEATHER ITEM   OBSERVED TIME   RECORD YEAR NORMAL DEPARTURE LAST
                VALUE   (LST)  VALUE       VALUE  FROM      YEAR
                                                  NORMAL
..................................................................
TEMPERATURE (F)
 TODAY
  MAXIMUM         63    326 PM  75    1893  59      4       64
  MINIMUM         50    409 AM  28    1978  42      8       48
  AVERAGE         57                        50      7       56

PRECIPITATION (IN)
  TODAY            0.01          0.78 1955   0.08  -0.07     0.00
  MONTH TO DATE    0.05                      0.59  -0.54     0.11
  SINCE OCT 1      2.92                      3.07  -0.15     2.58
  SINCE JAN 1     13.13                     13.80  -0.67     6.02

SNOWFALL (IN)
  TODAY            0.0           0.0  1947
  MONTH TO DATE    0.0
  SINCE DEC 1      0.0
  SINCE JUL 1      0.0

DEGREE DAYS
 HEATING
  TODAY            8                        15     -7        9
  MONTH TO DATE  104                       113     -9       93
  SINCE DEC 1    104                       113     -9       93
  SINCE JUL 1    327                       520   -193      458

 COOLING
  TODAY            0                         0      0        0
  MONTH TO DATE    0                         0      0        0
  SINCE DEC 1      0                         0      0        0
  SINCE JAN 1    706                       637     69      765
..................................................................


WIND (MPH)
  RESULTANT WIND SPEED  13   RESULTANT WIND DIRECTION  SE (120)
  HIGHEST WIND SPEED    22   HIGHEST WIND DIRECTION    SE (120)
  HIGHEST GUST SPEED    29   HIGHEST GUST DIRECTION    SE (120)
  AVERAGE WIND SPEED    13.5


SKY COVER
  POSSIBLE SUNSHINE  MM
  AVERAGE SKY COVER 0.9


WEATHER CONDITIONS
 THE FOLLOWING WEATHER WAS RECORDED TODAY.
  LIGHT RAIN
  FOG
  HAZE


RELATIVE HUMIDITY (PERCENT)
 HIGHEST    86           400 AM
 LOWEST     72           200 PM
 AVERAGE    79

..........................................................


THE SAN JOSE CA CLIMATE NORMALS FOR TOMORROW
                         NORMAL    RECORD    YEAR
 MAXIMUM TEMPERATURE (F)   58        71      2015
                                             1893
 MINIMUM TEMPERATURE (F)   42        25      2013


SUNRISE AND SUNSET
DECEMBER  8 2016......SUNRISE   710 AM PST   SUNSET   450 PM PST
DECEMBER  9 2016......SUNRISE   711 AM PST   SUNSET   450 PM PST


-  INDICATES NEGATIVE NUMBERS.
R  INDICATES RECORD WAS SET OR TIED.
MM INDICATES DATA IS MISSING.
T  INDICATES TRACE AMOUNT.




$$
