000
CDUS46 KMTR 300826
CLISJC


CLIMATE REPORT
NATIONAL WEATHER SERVICE SAN FRANCISCO BAY AREA
126 AM PDT THU OCT 30 2014


...................................

...THE SAN JOSE AIRPORT CLIMATE SUMMARY FOR OCTOBER 29 2014...

CLIMATE NORMAL PERIOD 1981 TO 2010
CLIMATE RECORD PERIOD 1893 TO 2014


WEATHER ITEM   OBSERVED TIME   RECORD YEAR NORMAL DEPARTURE LAST
                VALUE   (LST)  VALUE       VALUE  FROM      YEAR
                                                  NORMAL
..................................................................
TEMPERATURE (F)
 YESTERDAY
  MAXIMUM         78    349 PM  99    2012  73      5       63
  MINIMUM         50    445 AM  37    1946  50      0       49
  AVERAGE         64                        61      3       56

PRECIPITATION (IN)
  YESTERDAY        0.00          0.88 1945   0.03  -0.03     0.00
  MONTH TO DATE    0.11                      0.71  -0.60     0.00
  SINCE JUL 1      0.47                      0.94  -0.47     0.66
  SINCE JAN 1      5.26                     10.83  -5.57     2.90

SNOWFALL (IN)
  YESTERDAY        0.0                      MM     MM        0.0
  MONTH TO DATE    0.0                      MM     MM        0.0
  SINCE SEP 1      0.0                      MM     MM        0.0
  SINCE JUL 1      0.0                      MM     MM        0.0

DEGREE DAYS
 HEATING
  YESTERDAY        1                         4     -3        9
  MONTH TO DATE   40                        60    -20      100
  SINCE SEP 1     42                        70    -28      108
  SINCE JUL 1     42                        73    -31      109

 COOLING
  YESTERDAY        0                         0      0        0
  MONTH TO DATE   71                        46     25       13
  SINCE SEP 1    181                       183     -2      124
  SINCE JAN 1    682                       729    -47      549
..................................................................


WIND (MPH)
  RESULTANT WIND SPEED   1   RESULTANT WIND DIRECTION  NW (310)
  HIGHEST WIND SPEED     8   HIGHEST WIND DIRECTION    NW (300)
  HIGHEST GUST SPEED    10   HIGHEST GUST DIRECTION    NW (330)
  AVERAGE WIND SPEED     1.5


SKY COVER
  POSSIBLE SUNSHINE  MM
  AVERAGE SKY COVER 0.2


WEATHER CONDITIONS
 THE FOLLOWING WEATHER WAS RECORDED YESTERDAY.
  NO SIGNIFICANT WEATHER WAS OBSERVED.


RELATIVE HUMIDITY (PERCENT)
 HIGHEST    86           200 AM
 LOWEST     33           200 PM
 AVERAGE    60

..........................................................


THE SAN JOSE AIRPORT CLIMATE NORMALS FOR TODAY
                         NORMAL    RECORD    YEAR
 MAXIMUM TEMPERATURE (F)   72        88      1939
 MINIMUM TEMPERATURE (F)   50        36      1971


SUNRISE AND SUNSET
OCTOBER 30 2014.......SUNRISE   730 AM PDT   SUNSET   612 PM PDT
OCTOBER 31 2014.......SUNRISE   731 AM PDT   SUNSET   611 PM PDT


-  INDICATES NEGATIVE NUMBERS.
R  INDICATES RECORD WAS SET OR TIED.
MM INDICATES DATA IS MISSING.
T  INDICATES TRACE AMOUNT.




$$
