000
CDUS46 KMTR 290025
CLISJC


CLIMATE REPORT
NATIONAL WEATHER SERVICE SAN FRANCISCO BAY AREA
525 PM PDT THU APR 28 2016


...................................

...THE SAN JOSE CA CLIMATE SUMMARY FOR APRIL 28 2016...
VALID TODAY AS OF 0500 PM LOCAL TIME.

CLIMATE NORMAL PERIOD 1981 TO 2010
CLIMATE RECORD PERIOD 1893 TO 2016


WEATHER ITEM   OBSERVED TIME   RECORD YEAR NORMAL DEPARTURE LAST
                VALUE   (LST)  VALUE       VALUE  FROM      YEAR
                                                  NORMAL
..................................................................
TEMPERATURE (F)
 TODAY
  MAXIMUM         73    215 PM  91    1981  73      0       70
  MINIMUM         49    516 AM  34    1896  50     -1       53
  AVERAGE         61                        61      0       62

PRECIPITATION (IN)
  TODAY            T             1.46 1983   0.03  -0.03     0.00
  MONTH TO DATE    1.53                      1.02   0.51     0.88
  SINCE OCT 1     14.59                     14.15   0.44    12.76
  SINCE JAN 1      9.89                      9.37   0.52     2.81

SNOWFALL (IN)
  TODAY           MM             0.0  1947
  MONTH TO DATE    0.0
  SINCE MAR 1      0.0
  SINCE JUL 1      0.0

DEGREE DAYS
 HEATING
  TODAY            4                         5     -1        3
  MONTH TO DATE  107                       177    -70      162
  SINCE MAR 1    312                       432   -120      298
  SINCE JUL 1   1682                      1895   -213     1518

 COOLING
  TODAY            0                         1     -1        0
  MONTH TO DATE   29                        13     16        3
  SINCE MAR 1     29                        17     12       17
  SINCE JAN 1     29                        17     12       17
..................................................................


WIND (MPH)
  RESULTANT WIND SPEED   7   RESULTANT WIND DIRECTION  NW (310)
  HIGHEST WIND SPEED    24   HIGHEST WIND DIRECTION    NW (310)
  HIGHEST GUST SPEED    29   HIGHEST GUST DIRECTION    NW (320)
  AVERAGE WIND SPEED     8.0


SKY COVER
  POSSIBLE SUNSHINE  MM
  AVERAGE SKY COVER 0.4


WEATHER CONDITIONS
 THE FOLLOWING WEATHER WAS RECORDED TODAY.
  NO SIGNIFICANT WEATHER WAS OBSERVED.


RELATIVE HUMIDITY (PERCENT)
 HIGHEST    80           500 AM
 LOWEST     38           200 PM
 AVERAGE    59

..........................................................


THE SAN JOSE CA CLIMATE NORMALS FOR TOMORROW
                         NORMAL    RECORD    YEAR
 MAXIMUM TEMPERATURE (F)   73        93      1981
 MINIMUM TEMPERATURE (F)   50        34      1897


SUNRISE AND SUNSET
APRIL 28 2016.........SUNRISE   616 AM PDT   SUNSET   755 PM PDT
APRIL 29 2016.........SUNRISE   614 AM PDT   SUNSET   756 PM PDT


-  INDICATES NEGATIVE NUMBERS.
R  INDICATES RECORD WAS SET OR TIED.
MM INDICATES DATA IS MISSING.
T  INDICATES TRACE AMOUNT.




$$
