000
CDUS46 KMTR 260828
CLISJC


CLIMATE REPORT
NATIONAL WEATHER SERVICE SAN FRANCISCO BAY AREA
127 AM PDT MON SEP 26 2016


...................................

...THE SAN JOSE AIRPORT CLIMATE SUMMARY FOR SEPTEMBER 25 2016...

CLIMATE NORMAL PERIOD 1981 TO 2010
CLIMATE RECORD PERIOD 1893 TO 2016


WEATHER ITEM   OBSERVED TIME   RECORD YEAR NORMAL DEPARTURE LAST
                VALUE   (LST)  VALUE       VALUE  FROM      YEAR
                                                  NORMAL
..................................................................
TEMPERATURE (F)
 YESTERDAY
  MAXIMUM         97R   330 PM  97    1952  79     18       86
  MINIMUM         59    627 AM  43    1948  56      3       61
  AVERAGE         78                        67     11       74

PRECIPITATION (IN)
  YESTERDAY        0.00          0.64 1904   0.01  -0.01     0.00
  MONTH TO DATE    T                         0.13  -0.13      T
  SINCE OCT 1     14.91                     15.77  -0.86    13.38
  SINCE JAN 1     10.21                     10.68  -0.47     3.43

SNOWFALL (IN)
  YESTERDAY        0.0                       0.0    0.0      0.0
  MONTH TO DATE    0.0                       0.0    0.0      0.0
  SINCE SEP 1      0.0                       0.0    0.0      0.0
  SINCE JUL 1      0.0                       0.0    0.0      0.0

DEGREE DAYS
 HEATING
  YESTERDAY        0                         1     -1        0
  MONTH TO DATE    0                         5     -5        1
  SINCE SEP 1      0                         5     -5        1
  SINCE JUL 1      0                        11    -11        1

 COOLING
  YESTERDAY       13                         3     10        9
  MONTH TO DATE  112                       102     10      158
  SINCE SEP 1    112                       102     10      158
  SINCE JAN 1    633                       585     48      657
..................................................................


WIND (MPH)
  RESULTANT WIND SPEED   1   RESULTANT WIND DIRECTION   W (290)
  HIGHEST WIND SPEED    10   HIGHEST WIND DIRECTION     W (290)
  HIGHEST GUST SPEED    14   HIGHEST GUST DIRECTION    NW (310)
  AVERAGE WIND SPEED     4.1


SKY COVER
  POSSIBLE SUNSHINE  MM
  AVERAGE SKY COVER 0.0


WEATHER CONDITIONS
 THE FOLLOWING WEATHER WAS RECORDED YESTERDAY.
  LIGHT RAIN


RELATIVE HUMIDITY (PERCENT)
 HIGHEST    72           500 AM
 LOWEST     16           400 PM
 AVERAGE    44

..........................................................


THE SAN JOSE AIRPORT CLIMATE NORMALS FOR TODAY
                         NORMAL    RECORD    YEAR
 MAXIMUM TEMPERATURE (F)   79        98      1963
 MINIMUM TEMPERATURE (F)   56        38      1893


SUNRISE AND SUNSET
SEPTEMBER 26 2016.....SUNRISE   659 AM PDT   SUNSET   658 PM PDT
SEPTEMBER 27 2016.....SUNRISE   700 AM PDT   SUNSET   656 PM PDT


-  INDICATES NEGATIVE NUMBERS.
R  INDICATES RECORD WAS SET OR TIED.
MM INDICATES DATA IS MISSING.
T  INDICATES TRACE AMOUNT.




$$
