000
CDUS44 KSJT 280710
CLISJT


CLIMATE REPORT
NATIONAL WEATHER SERVICE SAN ANGELO TX
209 AM CDT THU MAY 28 2015


...................................

...THE SAN ANGELO CLIMATE SUMMARY FOR MAY 27 2015...

CLIMATE NORMAL PERIOD 1981 TO 2010
CLIMATE RECORD PERIOD 1907 TO 2015


WEATHER ITEM   OBSERVED TIME   RECORD YEAR NORMAL DEPARTURE LAST
                VALUE   (LST)  VALUE       VALUE  FROM      YEAR
                                                  NORMAL
..................................................................
TEMPERATURE (F)
 YESTERDAY
  MAXIMUM         91    309 PM 108    2011  89      2       89
  MINIMUM         70   1254 AM  53    1961  65      5       62
  AVERAGE         81                        77      4       76

PRECIPITATION (IN)
  YESTERDAY        0.00          1.07 1952   0.11  -0.11     0.00
  MONTH TO DATE    7.84                      2.38   5.46     7.75
  SINCE MAR 1     11.32                      5.30   6.02     8.21
  SINCE JAN 1     13.58                      7.58   6.00     8.27

DEGREE DAYS
 HEATING
  YESTERDAY        0                         0      0        0
  MONTH TO DATE    8                         8      0       28
  SINCE MAR 1    338                       353    -15      377
  SINCE JUL 1   2185                      2314   -129     2497

 COOLING
  YESTERDAY       16                        12      4       11
  MONTH TO DATE  243                       253    -10      300
  SINCE MAR 1    437                       404     33      550
  SINCE JAN 1    439                       409     30      553
..................................................................


WIND (MPH)
  HIGHEST WIND SPEED    24   HIGHEST WIND DIRECTION    SE (140)
  HIGHEST GUST SPEED    33   HIGHEST GUST DIRECTION    SE (140)
  AVERAGE WIND SPEED     9.4


SKY COVER
  POSSIBLE SUNSHINE  MM
  AVERAGE SKY COVER 0.3


WEATHER CONDITIONS
 THE FOLLOWING WEATHER WAS RECORDED YESTERDAY.
  THUNDERSTORM


RELATIVE HUMIDITY (PERCENT)
 HIGHEST    93           200 AM
 LOWEST     47           300 PM
 AVERAGE    70

..........................................................


THE SAN ANGELO CLIMATE NORMALS FOR TODAY
                         NORMAL    RECORD    YEAR
 MAXIMUM TEMPERATURE (F)   89       110      2011
 MINIMUM TEMPERATURE (F)   66        51      1968


SUNRISE AND SUNSET
MAY 28 2015...........SUNRISE   640 AM CDT   SUNSET   839 PM CDT
MAY 29 2015...........SUNRISE   639 AM CDT   SUNSET   840 PM CDT


-  INDICATES NEGATIVE NUMBERS.
R  INDICATES RECORD WAS SET OR TIED.
MM INDICATES DATA IS MISSING.
T  INDICATES TRACE AMOUNT.




$$
