000
CDUS44 KSJT 210725
CLISJT


CLIMATE REPORT
NATIONAL WEATHER SERVICE SAN ANGELO TX
224 AM CDT THU AUG 21 2014


...................................

...THE SAN ANGELO CLIMATE SUMMARY FOR AUGUST 20 2014...

CLIMATE NORMAL PERIOD 1981 TO 2010
CLIMATE RECORD PERIOD 1907 TO 2014


WEATHER ITEM   OBSERVED TIME   RECORD YEAR NORMAL DEPARTURE LAST
                VALUE   (LST)  VALUE       VALUE  FROM      YEAR
                                                  NORMAL
..................................................................
TEMPERATURE (F)
 YESTERDAY
  MAXIMUM         96    411 PM 109    1986  95      1       97
  MINIMUM         72    116 AM  57    1940  71      1       73
  AVERAGE         84                        83      1       85

PRECIPITATION (IN)
  YESTERDAY        0.00          0.66 1953   0.08  -0.08     0.00
                                      1919
  MONTH TO DATE    0.63                      1.26  -0.63     0.23
  SINCE JUN 1      3.69                      5.05  -1.36     4.80
  SINCE JAN 1     11.96                     13.07  -1.11    11.18

DEGREE DAYS
 HEATING
  YESTERDAY        0                         0      0        0
  MONTH TO DATE    0                         0      0        0
  SINCE JUN 1      0                         0      0        0
  SINCE JUL 1      0                         0      0        0

 COOLING
  YESTERDAY       19                        18      1       20
  MONTH TO DATE  368                       370     -2      426
  SINCE JUN 1   1431                      1397     34     1541
  SINCE JAN 1   2033                      1857    176     2137
..................................................................


WIND (MPH)
  HIGHEST WIND SPEED    22   HIGHEST WIND DIRECTION     S (170)
  HIGHEST GUST SPEED    29   HIGHEST GUST DIRECTION     S (170)
  AVERAGE WIND SPEED    11.6


SKY COVER
  POSSIBLE SUNSHINE  MM
  AVERAGE SKY COVER 0.1


WEATHER CONDITIONS
 THE FOLLOWING WEATHER WAS RECORDED YESTERDAY.
  NO SIGNIFICANT WEATHER WAS OBSERVED.


RELATIVE HUMIDITY (PERCENT)
 HIGHEST    87           100 AM
 LOWEST     33           600 PM
 AVERAGE    60

..........................................................


THE SAN ANGELO CLIMATE NORMALS FOR TODAY
                         NORMAL    RECORD    YEAR
 MAXIMUM TEMPERATURE (F)   94       105      1943
 MINIMUM TEMPERATURE (F)   71        57      1940


SUNRISE AND SUNSET
AUGUST 21 2014........SUNRISE   711 AM CDT   SUNSET   818 PM CDT
AUGUST 22 2014........SUNRISE   712 AM CDT   SUNSET   817 PM CDT


-  INDICATES NEGATIVE NUMBERS.
R  INDICATES RECORD WAS SET OR TIED.
MM INDICATES DATA IS MISSING.
T  INDICATES TRACE AMOUNT.




$$
