000
CDUS44 KSJT 172337
CLISJT


CLIMATE REPORT
NATIONAL WEATHER SERVICE SAN ANGELO TX
537 PM CST SUN DEC 17 2017


...................................

...THE SAN ANGELO CLIMATE SUMMARY FOR DECEMBER 17 2017...
VALID TODAY AS OF 0500 PM LOCAL TIME.

CLIMATE NORMAL PERIOD 1981 TO 2010
CLIMATE RECORD PERIOD 1907 TO 2017


WEATHER ITEM   OBSERVED TIME   RECORD YEAR NORMAL DEPARTURE LAST
                VALUE   (LST)  VALUE       VALUE  FROM      YEAR
                                                  NORMAL
..................................................................
TEMPERATURE (F)
 TODAY
  MAXIMUM         69    409 PM  84    2016  59     10       84
  MINIMUM         38    517 AM  18    1972  33      5       22
                                      1926
  AVERAGE         54                        46      8       53

PRECIPITATION (IN)
  TODAY            0.00          0.58 1937   0.03  -0.03     0.00
  MONTH TO DATE    0.45                      0.44   0.01     0.73
  SINCE DEC 1      0.45                      0.44   0.01     0.73
  SINCE JAN 1     17.80                     20.84  -3.04    35.71

SNOWFALL (IN)
  TODAY            0.0           1.5  1931   0.0    0.0      0.0
  MONTH TO DATE    T                         0.1   -0.1       T
  SINCE NOV 1      T                         0.4   -0.4       T
  SINCE JUL 1      T                         0.4   -0.4       T

DEGREE DAYS
 HEATING
  TODAY           11                        19     -8       12
  MONTH TO DATE  260                       297    -37      288
  SINCE DEC 1    260                       297    -37      288
  SINCE JUL 1    560                       697   -137      456

 COOLING
  TODAY            0                         0      0        0
  MONTH TO DATE    3                         0      3        0
  SINCE DEC 1      3                         0      3        0
  SINCE JAN 1   2876                      2502    374     2829
..................................................................


WIND (MPH)
  HIGHEST WIND SPEED    20   HIGHEST WIND DIRECTION     S (190)
  HIGHEST GUST SPEED    22   HIGHEST GUST DIRECTION     S (190)
  AVERAGE WIND SPEED     9.4


SKY COVER
  POSSIBLE SUNSHINE  MM
  AVERAGE SKY COVER 0.4


WEATHER CONDITIONS
 THE FOLLOWING WEATHER WAS RECORDED TODAY.
  NO SIGNIFICANT WEATHER WAS OBSERVED.


RELATIVE HUMIDITY (PERCENT)
 HIGHEST    92           500 AM
 LOWEST     33           300 PM
 AVERAGE    63

..........................................................


THE SAN ANGELO CLIMATE NORMALS FOR TOMORROW
                         NORMAL    RECORD    YEAR
 MAXIMUM TEMPERATURE (F)   59        83      2012
 MINIMUM TEMPERATURE (F)   33        14      1983


SUNRISE AND SUNSET
DECEMBER 17 2017......SUNRISE   735 AM CST   SUNSET   542 PM CST
DECEMBER 18 2017......SUNRISE   735 AM CST   SUNSET   542 PM CST


-  INDICATES NEGATIVE NUMBERS.
R  INDICATES RECORD WAS SET OR TIED.
MM INDICATES DATA IS MISSING.
T  INDICATES TRACE AMOUNT.




$$
