000
CDUS44 KSJT 211003
CLISJT


CLIMATE REPORT
NATIONAL WEATHER SERVICE SAN ANGELO TX
502 AM CDT THU SEP 21 2017


...................................

...THE SAN ANGELO CLIMATE SUMMARY FOR SEPTEMBER 20 2017...

CLIMATE NORMAL PERIOD 1981 TO 2010
CLIMATE RECORD PERIOD 1907 TO 2017


WEATHER ITEM   OBSERVED TIME   RECORD YEAR NORMAL DEPARTURE LAST
                VALUE   (LST)  VALUE       VALUE  FROM      YEAR
                                                  NORMAL
..................................................................
TEMPERATURE (F)
 YESTERDAY
  MAXIMUM        102R   242 PM 102    1953  86     16       98
  MINIMUM         73    657 AM  37    1913  62     11       71
  AVERAGE         88                        74     14       85

PRECIPITATION (IN)
  YESTERDAY        0.00          1.81 1990   0.07  -0.07     0.00
  MONTH TO DATE    0.81                      1.70  -0.89     2.49
  SINCE SEP 1      0.81                      1.70  -0.89     2.49
  SINCE JAN 1     12.91                     15.77  -2.86    28.01

DEGREE DAYS
 HEATING
  YESTERDAY        0                         0      0        0
  MONTH TO DATE    0                         0      0        0
  SINCE SEP 1      0                         0      0        0
  SINCE JUL 1      0                         0      0        0

 COOLING
  YESTERDAY       23                        10     13       20
  MONTH TO DATE  273                       248     25      314
  SINCE SEP 1    273                       248     25      314
  SINCE JAN 1   2547                      2284    263     2474
..................................................................


WIND (MPH)
  HIGHEST WIND SPEED    30   HIGHEST WIND DIRECTION    NW (310)
  HIGHEST GUST SPEED    43   HIGHEST GUST DIRECTION    NW (310)
  AVERAGE WIND SPEED    11.3


SKY COVER
  POSSIBLE SUNSHINE  MM
  AVERAGE SKY COVER 0.0


WEATHER CONDITIONS
 THE FOLLOWING WEATHER WAS RECORDED YESTERDAY.
  THUNDERSTORM


RELATIVE HUMIDITY (PERCENT)
 HIGHEST    79           600 AM
 LOWEST     24           300 PM
 AVERAGE    52

..........................................................


THE SAN ANGELO CLIMATE NORMALS FOR TODAY
                         NORMAL    RECORD    YEAR
 MAXIMUM TEMPERATURE (F)   86       101      1977
 MINIMUM TEMPERATURE (F)   62        37      1913


SUNRISE AND SUNSET
SEPTEMBER 21 2017.....SUNRISE   730 AM CDT   SUNSET   739 PM CDT
SEPTEMBER 22 2017.....SUNRISE   730 AM CDT   SUNSET   738 PM CDT


-  INDICATES NEGATIVE NUMBERS.
R  INDICATES RECORD WAS SET OR TIED.
MM INDICATES DATA IS MISSING.
T  INDICATES TRACE AMOUNT.




$$
