652
CDUS44 KSJT 280756
CLISJT


CLIMATE REPORT
NATIONAL WEATHER SERVICE SAN ANGELO TX
256 AM CDT FRI JUL 28 2017


...................................

...THE SAN ANGELO CLIMATE SUMMARY FOR JULY 27 2017...

CLIMATE NORMAL PERIOD 1981 TO 2010
CLIMATE RECORD PERIOD 1907 TO 2017


WEATHER ITEM   OBSERVED TIME   RECORD YEAR NORMAL DEPARTURE LAST
                VALUE   (LST)  VALUE       VALUE  FROM      YEAR
                                                  NORMAL
..................................................................
TEMPERATURE (F)
 YESTERDAY
  MAXIMUM        101    401 PM 111    1944  96      5       99
  MINIMUM         73    634 AM  60    1913  72      1       70
  AVERAGE         87                        84      3       85

PRECIPITATION (IN)
  YESTERDAY        0.00          0.68 1992   0.04  -0.04     0.00
  MONTH TO DATE    1.69                      1.05   0.64     0.00
  SINCE JUN 1      3.21                      3.64  -0.43     7.02
  SINCE JAN 1      9.69                     11.66  -1.97    22.65

DEGREE DAYS
 HEATING
  YESTERDAY        0                         0      0        0
  MONTH TO DATE    0                         0      0        0
  SINCE JUN 1      0                         0      0        0
  SINCE JUL 1      0                         0      0        0

 COOLING
  YESTERDAY       22                        19      3       20
  MONTH TO DATE  524                       488     36      615
  SINCE JUN 1   1086                       952    134     1061
  SINCE JAN 1   1662                      1412    250     1472
..................................................................


WIND (MPH)
  HIGHEST WIND SPEED    17   HIGHEST WIND DIRECTION     S (180)
  HIGHEST GUST SPEED    27   HIGHEST GUST DIRECTION     S (160)
  AVERAGE WIND SPEED     9.3


SKY COVER
  POSSIBLE SUNSHINE  MM
  AVERAGE SKY COVER 0.0


WEATHER CONDITIONS
 THE FOLLOWING WEATHER WAS RECORDED YESTERDAY.
  NO SIGNIFICANT WEATHER WAS OBSERVED.


RELATIVE HUMIDITY (PERCENT)
 HIGHEST    68           600 AM
 LOWEST     22           400 PM
 AVERAGE    45

..........................................................


THE SAN ANGELO CLIMATE NORMALS FOR TODAY
                         NORMAL    RECORD    YEAR
 MAXIMUM TEMPERATURE (F)   96       110      1944
 MINIMUM TEMPERATURE (F)   72        62      1915


SUNRISE AND SUNSET
JULY 28 2017..........SUNRISE   656 AM CDT   SUNSET   840 PM CDT
JULY 29 2017..........SUNRISE   657 AM CDT   SUNSET   840 PM CDT


-  INDICATES NEGATIVE NUMBERS.
R  INDICATES RECORD WAS SET OR TIED.
MM INDICATES DATA IS MISSING.
T  INDICATES TRACE AMOUNT.




$$
