000
CDCA42 TJSJ 032245
CLISJU


CLIMATE REPORT
NATIONAL WEATHER SERVICE SAN JUAN, PR
645 PM AST FRI JUL 3 2015


...................................

...THE SAN JUAN AREA/PR CLIMATE SUMMARY FOR JULY 3 2015...
VALID TODAY AS OF 0600 PM LOCAL TIME.

CLIMATE NORMAL PERIOD 1981 TO 2010
CLIMATE RECORD PERIOD 1898 TO 2015


WEATHER ITEM   OBSERVED TIME   RECORD YEAR NORMAL DEPARTURE LAST
                VALUE   (LST)  VALUE       VALUE  FROM      YEAR
                                                  NORMAL
..................................................................
TEMPERATURE (F)
 TODAY
  MAXIMUM         89   1215 PM  94    1988  89      0       91
  MINIMUM         80    442 AM  71    1956  78      2       79
  AVERAGE         85                        83      2       85

PRECIPITATION (IN)
  TODAY            T             2.46 1950   0.16  -0.16     0.16
  MONTH TO DATE    0.15                      0.46  -0.31     0.16
  SINCE JUN 1      2.26                      4.87  -2.61     0.93
  SINCE JAN 1     15.65                     23.55  -7.90    19.52

SNOWFALL (IN)
  TODAY            0.0                       0.0    0.0      0.0
  MONTH TO DATE    0.0                       0.0    0.0      0.0
  SINCE JUN 1      0.0                       0.0    0.0      0.0
  SINCE JUL 1      0.0                       0.0    0.0      0.0

DEGREE DAYS
 HEATING
  TODAY            0                         0      0        0
  MONTH TO DATE    0                         0      0        0
  SINCE JUN 1      0                         0      0        0
  SINCE JUL 1      0                         0      0        0

 COOLING
  TODAY           20                        18      2       20
  MONTH TO DATE   58                        54      4       64
  SINCE JUN 1    632                       603     29      674
  SINCE JAN 1   2973                      2768    205     3080
..................................................................


WIND (MPH)
  HIGHEST WIND SPEED    25   HIGHEST WIND DIRECTION     E (70)
  HIGHEST GUST SPEED    30   HIGHEST GUST DIRECTION    NE (60)
  AVERAGE WIND SPEED    15.0


SKY COVER
  AVERAGE SKY COVER 0.4


WEATHER CONDITIONS
 THE FOLLOWING WEATHER WAS RECORDED TODAY.
  NO SIGNIFICANT WEATHER WAS OBSERVED.


RELATIVE HUMIDITY (PERCENT)
 HIGHEST    85
 LOWEST     47
 AVERAGE    66

..........................................................


THE SAN JUAN AREA/PR CLIMATE NORMALS FOR TOMORROW
                         NORMAL    RECORD    YEAR
 MAXIMUM TEMPERATURE (F)   89        92      1997
 MINIMUM TEMPERATURE (F)   78        70      1899


SUNRISE AND SUNSET
JULY  3 2015..........SUNRISE   552 AM AST   SUNSET   705 PM AST
JULY  4 2015..........SUNRISE   552 AM AST   SUNSET   705 PM AST


-  INDICATES NEGATIVE NUMBERS.
R  INDICATES RECORD WAS SET OR TIED.
MM INDICATES DATA IS MISSING.
T  INDICATES TRACE AMOUNT.




$$
