000
CDCA42 TJSJ 222127
CLISJU


CLIMATE REPORT
NATIONAL WEATHER SERVICE SAN JUAN, PR
527 PM AST FRI AUG 22 2014


...................................

...THE SAN JUAN/P.R. CLIMATE SUMMARY FOR AUGUST 22 2014...
VALID TODAY AS OF 0500 PM LOCAL TIME.

CLIMATE NORMAL PERIOD 1981 TO 2010
CLIMATE RECORD PERIOD 1898 TO 2014


WEATHER ITEM   OBSERVED TIME   RECORD YEAR NORMAL DEPARTURE LAST
                VALUE   (LST)  VALUE       VALUE  FROM      YEAR
                                                  NORMAL
..................................................................
TEMPERATURE (F)
 TODAY
  MAXIMUM         80    406 PM  93    2007  89     -9       87
  MINIMUM         76    758 AM  70    1916  78     -2       72
  AVERAGE         78                        84     -6       80

PRECIPITATION (IN)
  TODAY            1.58          5.76 2011   0.19   1.39     1.57
  MONTH TO DATE    5.86                      3.64   2.22     6.82
  SINCE JUN 1     10.20                     13.12  -2.92    32.28
  SINCE JAN 1     28.76                     31.80  -3.04    57.03

SNOWFALL (IN)
  TODAY            0.0
  MONTH TO DATE    0.0
  SINCE JUN 1      0.0
  SINCE JUL 1      0.0

DEGREE DAYS
 HEATING
  TODAY            0                         0      0        0
  MONTH TO DATE    0                         0      0        0
  SINCE JUN 1      0                         0      0        0
  SINCE JUL 1      0                         0      0        0

 COOLING
  TODAY           13                        19     -6       15
  MONTH TO DATE  397                       418    -21      412
  SINCE JUN 1   1634                      1537     97     1487
  SINCE JAN 1   4040                      3702    338     3735
..................................................................


WIND (MPH)
  RESULTANT WIND SPEED   5   RESULTANT WIND DIRECTION   E (80)
  HIGHEST WIND SPEED    18   HIGHEST WIND DIRECTION    SE (140)
  HIGHEST GUST SPEED    25   HIGHEST GUST DIRECTION    SE (150)
  AVERAGE WIND SPEED     5.9


SKY COVER
  POSSIBLE SUNSHINE  MM
  AVERAGE SKY COVER 0.8


WEATHER CONDITIONS
 THE FOLLOWING WEATHER WAS RECORDED TODAY.
  THUNDERSTORM
  HEAVY RAIN
  RAIN
  LIGHT RAIN
  FOG


RELATIVE HUMIDITY (PERCENT)
 HIGHEST    97
 LOWEST     91
 AVERAGE    94

..........................................................


THE SAN JUAN/P.R. CLIMATE NORMALS FOR TOMORROW
                         NORMAL    RECORD    YEAR
 MAXIMUM TEMPERATURE (F)   89        96      1974
 MINIMUM TEMPERATURE (F)   78        71      2000


SUNRISE AND SUNSET
AUGUST 22 2014........SUNRISE   607 AM AST   SUNSET   646 PM AST
AUGUST 23 2014........SUNRISE   608 AM AST   SUNSET   645 PM AST


-  INDICATES NEGATIVE NUMBERS.
R  INDICATES RECORD WAS SET OR TIED.
MM INDICATES DATA IS MISSING.
T  INDICATES TRACE AMOUNT.




$$
