000
CDCA42 TJSJ 240435
CLISJU


CLIMATE REPORT
NATIONAL WEATHER SERVICE SAN JUAN, PR
1234 AM AST FRI FEB 24 2017


...................................

...THE SAN JUAN AREA/PR CLIMATE SUMMARY FOR FEBRUARY 23 2017...

CLIMATE NORMAL PERIOD 1981 TO 2010
CLIMATE RECORD PERIOD 1898 TO 2017


WEATHER ITEM   OBSERVED TIME   RECORD YEAR NORMAL DEPARTURE LAST
                VALUE   (LST)  VALUE       VALUE  FROM      YEAR
                                                  NORMAL
..................................................................
TEMPERATURE (F)
 YESTERDAY
  MAXIMUM         83   1155 AM  89    1964  84     -1       87
  MINIMUM         73    211 AM  64    1956  72      1       74
  AVERAGE         78                        78      0       81

PRECIPITATION (IN)
  YESTERDAY        0.34          3.98 1918   0.08   0.26      T
  MONTH TO DATE    1.45                      2.02  -0.57     3.58
  SINCE DEC 1      7.64                     10.80  -3.16     8.65
  SINCE JAN 1      3.34                      5.78  -2.44     5.18

SNOWFALL (IN)
  YESTERDAY        0.0                       0.0    0.0      0.0
  MONTH TO DATE    0.0                       0.0    0.0      0.0
  SINCE DEC 1      0.0                       0.0    0.0      0.0
  SINCE JUL 1      0.0                       0.0    0.0      0.0

DEGREE DAYS
 HEATING
  YESTERDAY        0                         0      0        0
  MONTH TO DATE    0                         0      0        0
  SINCE DEC 1      0                         0      0        0
  SINCE JUL 1      0                         0      0        0

 COOLING
  YESTERDAY       13                        13      0       16
  MONTH TO DATE  341                       299     42      325
  SINCE DEC 1   1269                      1113    156     1228
  SINCE JAN 1    774                       690     84      756
..................................................................


WIND (MPH)
  HIGHEST WIND SPEED    22   HIGHEST WIND DIRECTION     E (90)
  HIGHEST GUST SPEED    26   HIGHEST GUST DIRECTION     E (80)
  AVERAGE WIND SPEED     4.6


SKY COVER
  AVERAGE SKY COVER 0.5


WEATHER CONDITIONS
 THE FOLLOWING WEATHER WAS RECORDED YESTERDAY.
  RAIN
  LIGHT RAIN
  FOG


RELATIVE HUMIDITY (PERCENT)
 HIGHEST    94
 LOWEST     69
 AVERAGE    82

..........................................................


THE SAN JUAN AREA/PR CLIMATE NORMALS FOR TODAY
                         NORMAL    RECORD    YEAR
 MAXIMUM TEMPERATURE (F)   84        92      1983
 MINIMUM TEMPERATURE (F)   72        64      1951


SUNRISE AND SUNSET
FEBRUARY 24 2017......SUNRISE   646 AM AST   SUNSET   628 PM AST
FEBRUARY 25 2017......SUNRISE   645 AM AST   SUNSET   629 PM AST


-  INDICATES NEGATIVE NUMBERS.
R  INDICATES RECORD WAS SET OR TIED.
MM INDICATES DATA IS MISSING.
T  INDICATES TRACE AMOUNT.




$$
