000
CDCA42 TJSJ 230433
CLISJU


CLIMATE REPORT
NATIONAL WEATHER SERVICE SAN JUAN, PR
1233 AM AST WED AUG 23 2017


...................................

...THE SAN JUAN AREA/PR CLIMATE SUMMARY FOR AUGUST 22 2017...

CLIMATE NORMAL PERIOD 1981 TO 2010
CLIMATE RECORD PERIOD 1898 TO 2017


WEATHER ITEM   OBSERVED TIME   RECORD YEAR NORMAL DEPARTURE LAST
                VALUE   (LST)  VALUE       VALUE  FROM      YEAR
                                                  NORMAL
..................................................................
TEMPERATURE (F)
 YESTERDAY
  MAXIMUM         89    208 PM  93    2007  89      0       88
  MINIMUM         80    659 AM  70    1916  78      2       79
  AVERAGE         85                        84      1       84

PRECIPITATION (IN)
  YESTERDAY        0.01          5.76 2011   0.19  -0.18     0.07
  MONTH TO DATE    5.61                      3.64   1.97     3.29
  SINCE JUN 1     16.20                     13.12   3.08    11.13
  SINCE JAN 1     36.61                     31.80   4.81    36.01

SNOWFALL (IN)
  YESTERDAY        0.0                       0.0    0.0      0.0
  MONTH TO DATE    0.0                       0.0    0.0      0.0
  SINCE JUN 1      0.0                       0.0    0.0      0.0
  SINCE JUL 1      0.0                       0.0    0.0      0.0

DEGREE DAYS
 HEATING
  YESTERDAY        0                         0      0        0
  MONTH TO DATE    0                         0      0        0
  SINCE JUN 1      0                         0      0        0
  SINCE JUL 1      0                         0      0        0

 COOLING
  YESTERDAY       20                        19      1       19
  MONTH TO DATE  433                       418     15      412
  SINCE JUN 1   1588                      1537     51     1557
  SINCE JAN 1   3851                      3702    149     3833
..................................................................


WIND (MPH)
  HIGHEST WIND SPEED    20   HIGHEST WIND DIRECTION     E (70)
  HIGHEST GUST SPEED    26   HIGHEST GUST DIRECTION     E (80)
  AVERAGE WIND SPEED     8.6


SKY COVER
  AVERAGE SKY COVER 0.4


WEATHER CONDITIONS
 THE FOLLOWING WEATHER WAS RECORDED YESTERDAY.
  NO SIGNIFICANT WEATHER WAS OBSERVED.


RELATIVE HUMIDITY (PERCENT)
 HIGHEST    91
 LOWEST     70
 AVERAGE    81

..........................................................


THE SAN JUAN AREA/PR CLIMATE NORMALS FOR TODAY
                         NORMAL    RECORD    YEAR
 MAXIMUM TEMPERATURE (F)   89        96      1974
 MINIMUM TEMPERATURE (F)   78        71      2000


SUNRISE AND SUNSET
AUGUST 23 2017........SUNRISE   608 AM AST   SUNSET   645 PM AST
AUGUST 24 2017........SUNRISE   608 AM AST   SUNSET   644 PM AST


-  INDICATES NEGATIVE NUMBERS.
R  INDICATES RECORD WAS SET OR TIED.
MM INDICATES DATA IS MISSING.
T  INDICATES TRACE AMOUNT.




$$
