000
CDUS45 KSLC 051227
CLISLC


CLIMATE REPORT
NATIONAL WEATHER SERVICE SALT LAKE CITY UT
526 AM MST MON DEC 5 2016


...................................

...THE SALT LAKE CITY UT CLIMATE SUMMARY FOR DECEMBER 4 2016...

CLIMATE NORMAL PERIOD 1981 TO 2010
CLIMATE RECORD PERIOD 1874 TO 2016


WEATHER ITEM   OBSERVED TIME   RECORD YEAR NORMAL DEPARTURE LAST
                VALUE   (LST)  VALUE       VALUE  FROM      YEAR
                                                  NORMAL
..................................................................
TEMPERATURE (F)
 YESTERDAY
  MAXIMUM         44   1159 PM  59    2014  40      4       43
  MINIMUM         27    717 AM   3    1992  24      3       27
  AVERAGE         36                        32      4       35

PRECIPITATION (IN)
  YESTERDAY        0.00          0.70 1998   0.05  -0.05     0.00
  MONTH TO DATE    0.02                      0.19  -0.17     0.00
  SINCE OCT 1      2.68                      3.16  -0.48     1.02
  SINCE JAN 1     12.88                     14.88  -2.00    13.91

SNOWFALL (IN)
  YESTERDAY        0.0           8.7  1948   0.4   -0.4      0.0
  MONTH TO DATE    0.2                       1.6   -1.4      0.0
  SINCE OCT 1      5.9                      10.6   -4.7      1.4
  SINCE JUL 1      5.9                      10.6   -4.7      1.4
  SNOW DEPTH       1

DEGREE DAYS
 HEATING
  YESTERDAY       29                        33     -4       30
  MONTH TO DATE  129                       129      0      135
  SINCE DEC 1    129                       129      0      135
  SINCE JUL 1    928                      1347   -419     1077

 COOLING
  YESTERDAY        0                         0      0        0
  MONTH TO DATE    0                         0      0        0
  SINCE DEC 1      0                         0      0        0
  SINCE JAN 1   1619                      1160    459     1444
..................................................................


WIND (MPH)
  RESULTANT WIND SPEED  11   RESULTANT WIND DIRECTION  SE (140)
  HIGHEST WIND SPEED    17   HIGHEST WIND DIRECTION    SE (150)
  HIGHEST GUST SPEED    21   HIGHEST GUST DIRECTION    SE (150)
  AVERAGE WIND SPEED    10.5


SKY COVER
  POSSIBLE SUNSHINE  MM
  AVERAGE SKY COVER 0.5


WEATHER CONDITIONS
 THE FOLLOWING WEATHER WAS RECORDED YESTERDAY.
  NO SIGNIFICANT WEATHER WAS OBSERVED.


RELATIVE HUMIDITY (PERCENT)
 HIGHEST    75           700 AM
 LOWEST     39           500 PM
 AVERAGE    57

..........................................................


THE SALT LAKE CITY UT CLIMATE NORMALS FOR TODAY
                         NORMAL    RECORD    YEAR
 MAXIMUM TEMPERATURE (F)   40        60      1946
 MINIMUM TEMPERATURE (F)   24        -3      1972


SUNRISE AND SUNSET
DECEMBER  5 2016......SUNRISE   737 AM MST   SUNSET   500 PM MST
DECEMBER  6 2016......SUNRISE   738 AM MST   SUNSET   500 PM MST


-  INDICATES NEGATIVE NUMBERS.
R  INDICATES RECORD WAS SET OR TIED.
MM INDICATES DATA IS MISSING.
T  INDICATES TRACE AMOUNT.




$$
