000
CDUS45 KSLC 220025
CLISLC


CLIMATE REPORT
NATIONAL WEATHER SERVICE SALT LAKE CITY UT
625 PM MDT SUN SEP 21 2014


...................................

...THE SALT LAKE CITY UT CLIMATE SUMMARY FOR SEPTEMBER 21 2014...
VALID TODAY AS OF 0500 PM LOCAL TIME.

CLIMATE NORMAL PERIOD 1981 TO 2010
CLIMATE RECORD PERIOD 1874 TO 2014


WEATHER ITEM   OBSERVED TIME   RECORD YEAR NORMAL DEPARTURE LAST
                VALUE   (LST)  VALUE       VALUE  FROM      YEAR
                                                  NORMAL
..................................................................
TEMPERATURE (F)
 TODAY
  MAXIMUM         71   1203 AM  90    2013  77     -6       90
                                      1944
  MINIMUM         60    213 PM  32    1895  51      9       64
  AVERAGE         66                        64      2       77

PRECIPITATION (IN)
  TODAY            0.39          0.75 1895   0.05   0.34     0.00
  MONTH TO DATE    0.88                      0.79   0.09     1.01
  SINCE OCT 1     13.83                     15.68  -1.85    13.02
  SINCE JAN 1     10.82                     11.30  -0.48     8.45

SNOWFALL (IN)
  TODAY            0.0          MM      MM   0.0    0.0      0.0
  MONTH TO DATE    0.0                       0.0    0.0      0.0
  SINCE OCT 1     35.5                      56.2  -20.7     69.9
  SINCE JUL 1      0.0                       0.0    0.0      0.0
  SNOW DEPTH       0

DEGREE DAYS
 HEATING
  TODAY            0                         4     -4        0
  MONTH TO DATE    9                        38    -29        5
  SINCE SEP 1      9                        38    -29        5
  SINCE JUL 1     10                        43    -33        5

 COOLING
  TODAY            1                         2     -1       12
  MONTH TO DATE  145                       103     42      206
  SINCE SEP 1    145                       103     42      206
  SINCE JAN 1   1198                      1139     59     1752
..................................................................


WIND (MPH)
  RESULTANT WIND SPEED   5   RESULTANT WIND DIRECTION   S (170)
  HIGHEST WIND SPEED    20   HIGHEST WIND DIRECTION    SE (140)
  HIGHEST GUST SPEED    24   HIGHEST GUST DIRECTION    SE (140)
  AVERAGE WIND SPEED     6.5


SKY COVER
  POSSIBLE SUNSHINE  MM
  AVERAGE SKY COVER 0.6


WEATHER CONDITIONS
 THE FOLLOWING WEATHER WAS RECORDED TODAY.
  HEAVY RAIN
  RAIN
  LIGHT RAIN
  FOG


RELATIVE HUMIDITY (PERCENT)
 HIGHEST    97           200 PM
 LOWEST     41          1200 AM
 AVERAGE    69

..........................................................


THE SALT LAKE CITY UT CLIMATE NORMALS FOR TOMORROW
                         NORMAL    RECORD    YEAR
 MAXIMUM TEMPERATURE (F)   76        91      1966
                                             1954
 MINIMUM TEMPERATURE (F)   50        29      1895


SUNRISE AND SUNSET
SEPTEMBER 21 2014.....SUNRISE   714 AM MDT   SUNSET   727 PM MDT
SEPTEMBER 22 2014.....SUNRISE   715 AM MDT   SUNSET   725 PM MDT


-  INDICATES NEGATIVE NUMBERS.
R  INDICATES RECORD WAS SET OR TIED.
MM INDICATES DATA IS MISSING.
T  INDICATES TRACE AMOUNT.




$$
