000
CDUS45 KSLC 281225
CLISLC


CLIMATE REPORT
NATIONAL WEATHER SERVICE SALT LAKE CITY UT
625 AM MDT THU MAY 28 2015


...................................

...THE SALT LAKE CITY UT CLIMATE SUMMARY FOR MAY 27 2015...

CLIMATE NORMAL PERIOD 1981 TO 2010
CLIMATE RECORD PERIOD 1874 TO 2015


WEATHER ITEM   OBSERVED TIME   RECORD YEAR NORMAL DEPARTURE LAST
                VALUE   (LST)  VALUE       VALUE  FROM      YEAR
                                                  NORMAL
..................................................................
TEMPERATURE (F)
 YESTERDAY
  MAXIMUM         71    413 PM  93    1951  76     -5       90
  MINIMUM         51    534 AM  33    1929  51      0       63
  AVERAGE         61                        63     -2       77

PRECIPITATION (IN)
  YESTERDAY        0.10          0.72 1899   0.05   0.05     0.00
  MONTH TO DATE    4.09                      1.73   2.36     1.04
  SINCE OCT 1     10.30                     12.39  -2.09     9.48
  SINCE JAN 1      8.29                      8.01   0.28     6.47

SNOWFALL (IN)
  YESTERDAY        0.0           T    1929   0.0    0.0      0.0
  MONTH TO DATE    0.0                       0.3   -0.3      0.0
  SINCE OCT 1     15.4                      56.2  -40.8     35.5
  SINCE JUL 1     15.4                      56.2  -40.8     35.5
  SNOW DEPTH       0

DEGREE DAYS
 HEATING
  YESTERDAY        4                         4      0        0
  MONTH TO DATE  174                       190    -16      159
  SINCE MAR 1   1011                      1290   -279     1031
  SINCE JUL 1   4358                      5546  -1188     5018

 COOLING
  YESTERDAY        0                         2     -2       12
  MONTH TO DATE   14                        36    -22       28
  SINCE MAR 1     14                        40    -26       28
  SINCE JAN 1     14                        40    -26       28
..................................................................


WIND (MPH)
  RESULTANT WIND SPEED   0   RESULTANT WIND DIRECTION   E (110)
  HIGHEST WIND SPEED    33   HIGHEST WIND DIRECTION     W (290)
  HIGHEST GUST SPEED    44   HIGHEST GUST DIRECTION    NW (300)
  AVERAGE WIND SPEED     8.1


SKY COVER
  POSSIBLE SUNSHINE  MM
  AVERAGE SKY COVER 0.4


WEATHER CONDITIONS
 THE FOLLOWING WEATHER WAS RECORDED YESTERDAY.
  THUNDERSTORM
  RAIN
  LIGHT RAIN
  HAZE


RELATIVE HUMIDITY (PERCENT)
 HIGHEST    86          1000 PM
 LOWEST     45           700 PM
 AVERAGE    66

..........................................................


THE SALT LAKE CITY UT CLIMATE NORMALS FOR TODAY
                         NORMAL    RECORD    YEAR
 MAXIMUM TEMPERATURE (F)   76        99      2003
 MINIMUM TEMPERATURE (F)   51        32      1954


SUNRISE AND SUNSET
MAY 28 2015...........SUNRISE   601 AM MDT   SUNSET   850 PM MDT
MAY 29 2015...........SUNRISE   600 AM MDT   SUNSET   851 PM MDT


-  INDICATES NEGATIVE NUMBERS.
R  INDICATES RECORD WAS SET OR TIED.
MM INDICATES DATA IS MISSING.
T  INDICATES TRACE AMOUNT.




$$
