000
CDUS45 KSLC 291226
CLISLC


CLIMATE REPORT
NATIONAL WEATHER SERVICE SALT LAKE CITY UT
626 AM MDT FRI APR 29 2016


...................................

...THE SALT LAKE CITY UT CLIMATE SUMMARY FOR APRIL 28 2016...

CLIMATE NORMAL PERIOD 1981 TO 2010
CLIMATE RECORD PERIOD 1874 TO 2016


WEATHER ITEM   OBSERVED TIME   RECORD YEAR NORMAL DEPARTURE LAST
                VALUE   (LST)  VALUE       VALUE  FROM      YEAR
                                                  NORMAL
..................................................................
TEMPERATURE (F)
 YESTERDAY
  MAXIMUM         58    328 PM  85    1987  66     -8       71
  MINIMUM         47   1148 PM  28    1966  43      4       43
  AVERAGE         53                        54     -1       57

PRECIPITATION (IN)
  YESTERDAY        0.03          0.81 2005   0.07  -0.04     0.00
  MONTH TO DATE    1.39                      1.85  -0.46     2.32
  SINCE OCT 1      9.32                     10.52  -1.20     6.21
  SINCE JAN 1      6.07                      6.14  -0.07     4.20

SNOWFALL (IN)
  YESTERDAY        0.0           6.4  1970   0.1   -0.1      0.0
  MONTH TO DATE    T                         3.9   -3.9      5.8
  SINCE OCT 1     34.3                      55.8  -21.5     15.4
  SINCE JUL 1     34.3                      55.8  -21.5     15.4
  SNOW DEPTH       0

DEGREE DAYS
 HEATING
  YESTERDAY       12                        11      1        8
  MONTH TO DATE  271                       416   -145      369
  SINCE MAR 1    817                      1078   -261      835
  SINCE JUL 1   4662                      5334   -672     4182

 COOLING
  YESTERDAY        0                         0      0        0
  MONTH TO DATE   10                         0     10        0
  SINCE MAR 1     10                         0     10        0
  SINCE JAN 1     10                         0     10        0
..................................................................


WIND (MPH)
  RESULTANT WIND SPEED   5   RESULTANT WIND DIRECTION   E (110)
  HIGHEST WIND SPEED    16   HIGHEST WIND DIRECTION    SE (120)
  HIGHEST GUST SPEED    20   HIGHEST GUST DIRECTION    SE (120)
  AVERAGE WIND SPEED     7.2


SKY COVER
  POSSIBLE SUNSHINE  MM
  AVERAGE SKY COVER 0.8


WEATHER CONDITIONS
 THE FOLLOWING WEATHER WAS RECORDED YESTERDAY.
  LIGHT RAIN


RELATIVE HUMIDITY (PERCENT)
 HIGHEST    93           600 AM
 LOWEST     43           200 PM
 AVERAGE    68

..........................................................


THE SALT LAKE CITY UT CLIMATE NORMALS FOR TODAY
                         NORMAL    RECORD    YEAR
 MAXIMUM TEMPERATURE (F)   66        89      2007
 MINIMUM TEMPERATURE (F)   43        29      1990
                                             1909


SUNRISE AND SUNSET
APRIL 29 2016.........SUNRISE   628 AM MDT   SUNSET   823 PM MDT
APRIL 30 2016.........SUNRISE   627 AM MDT   SUNSET   824 PM MDT


-  INDICATES NEGATIVE NUMBERS.
R  INDICATES RECORD WAS SET OR TIED.
MM INDICATES DATA IS MISSING.
T  INDICATES TRACE AMOUNT.




$$
