000
CDUS45 KSLC 090026
CLISLC


CLIMATE REPORT
NATIONAL WEATHER SERVICE SALT LAKE CITY UT
526 PM MST MON FEB 8 2016


...................................

...THE SALT LAKE CITY UT CLIMATE SUMMARY FOR FEBRUARY 8 2016...
VALID TODAY AS OF 0500 PM LOCAL TIME.

CLIMATE NORMAL PERIOD 1981 TO 2010
CLIMATE RECORD PERIOD 1874 TO 2016


WEATHER ITEM   OBSERVED TIME   RECORD YEAR NORMAL DEPARTURE LAST
                VALUE   (LST)  VALUE       VALUE  FROM      YEAR
                                                  NORMAL
..................................................................
TEMPERATURE (F)
 TODAY
  MAXIMUM         40   1249 PM  64    2015  41     -1       64
  MINIMUM         22    739 AM  -7    1989  23     -1       41
                                      1936
                                      1929
  AVERAGE         31                        32     -1       53

PRECIPITATION (IN)
  TODAY            0.00          0.81 1899   0.05  -0.05      T
  MONTH TO DATE    0.11                      0.33  -0.22     0.05
  SINCE OCT 1      5.30                      5.96  -0.66     2.92
  SINCE JAN 1      2.05                      1.58   0.47     0.91

SNOWFALL (IN)
  TODAY            0.0           8.5  1959   0.4   -0.4      0.0
  MONTH TO DATE    1.9                       3.1   -1.2      0.0
  SINCE OCT 1     29.7                      37.8   -8.1      6.8
  SINCE JUL 1     29.7                      37.8   -8.1      6.8
  SNOW DEPTH      MM

DEGREE DAYS
 HEATING
  TODAY           34                        33      1       12
  MONTH TO DATE  298                       269     29      109
  SINCE DEC 1   2398                      2445    -47     1903
  SINCE JUL 1   3340                      3663   -323     2873

 COOLING
  TODAY            0                         0      0        0
  MONTH TO DATE    0                         0      0        0
  SINCE DEC 1      0                         0      0        0
  SINCE JAN 1      0                         0      0        0
..................................................................


WIND (MPH)
  RESULTANT WIND SPEED   2   RESULTANT WIND DIRECTION   S (160)
  HIGHEST WIND SPEED     9   HIGHEST WIND DIRECTION    NW (310)
  HIGHEST GUST SPEED    12   HIGHEST GUST DIRECTION    SE (150)
  AVERAGE WIND SPEED     5.0


SKY COVER
  POSSIBLE SUNSHINE  MM
  AVERAGE SKY COVER 0.2


WEATHER CONDITIONS
 THE FOLLOWING WEATHER WAS RECORDED TODAY.
  FOG
  HAZE


RELATIVE HUMIDITY (PERCENT)
 HIGHEST    88           800 AM
 LOWEST     59          1200 PM
 AVERAGE    74

..........................................................


THE SALT LAKE CITY UT CLIMATE NORMALS FOR TOMORROW
                         NORMAL    RECORD    YEAR
 MAXIMUM TEMPERATURE (F)   41        62      1999
 MINIMUM TEMPERATURE (F)   24       -30      1933


SUNRISE AND SUNSET
FEBRUARY  8 2016......SUNRISE   731 AM MST   SUNSET   554 PM MST
FEBRUARY  9 2016......SUNRISE   730 AM MST   SUNSET   555 PM MST


-  INDICATES NEGATIVE NUMBERS.
R  INDICATES RECORD WAS SET OR TIED.
MM INDICATES DATA IS MISSING.
T  INDICATES TRACE AMOUNT.




$$
