000
CDUS45 KSLC 020027
CLISLC


CLIMATE REPORT
NATIONAL WEATHER SERVICE SALT LAKE CITY UT
626 PM MDT FRI AUG 1 2014


...................................

...THE SALT LAKE CITY UT CLIMATE SUMMARY FOR AUGUST 1 2014...
VALID TODAY AS OF 0500 PM LOCAL TIME.

CLIMATE NORMAL PERIOD 1981 TO 2010
CLIMATE RECORD PERIOD 1874 TO 2014


WEATHER ITEM   OBSERVED TIME   RECORD YEAR NORMAL DEPARTURE LAST
                VALUE   (LST)  VALUE       VALUE  FROM      YEAR
                                                  NORMAL
..................................................................
TEMPERATURE (F)
 TODAY
  MAXIMUM         91    239 PM 103    2008  94     -3      101
                                      2000
  MINIMUM         66    552 AM  49    1932  66      0       75
  AVERAGE         79                        80     -1       88

PRECIPITATION (IN)
  TODAY            0.00          0.49 1874   0.02  -0.02     0.02
  MONTH TO DATE    0.00                      0.02  -0.02     0.02
  SINCE OCT 1     11.18                     14.22  -3.04    11.87
  SINCE JAN 1      8.17                      9.84  -1.67     7.30

SNOWFALL (IN)
  TODAY            0.0          MM      MM   0.0    0.0      0.0
  MONTH TO DATE    0.0                       0.0    0.0      0.0
  SINCE OCT 1     35.5                      56.2  -20.7     69.9
  SINCE JUL 1      0.0                       0.0    0.0      0.0
  SNOW DEPTH       0

DEGREE DAYS
 HEATING
  TODAY            0                         0      0        0
  MONTH TO DATE    0                         0      0        0
  SINCE JUN 1     39                        48     -9        4
  SINCE JUL 1      0                         2     -2        0

 COOLING
  TODAY           14                        15     -1       23
  MONTH TO DATE   14                        15     -1       23
  SINCE JUN 1    709                       627     82      945
  SINCE JAN 1    771                       677     94     1015
..................................................................


WIND (MPH)
  RESULTANT WIND SPEED   2   RESULTANT WIND DIRECTION  SE (150)
  HIGHEST WIND SPEED    15   HIGHEST WIND DIRECTION    NW (310)
  HIGHEST GUST SPEED    19   HIGHEST GUST DIRECTION     N (360)
  AVERAGE WIND SPEED     5.2


SKY COVER
  POSSIBLE SUNSHINE  MM
  AVERAGE SKY COVER 0.1


WEATHER CONDITIONS
 THE FOLLOWING WEATHER WAS RECORDED TODAY.
  NO SIGNIFICANT WEATHER WAS OBSERVED.


RELATIVE HUMIDITY (PERCENT)
 HIGHEST    63           300 AM
 LOWEST     23           100 PM
 AVERAGE    43

..........................................................


THE SALT LAKE CITY UT CLIMATE NORMALS FOR TOMORROW
                         NORMAL    RECORD    YEAR
 MAXIMUM TEMPERATURE (F)   94       103      1992
 MINIMUM TEMPERATURE (F)   66        45      1928


SUNRISE AND SUNSET
AUGUST  1 2014........SUNRISE   624 AM MDT   SUNSET   843 PM MDT
AUGUST  2 2014........SUNRISE   625 AM MDT   SUNSET   842 PM MDT


-  INDICATES NEGATIVE NUMBERS.
R  INDICATES RECORD WAS SET OR TIED.
MM INDICATES DATA IS MISSING.
T  INDICATES TRACE AMOUNT.




$$
