000
CDUS46 KPQR 252324
CLISLE


CLIMATE REPORT
NATIONAL WEATHER SERVICE PORTLAND OREGON
424 PM PDT TUE JUL 25 2017


...................................

...THE SALEM OR CLIMATE SUMMARY FOR JULY 25 2017...
VALID TODAY AS OF 0400 PM LOCAL TIME.

CLIMATE NORMAL PERIOD 1981 TO 2010
CLIMATE RECORD PERIOD 1892 TO 2017


WEATHER ITEM   OBSERVED TIME   RECORD YEAR NORMAL DEPARTURE LAST
                VALUE   (LST)  VALUE       VALUE  FROM      YEAR
                                                  NORMAL
..................................................................
TEMPERATURE (F)
 TODAY
  MAXIMUM         91    259 PM 102    1988  84      7       89
  MINIMUM         56    542 AM  36    1920  54      2       59
  AVERAGE         74                        69      5       74

PRECIPITATION (IN)
  TODAY            0.00          0.08 1909   0.01  -0.01     0.00
  MONTH TO DATE    0.00                      0.40  -0.40     0.45
  SINCE OCT 1     56.60                     37.88  18.72    45.31
  SINCE JAN 1     33.30                     21.49  11.81    21.76

DEGREE DAYS
 HEATING
  TODAY            0                         1     -1        0
  MONTH TO DATE    0                        30    -30        5
  SINCE JUN 1     82                       160    -78       83
  SINCE JUL 1      0                        30    -30        5

 COOLING
  TODAY            9                         4      5        9
  MONTH TO DATE  114                        81     33       72
  SINCE JUN 1    186                       109     77      163
  SINCE JAN 1    213                       118     95      184
..................................................................


WIND (MPH)
  HIGHEST WIND SPEED    18   HIGHEST WIND DIRECTION     N (20)
  HIGHEST GUST SPEED    22   HIGHEST GUST DIRECTION     N (20)
  AVERAGE WIND SPEED     4.9


SKY COVER
  POSSIBLE SUNSHINE  MM
  AVERAGE SKY COVER 0.0


WEATHER CONDITIONS
 THE FOLLOWING WEATHER WAS RECORDED TODAY.
  NO SIGNIFICANT WEATHER WAS OBSERVED.


RELATIVE HUMIDITY (PERCENT)
 HIGHEST    80           400 AM
 LOWEST     26           300 PM
 AVERAGE    53

..........................................................


THE SALEM OR CLIMATE NORMALS FOR TOMORROW
                         NORMAL    RECORD    YEAR
 MAXIMUM TEMPERATURE (F)   84       103      1988
                                             1939
 MINIMUM TEMPERATURE (F)   54        38      1920


SUNRISE AND SUNSET
JULY 25 2017..........SUNRISE   550 AM PDT   SUNSET   846 PM PDT
JULY 26 2017..........SUNRISE   551 AM PDT   SUNSET   845 PM PDT


-  INDICATES NEGATIVE NUMBERS.
R  INDICATES RECORD WAS SET OR TIED.
MM INDICATES DATA IS MISSING.
T  INDICATES TRACE AMOUNT.




$$
