000
CDUS46 KPQR 220221
CLISLE


CLIMATE REPORT
NATIONAL WEATHER SERVICE PORTLAND OREGON
721 PM PDT THU AUG 21 2014


...................................

...THE SALEM OR CLIMATE SUMMARY FOR AUGUST 21 2014...
VALID TODAY AS OF 0700 PM LOCAL TIME.

CLIMATE NORMAL PERIOD 1981 TO 2010
CLIMATE RECORD PERIOD 1892 TO 2014


WEATHER ITEM   OBSERVED TIME   RECORD YEAR NORMAL DEPARTURE LAST
                VALUE   (LST)  VALUE       VALUE  FROM      YEAR
                                                  NORMAL
..................................................................
TEMPERATURE (F)
 TODAY
  MAXIMUM         82    524 PM  99    1961  82      0       91
  MINIMUM         49    503 AM  39    1980  52     -3       56
  AVERAGE         66                        67     -1       74

PRECIPITATION (IN)
  TODAY            0.00          0.56 1943   0.02  -0.02     0.00
  MONTH TO DATE    0.28                      0.24   0.04     0.02
  SINCE OCT 1     27.33                     38.18 -10.85    33.89
  SINCE JAN 1     22.75                     21.79   0.96    11.63

DEGREE DAYS
 HEATING
  TODAY            0                         1     -1        0
  MONTH TO DATE    0                        18    -18        2
  SINCE JUN 1     69                       178   -109       83
  SINCE JUL 1      3                        48    -45        4

 COOLING
  TODAY            1                         3     -2        9
  MONTH TO DATE  177                        78     99      130
  SINCE JUN 1    438                       215    223      359
  SINCE JAN 1    454                       224    230      369
..................................................................


WIND (MPH)
  HIGHEST WIND SPEED    12   HIGHEST WIND DIRECTION     N (340)
  HIGHEST GUST SPEED    13   HIGHEST GUST DIRECTION     N (350)
  AVERAGE WIND SPEED     2.9


SKY COVER
  POSSIBLE SUNSHINE  MM
  AVERAGE SKY COVER 0.1


WEATHER CONDITIONS
 THE FOLLOWING WEATHER WAS RECORDED TODAY.
  NO SIGNIFICANT WEATHER WAS OBSERVED.


RELATIVE HUMIDITY (PERCENT)
 HIGHEST    93           500 AM
 LOWEST     16           300 PM
 AVERAGE    55

..........................................................


THE SALEM OR CLIMATE NORMALS FOR TOMORROW
                         NORMAL    RECORD    YEAR
 MAXIMUM TEMPERATURE (F)   82       100      1942
 MINIMUM TEMPERATURE (F)   52        39      1973


SUNRISE AND SUNSET
AUGUST 21 2014........SUNRISE   621 AM PDT   SUNSET   808 PM PDT
AUGUST 22 2014........SUNRISE   622 AM PDT   SUNSET   806 PM PDT


-  INDICATES NEGATIVE NUMBERS.
R  INDICATES RECORD WAS SET OR TIED.
MM INDICATES DATA IS MISSING.
T  INDICATES TRACE AMOUNT.




$$
