000
CDUS46 KPQR 110228
CLISLE


CLIMATE REPORT
NATIONAL WEATHER SERVICE PORTLAND OREGON
628 PM PST SUN DEC 10 2017


...................................

...THE SALEM OR CLIMATE SUMMARY FOR DECEMBER 10 2017...
VALID TODAY AS OF 0600 PM LOCAL TIME.

CLIMATE NORMAL PERIOD 1981 TO 2010
CLIMATE RECORD PERIOD 1892 TO 2017


WEATHER ITEM   OBSERVED TIME   RECORD YEAR NORMAL DEPARTURE LAST
                VALUE   (LST)  VALUE       VALUE  FROM      YEAR
                                                  NORMAL
..................................................................
TEMPERATURE (F)
 TODAY
  MAXIMUM         47    252 PM  70    1929  47      0       50
  MINIMUM         24    738 AM  -2    1972  34    -10       33
  AVERAGE         36                        40     -4       42

PRECIPITATION (IN)
  TODAY            0.00          2.08 1939   0.22  -0.22     0.36
  MONTH TO DATE    0.66                      2.37  -1.71     2.34
  SINCE OCT 1     12.68                     11.90   0.78    20.49
  SINCE JAN 1     48.49                     35.18  13.31    44.20

DEGREE DAYS
 HEATING
  TODAY           29                        25      4       23
  MONTH TO DATE  238                       239     -1      252
  SINCE DEC 1    238                       239     -1      252
  SINCE JUL 1   1170                      1356   -186     1056

 COOLING
  TODAY            0                         0      0        0
  MONTH TO DATE    0                         0      0        0
  SINCE DEC 1      0                         0      0        0
  SINCE JAN 1    647                       290    357      465
..................................................................


WIND (MPH)
  HIGHEST WIND SPEED    13   HIGHEST WIND DIRECTION     N (360)
  HIGHEST GUST SPEED    15   HIGHEST GUST DIRECTION     N (360)
  AVERAGE WIND SPEED     4.1


SKY COVER
  POSSIBLE SUNSHINE  MM
  AVERAGE SKY COVER 0.0


WEATHER CONDITIONS
 THE FOLLOWING WEATHER WAS RECORDED TODAY.
  NO SIGNIFICANT WEATHER WAS OBSERVED.


RELATIVE HUMIDITY (PERCENT)
 HIGHEST    92          1200 AM
 LOWEST     45           100 PM
 AVERAGE    69

..........................................................


THE SALEM OR CLIMATE NORMALS FOR TOMORROW
                         NORMAL    RECORD    YEAR
 MAXIMUM TEMPERATURE (F)   46        71      1929
 MINIMUM TEMPERATURE (F)   34        -3      1972


SUNRISE AND SUNSET
DECEMBER 10 2017......SUNRISE   739 AM PST   SUNSET   431 PM PST
DECEMBER 11 2017......SUNRISE   740 AM PST   SUNSET   431 PM PST


-  INDICATES NEGATIVE NUMBERS.
R  INDICATES RECORD WAS SET OR TIED.
MM INDICATES DATA IS MISSING.
T  INDICATES TRACE AMOUNT.




$$
