000
CDUS46 KPQR 281146
CLISLE


CLIMATE REPORT
NATIONAL WEATHER SERVICE PORTLAND OREGON
345 AM PST WED JAN 28 2015


...................................

...THE SALEM OR CLIMATE SUMMARY FOR JANUARY 27 2015...

CLIMATE NORMAL PERIOD 1981 TO 2010
CLIMATE RECORD PERIOD 1892 TO 2015


WEATHER ITEM   OBSERVED TIME   RECORD YEAR NORMAL DEPARTURE LAST
                VALUE   (LST)  VALUE       VALUE  FROM      YEAR
                                                  NORMAL
..................................................................
TEMPERATURE (F)
 YESTERDAY
  MAXIMUM         54    346 PM  59    1984  49      5       41
                                      1940
  MINIMUM         42    816 AM   9    1957  35      7       30
  AVERAGE         48                        42      6       36

PRECIPITATION (IN)
  YESTERDAY        T             2.30 1967   0.18  -0.18     0.06
  MONTH TO DATE    3.21                      5.27  -2.06     1.85
  SINCE OCT 1     20.75                     21.66  -0.91     6.43
  SINCE JAN 1      3.21                      5.27  -2.06     1.85

DEGREE DAYS
 HEATING
  YESTERDAY       17                        23     -6       29
  MONTH TO DATE  564                       646    -82      653
  SINCE DEC 1   1178                      1418   -240     1540
  SINCE JUL 1   1944                      2535   -591     2583

 COOLING
  YESTERDAY        0                         0      0        0
  MONTH TO DATE    0                         0      0        0
  SINCE DEC 1      0                         0      0        0
  SINCE JAN 1      0                         0      0        0
..................................................................


WIND (MPH)
  HIGHEST WIND SPEED     8   HIGHEST WIND DIRECTION     S (180)
  HIGHEST GUST SPEED    11   HIGHEST GUST DIRECTION     S (190)
  AVERAGE WIND SPEED     2.4


SKY COVER
  POSSIBLE SUNSHINE  MM
  AVERAGE SKY COVER 1.0


WEATHER CONDITIONS
 THE FOLLOWING WEATHER WAS RECORDED YESTERDAY.
  FOG
  FOG W/VISIBILITY <= 1/4 MILE


RELATIVE HUMIDITY (PERCENT)
 HIGHEST   100          1200 AM
 LOWEST     77           400 PM
 AVERAGE    89

..........................................................


THE SALEM OR CLIMATE NORMALS FOR TODAY
                         NORMAL    RECORD    YEAR
 MAXIMUM TEMPERATURE (F)   49        63      1931
                                             1920
 MINIMUM TEMPERATURE (F)   35         8      1969


SUNRISE AND SUNSET
JANUARY 28 2015.......SUNRISE   736 AM PST   SUNSET   514 PM PST
JANUARY 29 2015.......SUNRISE   735 AM PST   SUNSET   516 PM PST


-  INDICATES NEGATIVE NUMBERS.
R  INDICATES RECORD WAS SET OR TIED.
MM INDICATES DATA IS MISSING.
T  INDICATES TRACE AMOUNT.




$$
