000
CDUS46 KPQR 231141
CLISLE


CLIMATE REPORT
NATIONAL WEATHER SERVICE PORTLAND OREGON
440 AM PDT SAT JUL 23 2016


...................................

...THE SALEM OR CLIMATE SUMMARY FOR JULY 22 2016...

CLIMATE NORMAL PERIOD 1981 TO 2010
CLIMATE RECORD PERIOD 1892 TO 2016


WEATHER ITEM   OBSERVED TIME   RECORD YEAR NORMAL DEPARTURE LAST
                VALUE   (LST)  VALUE       VALUE  FROM      YEAR
                                                  NORMAL
..................................................................
TEMPERATURE (F)
 YESTERDAY
  MAXIMUM         77    511 PM 102    1978  84     -7       77
                                      1928
  MINIMUM         59   1159 PM  39    1920  54      5       52
  AVERAGE         68                        69     -1       65

PRECIPITATION (IN)
  YESTERDAY        T             0.11 2014   0.01  -0.01     0.00
  MONTH TO DATE    0.45                      0.37   0.08      T
  SINCE OCT 1     45.30                     37.85   7.45    32.81
  SINCE JAN 1     21.75                     21.46   0.29    15.27

DEGREE DAYS
 HEATING
  YESTERDAY        0                         1     -1        0
  MONTH TO DATE    5                        27    -22        0
  SINCE JUN 1     83                       157    -74       22
  SINCE JUL 1      5                        27    -22        0

 COOLING
  YESTERDAY        3                         4     -1        0
  MONTH TO DATE   53                        69    -16      193
  SINCE JUN 1    144                        97     47      353
  SINCE JAN 1    165                       106     59      366
..................................................................


WIND (MPH)
  HIGHEST WIND SPEED    14   HIGHEST WIND DIRECTION    NW (310)
  HIGHEST GUST SPEED    21   HIGHEST GUST DIRECTION     N (340)
  AVERAGE WIND SPEED     7.0


SKY COVER
  POSSIBLE SUNSHINE  MM
  AVERAGE SKY COVER 0.8


WEATHER CONDITIONS
 THE FOLLOWING WEATHER WAS RECORDED YESTERDAY.
  LIGHT RAIN


RELATIVE HUMIDITY (PERCENT)
 HIGHEST    78           300 AM
 LOWEST     43           100 PM
 AVERAGE    61

..........................................................


THE SALEM OR CLIMATE NORMALS FOR TODAY
                         NORMAL    RECORD    YEAR
 MAXIMUM TEMPERATURE (F)   84       108      1927
 MINIMUM TEMPERATURE (F)   54        38      1920


SUNRISE AND SUNSET
JULY 23 2016..........SUNRISE   548 AM PDT   SUNSET   848 PM PDT
JULY 24 2016..........SUNRISE   549 AM PDT   SUNSET   847 PM PDT


-  INDICATES NEGATIVE NUMBERS.
R  INDICATES RECORD WAS SET OR TIED.
MM INDICATES DATA IS MISSING.
T  INDICATES TRACE AMOUNT.




$$
