000
CDUS46 KPQR 280227
CLISLE


CLIMATE REPORT
NATIONAL WEATHER SERVICE PORTLAND OREGON
727 PM PDT FRI MAR 27 2015


...................................

...THE SALEM OR CLIMATE SUMMARY FOR MARCH 27 2015...
VALID TODAY AS OF 0700 PM LOCAL TIME.

CLIMATE NORMAL PERIOD 1981 TO 2010
CLIMATE RECORD PERIOD 1892 TO 2015


WEATHER ITEM   OBSERVED TIME   RECORD YEAR NORMAL DEPARTURE LAST
                VALUE   (LST)  VALUE       VALUE  FROM      YEAR
                                                  NORMAL
..................................................................
TEMPERATURE (F)
 TODAY
  MAXIMUM         68    218 PM  77    1994  58     10       58
  MINIMUM         45    548 AM  25    1975  38      7       45
                                      1935
  AVERAGE         57                        48      9       52

PRECIPITATION (IN)
  TODAY            0.00          1.37 1940   0.12  -0.12     0.33
  MONTH TO DATE    3.94                      3.52   0.42     5.63
  SINCE OCT 1     29.02                     30.43  -1.41    19.48
  SINCE JAN 1     11.48                     14.04  -2.56    14.90

DEGREE DAYS
 HEATING
  TODAY            8                        17     -9       13
  MONTH TO DATE  363                       496   -133      419
  SINCE MAR 1    363                       496   -133      419
  SINCE JUL 1   2833                      3736   -903     3705

 COOLING
  TODAY            0                         0      0        0
  MONTH TO DATE    0                         0      0        0
  SINCE MAR 1      0                         0      0        0
  SINCE JAN 1      0                         0      0        0
..................................................................


WIND (MPH)
  HIGHEST WIND SPEED    17   HIGHEST WIND DIRECTION     W (280)
  HIGHEST GUST SPEED    23   HIGHEST GUST DIRECTION     S (190)
  AVERAGE WIND SPEED     6.0


SKY COVER
  POSSIBLE SUNSHINE  MM
  AVERAGE SKY COVER 0.3


WEATHER CONDITIONS
 THE FOLLOWING WEATHER WAS RECORDED TODAY.
  FOG


RELATIVE HUMIDITY (PERCENT)
 HIGHEST    93           100 AM
 LOWEST     58           200 PM
 AVERAGE    76

..........................................................


THE SALEM OR CLIMATE NORMALS FOR TOMORROW
                         NORMAL    RECORD    YEAR
 MAXIMUM TEMPERATURE (F)   58        78      1930
 MINIMUM TEMPERATURE (F)   38        23      1975


SUNRISE AND SUNSET
MARCH 27 2015.........SUNRISE   702 AM PDT   SUNSET   733 PM PDT
MARCH 28 2015.........SUNRISE   700 AM PDT   SUNSET   735 PM PDT


-  INDICATES NEGATIVE NUMBERS.
R  INDICATES RECORD WAS SET OR TIED.
MM INDICATES DATA IS MISSING.
T  INDICATES TRACE AMOUNT.




$$
