000
CDUS41 KBTV 190537
CLISLK


CLIMATE REPORT
NATIONAL WEATHER SERVICE BURLINGTON VT
135 AM EDT TUE SEP 19 2017


...................................

...THE SARANAC LAKE NY CLIMATE SUMMARY FOR SEPTEMBER 18 2017...

CLIMATE NORMAL PERIOD 1981 TO 2010
CLIMATE RECORD PERIOD 9999 TO 9999


WEATHER ITEM   OBSERVED TIME   NORMAL DEPARTURE LAST
                VALUE   (LST)  VALUE  FROM      YEAR
                                      NORMAL
......................................................
TEMPERATURE (F)
 YESTERDAY
  MAXIMUM         81    141 PM  65     16       76
  MINIMUM         48    516 AM  41      7       58
  AVERAGE         65            53     12       67

PRECIPITATION (IN)
  YESTERDAY        0.00          0.11  -0.11     0.21
  MONTH TO DATE    1.65          2.04  -0.39     1.42
  SINCE SEP 1      1.65          2.04  -0.39     1.42
  SINCE JAN 1     33.31         26.58   6.73    23.34

DEGREE DAYS
 HEATING
  YESTERDAY        0            12    -12        0
  MONTH TO DATE  169           167      2      115
  SINCE SEP 1    169           167      2      115
  SINCE JUL 1    441           407     34      236

 COOLING
  YESTERDAY        0             0      0        2
  MONTH TO DATE    0             7     -7       15
  SINCE SEP 1      0             7     -7       15
  SINCE JAN 1     53           114    -61      166
......................................................


WIND (MPH)
  HIGHEST WIND SPEED     9   HIGHEST WIND DIRECTION    SW (230)
  HIGHEST GUST SPEED    12   HIGHEST GUST DIRECTION    SW (240)
  AVERAGE WIND SPEED     2.0


SKY COVER
  AVERAGE SKY COVER 0.7


WEATHER CONDITIONS
 THE FOLLOWING WEATHER WAS RECORDED YESTERDAY.
  FOG
  FOG W/VISIBILITY <= 1/4 MILE


RELATIVE HUMIDITY (PERCENT)
 HIGHEST   100          1200 AM
 LOWEST     54           100 PM
 AVERAGE    77

..........................................................


THE SARANAC LAKE NY CLIMATE NORMALS FOR TODAY
                         NORMAL    RECORD    YEAR
 MAXIMUM TEMPERATURE (F)   65        81      2015
 MINIMUM TEMPERATURE (F)   40        21      2014


SUNRISE AND SUNSET
SEPTEMBER 19 2017.....SUNRISE   641 AM EDT   SUNSET   659 PM EDT
SEPTEMBER 20 2017.....SUNRISE   642 AM EDT   SUNSET   658 PM EDT


-  INDICATES NEGATIVE NUMBERS.
R  INDICATES RECORD WAS SET OR TIED.
MM INDICATES DATA IS MISSING.
T  INDICATES TRACE AMOUNT.




$$
