000
CDUS41 KBTV 100543
CLISLK


CLIMATE REPORT
NATIONAL WEATHER SERVICE BURLINGTON VT
1241 AM EST SAT DEC 10 2016


...................................

...THE SARANAC LAKE NY CLIMATE SUMMARY FOR DECEMBER 9 2016...

CLIMATE NORMAL PERIOD 1981 TO 2010
CLIMATE RECORD PERIOD 9999 TO 9999


WEATHER ITEM   OBSERVED TIME   NORMAL DEPARTURE LAST
                VALUE   (LST)  VALUE  FROM      YEAR
                                      NORMAL
......................................................
TEMPERATURE (F)
 YESTERDAY
  MAXIMUM         23        MM  31     -8       48
  MINIMUM         11        MM  12     -1       20
  AVERAGE         17            21     -4       34

PRECIPITATION (IN)
  YESTERDAY        T             0.09  -0.09     0.00
  MONTH TO DATE    1.00          0.81   0.19     1.04
  SINCE DEC 1      1.00          0.81   0.19     1.04
  SINCE JAN 1     31.73         36.04  -4.31    33.17

DEGREE DAYS
 HEATING
  YESTERDAY       48            44      4       31
  MONTH TO DATE  338           376    -38      291
  SINCE DEC 1    338           376    -38      291
  SINCE JUL 1   2180          2651   -471     2241

 COOLING
  YESTERDAY        0             0      0        0
  MONTH TO DATE    0             0      0        0
  SINCE DEC 1      0             0      0        0
  SINCE JAN 1    166           114     52      130
......................................................


WIND (MPH)
  HIGHEST WIND SPEED    13   HIGHEST WIND DIRECTION    NW (300)
  HIGHEST GUST SPEED    21   HIGHEST GUST DIRECTION     W (280)
  AVERAGE WIND SPEED     6.8


SKY COVER
  AVERAGE SKY COVER 0.9


WEATHER CONDITIONS
 THE FOLLOWING WEATHER WAS RECORDED YESTERDAY.
  SNOW
  LIGHT SNOW
  FOG
  HAZE


RELATIVE HUMIDITY (PERCENT)
 HIGHEST    84           100 AM
 LOWEST     67          1200 PM
 AVERAGE    76

..........................................................


THE SARANAC LAKE NY CLIMATE NORMALS FOR TODAY
                         NORMAL    RECORD    YEAR
 MAXIMUM TEMPERATURE (F)   31        48      2015
                                             2008
 MINIMUM TEMPERATURE (F)   11       -18      2010


SUNRISE AND SUNSET
DECEMBER 10 2016......SUNRISE   722 AM EST   SUNSET   417 PM EST
DECEMBER 11 2016......SUNRISE   723 AM EST   SUNSET   417 PM EST


-  INDICATES NEGATIVE NUMBERS.
R  INDICATES RECORD WAS SET OR TIED.
MM INDICATES DATA IS MISSING.
T  INDICATES TRACE AMOUNT.




$$
