000
CDUS41 KBTV 290620
CLISLK


CLIMATE REPORT
NATIONAL WEATHER SERVICE BURLINGTON VT
216 AM EDT WED MAR 29 2017


...................................

...THE SARANAC LAKE NY CLIMATE SUMMARY FOR MARCH 28 2017...

CLIMATE NORMAL PERIOD 1981 TO 2010
CLIMATE RECORD PERIOD 9999 TO 9999


WEATHER ITEM   OBSERVED TIME   NORMAL DEPARTURE LAST
                VALUE   (LST)  VALUE  FROM      YEAR
                                      NORMAL
......................................................
TEMPERATURE (F)
 YESTERDAY
  MAXIMUM         49   1141 AM  41      8       49
  MINIMUM         35   1159 PM  18     17       28
  AVERAGE         42            30     12       39

PRECIPITATION (IN)
  YESTERDAY        T             0.09  -0.09     0.23
  MONTH TO DATE    1.68          2.01  -0.33     2.52
  SINCE MAR 1      1.68          2.01  -0.33     2.52
  SINCE JAN 1      6.22          5.75   0.47     6.40

DEGREE DAYS
 HEATING
  YESTERDAY       23            35    -12       26
  MONTH TO DATE 1296          1154    142      950
  SINCE MAR 1   1296          1154    142      950
  SINCE JUL 1   6992          7859   -867     6545

 COOLING
  YESTERDAY        0             0      0        0
  MONTH TO DATE    0             0      0        0
  SINCE MAR 1      0             0      0        0
  SINCE JAN 1      0             0      0        0
......................................................


WIND (MPH)
  HIGHEST WIND SPEED     9   HIGHEST WIND DIRECTION    SW (220)
  HIGHEST GUST SPEED    13   HIGHEST GUST DIRECTION    NW (330)
  AVERAGE WIND SPEED     3.5


SKY COVER
  AVERAGE SKY COVER 1.0


WEATHER CONDITIONS
 THE FOLLOWING WEATHER WAS RECORDED YESTERDAY.
  LIGHT RAIN
  FOG
  FOG W/VISIBILITY <= 1/4 MILE


RELATIVE HUMIDITY (PERCENT)
 HIGHEST   100          1200 AM
 LOWEST     92           200 PM
 AVERAGE    96

..........................................................


THE SARANAC LAKE NY CLIMATE NORMALS FOR TODAY
                         NORMAL    RECORD    YEAR
 MAXIMUM TEMPERATURE (F)   42        61      2004
 MINIMUM TEMPERATURE (F)   19        -9      2015


SUNRISE AND SUNSET
MARCH 29 2017.........SUNRISE   643 AM EDT   SUNSET   721 PM EDT
MARCH 30 2017.........SUNRISE   641 AM EDT   SUNSET   722 PM EDT


-  INDICATES NEGATIVE NUMBERS.
R  INDICATES RECORD WAS SET OR TIED.
MM INDICATES DATA IS MISSING.
T  INDICATES TRACE AMOUNT.




$$
