000
CDUS41 KBTV 240548
CLISLK


CLIMATE REPORT
NATIONAL WEATHER SERVICE BURLINGTON VT
147 AM EDT THU JUL 24 2014


...................................

...THE SARANAC LAKE NY CLIMATE SUMMARY FOR JULY 23 2014...

CLIMATE NORMAL PERIOD 1981 TO 2010
CLIMATE RECORD PERIOD 9999 TO 9999


WEATHER ITEM   OBSERVED TIME   NORMAL DEPARTURE LAST
                VALUE   (LST)  VALUE  FROM      YEAR
                                      NORMAL
......................................................
TEMPERATURE (F)
 YESTERDAY
  MAXIMUM         75        MM  76     -1       80
  MINIMUM         58        MM  51      7       62
  AVERAGE         67            63      4       71

PRECIPITATION (IN)
  YESTERDAY        0.37          0.14   0.23     0.04
  MONTH TO DATE    2.19          3.11  -0.92     4.87
  SINCE JUN 1      8.97          6.96   2.01    14.15
  SINCE JAN 1     21.13         19.31   1.82    25.15

DEGREE DAYS
 HEATING
  YESTERDAY        0             3     -3        0
  MONTH TO DATE   69            69      0       18
  SINCE JUN 1    236           253    -17      238
  SINCE JUL 1     69            69      0       18

 COOLING
  YESTERDAY        2             1      1        6
  MONTH TO DATE   38            38      0      100
  SINCE JUN 1     59            64     -5      136
  SINCE JAN 1     60            67     -7      146
......................................................


WIND (MPH)
  HIGHEST WIND SPEED    17   HIGHEST WIND DIRECTION    SW (220)
  HIGHEST GUST SPEED    23   HIGHEST GUST DIRECTION    SW (220)
  AVERAGE WIND SPEED     4.5


SKY COVER
  AVERAGE SKY COVER 0.8


WEATHER CONDITIONS
 THE FOLLOWING WEATHER WAS RECORDED YESTERDAY.
  THUNDERSTORM
  HEAVY RAIN
  RAIN
  LIGHT RAIN
  FOG
  HAZE


RELATIVE HUMIDITY (PERCENT)
 HIGHEST   100           200 AM
 LOWEST     79           800 AM
 AVERAGE    90

..........................................................


THE SARANAC LAKE NY CLIMATE NORMALS FOR TODAY
                         NORMAL    RECORD    YEAR
 MAXIMUM TEMPERATURE (F)   76        MM        MM
 MINIMUM TEMPERATURE (F)   51        MM        MM


SUNRISE AND SUNSET
JULY 24 2014..........SUNRISE   535 AM EDT   SUNSET   831 PM EDT
JULY 25 2014..........SUNRISE   536 AM EDT   SUNSET   830 PM EDT


-  INDICATES NEGATIVE NUMBERS.
R  INDICATES RECORD WAS SET OR TIED.
MM INDICATES DATA IS MISSING.
T  INDICATES TRACE AMOUNT.




$$
