000
CDUS41 KBTV 300546
CLISLK


CLIMATE REPORT
NATIONAL WEATHER SERVICE BURLINGTON VT
144 AM EDT MON MAY 30 2016


...................................

...THE SARANAC LAKE NY CLIMATE SUMMARY FOR MAY 29 2016...

CLIMATE NORMAL PERIOD 1981 TO 2010
CLIMATE RECORD PERIOD 9999 TO 9999


WEATHER ITEM   OBSERVED TIME   NORMAL DEPARTURE LAST
                VALUE   (LST)  VALUE  FROM      YEAR
                                      NORMAL
......................................................
TEMPERATURE (F)
 YESTERDAY
  MAXIMUM         87   1133 AM  68     19       78
  MINIMUM         49    416 AM  42      7       43
  AVERAGE         68            55     13       61

PRECIPITATION (IN)
  YESTERDAY        1.11          0.12   0.99     0.00
  MONTH TO DATE    2.92          3.19  -0.27     2.11
  SINCE MAR 1      8.62          8.36   0.26     5.44
  SINCE JAN 1     12.50         12.10   0.40     6.31

DEGREE DAYS
 HEATING
  YESTERDAY        0            11    -11        4
  MONTH TO DATE  418           442    -24      297
  SINCE MAR 1   2350          2508   -158     2518
  SINCE JUL 1   7945          9213  -1268     9301

 COOLING
  YESTERDAY        3             0      3        0
  MONTH TO DATE   12             0     12       15
  SINCE MAR 1     12             0     12       15
  SINCE JAN 1     12             0     12       15
......................................................


WIND (MPH)
  HIGHEST WIND SPEED    24   HIGHEST WIND DIRECTION     S (190)
  HIGHEST GUST SPEED    32   HIGHEST GUST DIRECTION     S (190)
  AVERAGE WIND SPEED     3.7


SKY COVER
  AVERAGE SKY COVER 0.6


WEATHER CONDITIONS
 THE FOLLOWING WEATHER WAS RECORDED YESTERDAY.
  THUNDERSTORM
  HEAVY RAIN
  RAIN
  LIGHT RAIN
  FOG
  FOG W/VISIBILITY <= 1/4 MILE


RELATIVE HUMIDITY (PERCENT)
 HIGHEST    96           500 AM
 LOWEST     37          1100 AM
 AVERAGE    67

..........................................................


THE SARANAC LAKE NY CLIMATE NORMALS FOR TODAY
                         NORMAL    RECORD    YEAR
 MAXIMUM TEMPERATURE (F)   68        83      2015
                                             2006
 MINIMUM TEMPERATURE (F)   42        28      2004


SUNRISE AND SUNSET
MAY 30 2016...........SUNRISE   516 AM EDT   SUNSET   833 PM EDT
MAY 31 2016...........SUNRISE   516 AM EDT   SUNSET   834 PM EDT


-  INDICATES NEGATIVE NUMBERS.
R  INDICATES RECORD WAS SET OR TIED.
MM INDICATES DATA IS MISSING.
T  INDICATES TRACE AMOUNT.




$$
