000
CDUS41 KBTV 260611
CLISLK


CLIMATE REPORT
NATIONAL WEATHER SERVICE BURLINGTON VT
111 AM EST FRI DEC 26 2014


...................................

...THE SARANAC LAKE NY CLIMATE SUMMARY FOR DECEMBER 25 2014...

CLIMATE NORMAL PERIOD 1981 TO 2010
CLIMATE RECORD PERIOD 9999 TO 9999


WEATHER ITEM   OBSERVED TIME   NORMAL DEPARTURE LAST
                VALUE   (LST)  VALUE  FROM      YEAR
                                      NORMAL
......................................................
TEMPERATURE (F)
 YESTERDAY
  MAXIMUM         51    224 AM  26     25       14
  MINIMUM         34   1159 PM   5     29      -10
  AVERAGE         43            16     27        2

PRECIPITATION (IN)
  YESTERDAY        0.17          0.07   0.10     0.00
  MONTH TO DATE    1.83          1.94  -0.11     2.30
  SINCE DEC 1      1.83          1.94  -0.11     2.30
  SINCE JAN 1     35.05         37.17  -2.12    41.15

DEGREE DAYS
 HEATING
  YESTERDAY       22            49    -27       63
  MONTH TO DATE 1006          1124   -118     1175
  SINCE DEC 1   1006          1124   -118     1175
  SINCE JUL 1   3170          3399   -229     3561

 COOLING
  YESTERDAY        0             0      0        0
  MONTH TO DATE    0             0      0        0
  SINCE DEC 1      0             0      0        0
  SINCE JAN 1     83           114    -31      187
......................................................


WIND (MPH)
  HIGHEST WIND SPEED    28   HIGHEST WIND DIRECTION    SW (230)
  HIGHEST GUST SPEED    41   HIGHEST GUST DIRECTION     W (250)
  AVERAGE WIND SPEED    14.1


SKY COVER
  AVERAGE SKY COVER 0.9


WEATHER CONDITIONS
 THE FOLLOWING WEATHER WAS RECORDED YESTERDAY.
  HEAVY RAIN
  LIGHT RAIN
  LIGHT SNOW
  FOG


RELATIVE HUMIDITY (PERCENT)
 HIGHEST   100           100 AM
 LOWEST     70           800 PM
 AVERAGE    85

..........................................................


THE SARANAC LAKE NY CLIMATE NORMALS FOR TODAY
                         NORMAL    RECORD    YEAR
 MAXIMUM TEMPERATURE (F)   26        MM        MM
 MINIMUM TEMPERATURE (F)    5        MM        MM


SUNRISE AND SUNSET
DECEMBER 26 2014......SUNRISE   732 AM EST   SUNSET   423 PM EST
DECEMBER 27 2014......SUNRISE   732 AM EST   SUNSET   424 PM EST


-  INDICATES NEGATIVE NUMBERS.
R  INDICATES RECORD WAS SET OR TIED.
MM INDICATES DATA IS MISSING.
T  INDICATES TRACE AMOUNT.




$$
