000
CDUS41 KBTV 300530
CLISLK


CLIMATE REPORT
NATIONAL WEATHER SERVICE BURLINGTON VT
128 AM EDT FRI SEP 30 2016


...................................

...THE SARANAC LAKE NY CLIMATE SUMMARY FOR SEPTEMBER 29 2016...

CLIMATE NORMAL PERIOD 1981 TO 2010
CLIMATE RECORD PERIOD 9999 TO 9999


WEATHER ITEM   OBSERVED TIME   NORMAL DEPARTURE LAST
                VALUE   (LST)  VALUE  FROM      YEAR
                                      NORMAL
......................................................
TEMPERATURE (F)
 YESTERDAY
  MAXIMUM         66   1248 PM  60      6       68
  MINIMUM         32    521 AM  36     -4       55
  AVERAGE         49            48      1       62

PRECIPITATION (IN)
  YESTERDAY        0.00          0.10  -0.10     0.96
  MONTH TO DATE    2.26          3.21  -0.95     2.35
  SINCE SEP 1      2.26          3.21  -0.95     2.35
  SINCE JAN 1     24.18         27.75  -3.57    26.40

DEGREE DAYS
 HEATING
  YESTERDAY       16            17     -1        3
  MONTH TO DATE  254           329    -75      168
  SINCE SEP 1    254           329    -75      168
  SINCE JUL 1    375           569   -194      361

 COOLING
  YESTERDAY        0             0      0        0
  MONTH TO DATE   15             7      8       27
  SINCE SEP 1     15             7      8       27
  SINCE JAN 1    166           114     52      130
......................................................


WIND (MPH)
  HIGHEST WIND SPEED    16   HIGHEST WIND DIRECTION    NE (60)
  HIGHEST GUST SPEED    23   HIGHEST GUST DIRECTION    NE (50)
  AVERAGE WIND SPEED     6.7


SKY COVER
  AVERAGE SKY COVER 0.4


WEATHER CONDITIONS
 THE FOLLOWING WEATHER WAS RECORDED YESTERDAY.
  FOG


RELATIVE HUMIDITY (PERCENT)
 HIGHEST    92          1200 AM
 LOWEST     48          1200 PM
 AVERAGE    70

..........................................................


THE SARANAC LAKE NY CLIMATE NORMALS FOR TODAY
                         NORMAL    RECORD    YEAR
 MAXIMUM TEMPERATURE (F)   60        72      2014
 MINIMUM TEMPERATURE (F)   36        24      2001


SUNRISE AND SUNSET
SEPTEMBER 30 2016.....SUNRISE   654 AM EDT   SUNSET   638 PM EDT
OCTOBER  1 2016.......SUNRISE   655 AM EDT   SUNSET   637 PM EDT


-  INDICATES NEGATIVE NUMBERS.
R  INDICATES RECORD WAS SET OR TIED.
MM INDICATES DATA IS MISSING.
T  INDICATES TRACE AMOUNT.




$$
