000
CDUS43 KICT 290646
CLISLN


CLIMATE REPORT
NATIONAL WEATHER SERVICE WICHITA KS
146 AM CDT WED MAR 29 2017


...................................

...THE SALINA KS CLIMATE SUMMARY FOR MARCH 28 2017...

CLIMATE NORMAL PERIOD 1981 TO 2010
CLIMATE RECORD PERIOD 1894 TO 2017


WEATHER ITEM   OBSERVED TIME   RECORD YEAR NORMAL DEPARTURE LAST
                VALUE   (LST)  VALUE       VALUE  FROM      YEAR
                                                  NORMAL
..................................................................
TEMPERATURE (F)
 YESTERDAY
  MAXIMUM         57    400 PM  94    1895  61     -4       69
  MINIMUM         48    642 AM  10    1899  37     11       29
  AVERAGE         53                        49      4       49

PRECIPITATION (IN)
  YESTERDAY        1.02          1.74 1977   0.09   0.93     0.00
  MONTH TO DATE    1.62                      2.11  -0.49     0.70
  SINCE MAR 1      1.62                      2.11  -0.49     0.70
  SINCE JAN 1      3.72                      3.91  -0.19     1.94

DEGREE DAYS
 HEATING
  YESTERDAY       12                        16     -4       16
  MONTH TO DATE  407                       562   -155      400
  SINCE MAR 1    407                       562   -155      400
  SINCE JUL 1   3075                      4403  -1328     3386

 COOLING
  YESTERDAY        0                         0      0        0
  MONTH TO DATE   11                         0     11        5
  SINCE MAR 1     11                         0     11        5
  SINCE JAN 1     11                         0     11        5
..................................................................


WIND (MPH)
  HIGHEST WIND SPEED    24   HIGHEST WIND DIRECTION     E (80)
  HIGHEST GUST SPEED    34   HIGHEST GUST DIRECTION     E (90)
  AVERAGE WIND SPEED    10.3


SKY COVER
  POSSIBLE SUNSHINE  MM
  AVERAGE SKY COVER 1.0


WEATHER CONDITIONS
 THE FOLLOWING WEATHER WAS RECORDED YESTERDAY.
  THUNDERSTORM
  HEAVY RAIN
  RAIN
  LIGHT RAIN
  FOG


RELATIVE HUMIDITY (PERCENT)
 HIGHEST    93           600 AM
 LOWEST     62           100 PM
 AVERAGE    78

..........................................................


THE SALINA KS CLIMATE NORMALS FOR TODAY
                         NORMAL    RECORD    YEAR
 MAXIMUM TEMPERATURE (F)   62        89      1967
 MINIMUM TEMPERATURE (F)   38        18      2009
                                             1969


SUNRISE AND SUNSET
MARCH 29 2017.........SUNRISE   720 AM CDT   SUNSET   752 PM CDT
MARCH 30 2017.........SUNRISE   718 AM CDT   SUNSET   753 PM CDT


-  INDICATES NEGATIVE NUMBERS.
R  INDICATES RECORD WAS SET OR TIED.
MM INDICATES DATA IS MISSING.
T  INDICATES TRACE AMOUNT.




$$
