000
CDUS43 KICT 230626
CLISLN


CLIMATE REPORT
NATIONAL WEATHER SERVICE WICHITA KS
1226 AM CST TUE JAN 23 2018


...................................

...THE SALINA KS CLIMATE SUMMARY FOR JANUARY 22 2018...

CLIMATE NORMAL PERIOD 1981 TO 2010
CLIMATE RECORD PERIOD 1894 TO 2018


WEATHER ITEM   OBSERVED TIME   RECORD YEAR NORMAL DEPARTURE LAST
                VALUE   (LST)  VALUE       VALUE  FROM      YEAR
                                                  NORMAL
..................................................................
TEMPERATURE (F)
 YESTERDAY
  MAXIMUM         38    645 PM  67    1938  42     -4       50
  MINIMUM         31   1159 PM  -9    1929  20     11       28
  AVERAGE         35                        31      4       39

PRECIPITATION (IN)
  YESTERDAY        0.03          0.47 1965   0.02   0.01     0.00
  MONTH TO DATE    0.16                      0.40  -0.24     2.02
  SINCE DEC 1      0.21                      1.34  -1.13     2.87
  SINCE JAN 1      0.16                      0.40  -0.24     2.02

DEGREE DAYS
 HEATING
  YESTERDAY       30                        34     -4       26
  MONTH TO DATE  797                       748     49      315
  SINCE DEC 1   1730                      1760    -30     1341
  SINCE JUL 1   2486                      2712   -226     1884

 COOLING
  YESTERDAY        0                         0      0        0
  MONTH TO DATE    0                         0      0        0
  SINCE DEC 1      0                         0      0        0
  SINCE JAN 1      0                         0      0        0
..................................................................


WIND (MPH)
  HIGHEST WIND SPEED    40   HIGHEST WIND DIRECTION    NW (320)
  HIGHEST GUST SPEED    50   HIGHEST GUST DIRECTION    NW (320)
  AVERAGE WIND SPEED    20.1


SKY COVER
  POSSIBLE SUNSHINE  MM
  AVERAGE SKY COVER 0.8


WEATHER CONDITIONS
 THE FOLLOWING WEATHER WAS RECORDED YESTERDAY.
  SNOW
  LIGHT SNOW
  FOG


RELATIVE HUMIDITY (PERCENT)
 HIGHEST   100          1200 AM
 LOWEST     69          1000 PM
 AVERAGE    85

..........................................................


THE SALINA KS CLIMATE NORMALS FOR TODAY
                         NORMAL    RECORD    YEAR
 MAXIMUM TEMPERATURE (F)   42        71      1981
 MINIMUM TEMPERATURE (F)   21       -10      1915


SUNRISE AND SUNSET
JANUARY 23 2018.......SUNRISE   743 AM CST   SUNSET   542 PM CST
JANUARY 24 2018.......SUNRISE   743 AM CST   SUNSET   543 PM CST


-  INDICATES NEGATIVE NUMBERS.
R  INDICATES RECORD WAS SET OR TIED.
MM INDICATES DATA IS MISSING.
T  INDICATES TRACE AMOUNT.




$$
