000
CDUS46 KLOX 050915
CLISMX


CLIMATE REPORT
NATIONAL WEATHER SERVICE LOS ANGELES/OXNARD CA
115 AM PST MON DEC 5 2016


...................................

...THE SANTA MARIA AIRPORT CA CLIMATE SUMMARY FOR DECEMBER 4 2016...

CLIMATE NORMAL PERIOD 1981 TO 2010
CLIMATE RECORD PERIOD 1906 TO 2016


WEATHER ITEM   OBSERVED TIME   RECORD YEAR NORMAL DEPARTURE LAST
                VALUE   (LST)  VALUE       VALUE  FROM      YEAR
                                                  NORMAL
..................................................................
TEMPERATURE (F)
 YESTERDAY
  MAXIMUM         65    130 PM  84    1939  65      0       70
                                      1938
                                      1937
  MINIMUM         38    714 AM  29    2011  40     -2       44
                                      2004
  AVERAGE         52                        52      0       57

PRECIPITATION (IN)
  YESTERDAY        0.00          0.84 1987   0.05  -0.05     0.00
  MONTH TO DATE    0.00                      0.20  -0.20     0.03
  SINCE OCT 1      2.58                      2.13   0.45     0.79
  SINCE JAN 1      9.70                     12.03  -2.33     3.10

SNOWFALL (IN)
  YESTERDAY        0.0
  MONTH TO DATE    0.0
  SINCE DEC 1      0.0
  SINCE JUL 1      0.0

DEGREE DAYS
 HEATING
  YESTERDAY       13                        13      0
  MONTH TO DATE   54                        51      3
  SINCE DEC 1     54                        51      3
  SINCE JUL 1    605                       697    -92

 COOLING
  YESTERDAY        0                         0      0
  MONTH TO DATE    0                         0      0
  SINCE DEC 1      0                         0      0
  SINCE JAN 1    142                       104     38
..................................................................


WIND (MPH)
  HIGHEST WIND SPEED    14   HIGHEST WIND DIRECTION    NW (300)
  HIGHEST GUST SPEED    17   HIGHEST GUST DIRECTION    NW (320)
  AVERAGE WIND SPEED     5.4


SKY COVER
  POSSIBLE SUNSHINE  MM
  AVERAGE SKY COVER 0.1


WEATHER CONDITIONS
 THE FOLLOWING WEATHER WAS RECORDED YESTERDAY.
  FOG
  FOG W/VISIBILITY <= 1/4 MILE


RELATIVE HUMIDITY (PERCENT)
 HIGHEST   100           100 AM
 LOWEST     39          1100 AM
 AVERAGE    70

..........................................................


THE SANTA MARIA AIRPORT CA CLIMATE NORMALS FOR TODAY
                         NORMAL    RECORD    YEAR
 MAXIMUM TEMPERATURE (F)   64        86      1938
 MINIMUM TEMPERATURE (F)   40        29      1921


SUNRISE AND SUNSET
DECEMBER  5 2016......SUNRISE   655 AM PST   SUNSET   450 PM PST
DECEMBER  6 2016......SUNRISE   656 AM PST   SUNSET   450 PM PST


-  INDICATES NEGATIVE NUMBERS.
R  INDICATES RECORD WAS SET OR TIED.
MM INDICATES DATA IS MISSING.
T  INDICATES TRACE AMOUNT.




$$
