000
CDUS46 KLOX 300909
CLISMX


CLIMATE REPORT
NATIONAL WEATHER SERVICE LOS ANGELES/OXNARD CA
209 AM PDT WED JUL 30 2014


...................................

...THE SANTA MARIA AIRPORT CA CLIMATE SUMMARY FOR JULY 29 2014...

CLIMATE NORMAL PERIOD 1981 TO 2010
CLIMATE RECORD PERIOD 1906 TO 2014


WEATHER ITEM   OBSERVED TIME   RECORD YEAR NORMAL DEPARTURE LAST
                VALUE   (LST)  VALUE       VALUE  FROM      YEAR
                                                  NORMAL
..................................................................
TEMPERATURE (F)
 YESTERDAY
  MAXIMUM         78   1131 AM  89    1996  73      5       74
  MINIMUM         62    748 AM  43    1932  54      8       59
  AVERAGE         70                        64      6       67

PRECIPITATION (IN)
  YESTERDAY        0.00          0.01 1972   0.00   0.00     0.00
  MONTH TO DATE    T                         0.03  -0.03     0.01
  SINCE JUL 1      T                         0.03  -0.03     0.01
  SINCE JAN 1      4.01                      9.74  -5.73     2.50

SNOWFALL (IN)
  YESTERDAY        0.0
  MONTH TO DATE    0.0
  SINCE JUN 1      0.0
  SINCE JUL 1      0.0

DEGREE DAYS
 HEATING
  YESTERDAY        0                         2     -2
  MONTH TO DATE    0                        69    -69
  SINCE JUN 1     60                       210   -150
  SINCE JUL 1      0                        69    -69

 COOLING
  YESTERDAY        5                         1      4
  MONTH TO DATE  108                        24     84
  SINCE JUN 1    116                        30     86
  SINCE JAN 1    222                        40    182
..................................................................


WIND (MPH)
  HIGHEST WIND SPEED    15   HIGHEST WIND DIRECTION    NW (320)
  HIGHEST GUST SPEED    18   HIGHEST GUST DIRECTION    NW (310)
  AVERAGE WIND SPEED     4.6


SKY COVER
  POSSIBLE SUNSHINE  MM
  AVERAGE SKY COVER 0.7


WEATHER CONDITIONS
 THE FOLLOWING WEATHER WAS RECORDED YESTERDAY.
  FOG
  FOG W/VISIBILITY <= 1/4 MILE
  HAZE


RELATIVE HUMIDITY (PERCENT)
 HIGHEST    93           500 AM
 LOWEST     58           300 PM
 AVERAGE    76

..........................................................


THE SANTA MARIA AIRPORT CA CLIMATE NORMALS FOR TODAY
                         NORMAL    RECORD    YEAR
 MAXIMUM TEMPERATURE (F)   73       103      1930
 MINIMUM TEMPERATURE (F)   54        43      1920


SUNRISE AND SUNSET
JULY 30 2014..........SUNRISE   610 AM PDT   SUNSET   806 PM PDT
JULY 31 2014..........SUNRISE   611 AM PDT   SUNSET   805 PM PDT


-  INDICATES NEGATIVE NUMBERS.
R  INDICATES RECORD WAS SET OR TIED.
MM INDICATES DATA IS MISSING.
T  INDICATES TRACE AMOUNT.




$$
