000
CDUS46 KLOX 200915
CLISMX


CLIMATE REPORT
NATIONAL WEATHER SERVICE LOS ANGELES/OXNARD CA
214 AM PDT THU JUL 20 2017


...................................

...THE SANTA MARIA AIRPORT CA CLIMATE SUMMARY FOR JULY 19 2017...

CLIMATE NORMAL PERIOD 1981 TO 2010
CLIMATE RECORD PERIOD 1906 TO 2017


WEATHER ITEM   OBSERVED TIME   RECORD YEAR NORMAL DEPARTURE LAST
                VALUE   (LST)  VALUE       VALUE  FROM      YEAR
                                                  NORMAL
..................................................................
TEMPERATURE (F)
 YESTERDAY
  MAXIMUM         71    104 PM  91    2015  73     -2       69
  MINIMUM         52    415 AM  42    1920  54     -2       51
  AVERAGE         62                        64     -2       60

PRECIPITATION (IN)
  YESTERDAY        0.00          0.14 2015   0.00   0.00     0.00
  MONTH TO DATE    0.00                      0.02  -0.02      T
  SINCE OCT 1     18.44                     13.78   4.66     9.00
  SINCE JAN 1     13.64                      9.73   3.91     7.12

SNOWFALL (IN)
  YESTERDAY        0.0
  MONTH TO DATE    0.0
  SINCE JUN 1      0.0
  SINCE JUL 1      0.0

DEGREE DAYS
 HEATING
  YESTERDAY        3                         2      1
  MONTH TO DATE   21                        49    -28
  SINCE JUN 1    128                       190    -62
  SINCE JUL 1     21                        49    -28

 COOLING
  YESTERDAY        0                         1     -1
  MONTH TO DATE   24                        14     10
  SINCE JUN 1     32                        20     12
  SINCE JAN 1     46                        30     16
..................................................................


WIND (MPH)
  HIGHEST WIND SPEED    14   HIGHEST WIND DIRECTION    NW (300)
  HIGHEST GUST SPEED    19   HIGHEST GUST DIRECTION     W (290)
  AVERAGE WIND SPEED     5.8


SKY COVER
  POSSIBLE SUNSHINE  MM
  AVERAGE SKY COVER 0.4


WEATHER CONDITIONS
 THE FOLLOWING WEATHER WAS RECORDED YESTERDAY.
  FOG


RELATIVE HUMIDITY (PERCENT)
 HIGHEST   100           200 AM
 LOWEST     57           100 PM
 AVERAGE    79

..........................................................


THE SANTA MARIA AIRPORT CA CLIMATE NORMALS FOR TODAY
                         NORMAL    RECORD    YEAR
 MAXIMUM TEMPERATURE (F)   73        92      2015
 MINIMUM TEMPERATURE (F)   54        43      1920


SUNRISE AND SUNSET
JULY 20 2017..........SUNRISE   603 AM PDT   SUNSET   813 PM PDT
JULY 21 2017..........SUNRISE   604 AM PDT   SUNSET   812 PM PDT


-  INDICATES NEGATIVE NUMBERS.
R  INDICATES RECORD WAS SET OR TIED.
MM INDICATES DATA IS MISSING.
T  INDICATES TRACE AMOUNT.




$$
