000
CDUS46 KSGX 230017
CLISNA


CLIMATE REPORT
NATIONAL WEATHER SERVICE SAN DIEGO, CA
517 PM PDT MON SEP 22 2014


...................................

...THE JOHN WAYNE AIRPORT CA CLIMATE SUMMARY FOR SEPTEMBER 22 2014...
VALID TODAY AS OF 0500 PM LOCAL TIME.

CLIMATE NORMAL PERIOD 1981 TO 2010
CLIMATE RECORD PERIOD 1999 TO 2014


WEATHER ITEM   OBSERVED TIME   RECORD YEAR NORMAL DEPARTURE LAST
                VALUE   (LST)  VALUE       VALUE  FROM      YEAR
                                                  NORMAL
..................................................................
TEMPERATURE (F)
 TODAY
  MAXIMUM         82    126 PM  93    2004  79      3       76
  MINIMUM         67    557 AM  59    2005  63      4       63
  AVERAGE         75                        71      4       70

PRECIPITATION (IN)
  TODAY            0.00          0.23 2007   0.01  -0.01     0.00
  MONTH TO DATE    0.00                      0.15  -0.15     0.00
  SINCE JUL 1      0.03                      0.22  -0.19     0.12
  SINCE JAN 1      2.62                      9.18  -6.56     2.09

SNOWFALL (IN)
  TODAY            0.0
  MONTH TO DATE    0.0
  SINCE JAN 1      0.0
  SINCE JUL 1      0.0
  SNOW DEPTH       0

DEGREE DAYS
 HEATING
  TODAY            0                         0      0        0
  MONTH TO DATE    0                         0      0        0
  SINCE SEP 1      0                         0      0        0
  SINCE JUL 1      0                         0      0        0

 COOLING
  TODAY           10                         6      4        5
  MONTH TO DATE  331                       157    174      280
  SINCE SEP 1    331                       157    174      280
  SINCE JAN 1   1575                       728    847      984
..................................................................


WIND (MPH)
  RESULTANT WIND SPEED   3   RESULTANT WIND DIRECTION  SW (230)
  HIGHEST WIND SPEED    12   HIGHEST WIND DIRECTION     S (190)
  HIGHEST GUST SPEED    16   HIGHEST GUST DIRECTION    SW (210)
  AVERAGE WIND SPEED     3.6


SKY COVER
  POSSIBLE SUNSHINE  MM
  AVERAGE SKY COVER 0.1


WEATHER CONDITIONS
 THE FOLLOWING WEATHER WAS RECORDED TODAY.
  NO SIGNIFICANT WEATHER WAS OBSERVED.


RELATIVE HUMIDITY (PERCENT)
 HIGHEST    78           300 AM
 LOWEST     51           100 PM
 AVERAGE    65

..........................................................


THE JOHN WAYNE AIRPORT CA CLIMATE NORMALS FOR TOMORROW
                         NORMAL    RECORD    YEAR
 MAXIMUM TEMPERATURE (F)   78        98      2009
 MINIMUM TEMPERATURE (F)   63        59      2007


SUNRISE AND SUNSET
SEPTEMBER 22 2014.....SUNRISE   640 AM PDT   SUNSET   648 PM PDT
SEPTEMBER 23 2014.....SUNRISE   640 AM PDT   SUNSET   647 PM PDT


-  INDICATES NEGATIVE NUMBERS.
R  INDICATES RECORD WAS SET OR TIED.
MM INDICATES DATA IS MISSING.
T  INDICATES TRACE AMOUNT.




$$
