000
CDAK48 PASN 111110
CLISNP

CLIMATE REPORT
NATIONAL WEATHER SERVICE ST PAUL, AK
310 AM AKDT FRI JUL 11 2014

...................................
...THE ST PAUL AIRPORT CLIMATE SUMMARY FOR JULY 10 2014...

CLIMATE NORMAL PERIOD  1981 TO  2010
CLIMATE RECORD PERIOD  1949 TO  2014

WEATHER ITEM   OBSERVED TIME    RECORD YEAR NORMAL DEPARTURE LAST
               VALUE    (LST)   VALUE       VALUE  FROM      YEAR
                                                   NORMAL
...................................................................
TEMPERATURE
YESTERDAY
 MAXIMUM            50  0829 PM    55  2010     50       0     50
 MINIMUM            45  0338 AM    34  1972     43       2     41
 AVERAGE            48                          47       1     46

PRECIPITATION
(INCHES)
 YESTERDAY        0.15           0.68  1989   0.05    0.10   0.00
 MONTH TO DATE    0.68                        0.52    0.16   0.65
 SINCE JUN 1      1.70                        1.87   -0.17   2.20
 SINCE JAN 1      8.84                        8.03    0.81   9.38

SNOWFALL
(INCHES)
 YESTERDAY         0.0            0.0  2014    0.0     0.0    0.0
 MONTH TO DATE     0.0                         0.0     0.0    0.0
 SINCE JUN 1       0.0                         0.0     0.0    0.0
 SINCE JUL 1       0.0                         0.0     0.0    0.0
 SNOW DEPTH (IN)     0                                          0

DEGREE DAYS
 HEATING
  YESTERDAY         17                          18      -1     19
  MONTH TO DATE    161                         189     -28    215
  SINCE JUN 1      789                         868     -79    925
  SINCE JUL 1      161                         189     -28    215

 COOLING
  YESTERDAY          0                           0       0      0
  MONTH TO DATE      0                           0       0      0
  SINCE JUN 1        0                           0       0      0
  SINCE JAN 1        0                           0       0      0
...................................................................

WIND (MPH)
 HIGHEST WIND SPEED    17     HIGHEST WIND DIRECTION    320
 HIGHEST GUST SPEED    22     HIGHEST GUST DIRECTION    320
 AVERAGE WIND SPEED   9.6

SKY COVER
  POSSIBLE SUNSHINE    MM          AVERAGE SKY COVER     MM

WEATHER CONDITIONS
 THE FOLLOWING WEATHER WAS RECORDED YESTERDAY.
  FOG
DRIZZLE
RAIN


RELATIVE HUMIDITY
 HIGHEST RH     MM PERCENT       MM
 LOWEST  RH     MM PERCENT       MM
 AVERAGE RH     MM PERCENT       MM
...................................................................

THE ST PAUL CLIMATE NORMALS FOR TODAY
                           NORMAL    RECORD   YEAR
 MAXIMUM TEMPERATURE (F)     51        56     1987
 MINIMUM TEMPERATURE (F)     43        35     2010

SUNRISE AND SUNSET
 JUL 11 2014..........SUNRISE  6:43 AM      SUNSET 12:10 AM
 JUL 12 2014..........SUNRISE  6:44 AM      SUNSET 12:09 AM

-  INDICATES NEGATIVE NUMBERS.
R  INDICATES RECORD HAS BEEN SET OR TIED.
MM INDICATES DATA IS MISSING.
T  INDICATES TRACE OF PRECIPITATION.

&&
-------------------------------------------------------------------

AMOUNT OF DAYLIGHT TODAY  (HOUR:MIN)........17 HOURS 27 MINUTES
GAIN/LOSS SINCE YESTERDAY (HOUR:MIN:SEC)....-0:02:31

$$
HLC JUL 14
