761
CDAK48 PAFC 180056
CLISNP


CLIMATE REPORT
NATIONAL WEATHER SERVICE ANCHORAGE, AK
356 PM AKST SAT FEB 17 2018


...................................

...THE SAINT PAUL ISLAND CLIMATE SUMMARY FOR FEBRUARY 17 2018...
VALID TODAY AS OF 0300 PM LOCAL TIME.

CLIMATE NORMAL PERIOD 1981 TO 2010
CLIMATE RECORD PERIOD 1892 TO 2018


WEATHER ITEM   OBSERVED TIME   RECORD YEAR NORMAL DEPARTURE LAST
                VALUE   (LST)  VALUE       VALUE  FROM      YEAR
                                                  NORMAL
..................................................................
TEMPERATURE (F)
 TODAY
  MAXIMUM         39        MM  42    1996  29     10       12
  MINIMUM         34        MM -11    1976  20     14        9
                                      1972
  AVERAGE         37                        24     13       11

PRECIPITATION (IN)
  TODAY            0.26          0.27 1967   0.05   0.21      T
  MONTH TO DATE    0.92                      0.84   0.08     0.25
  SINCE SEP 1     16.74                     13.66   3.08    18.29
  SINCE JAN 1      1.88                      2.42  -0.54     1.76

SNOWFALL (IN)
  TODAY            0.0          MM      MM   0.4   -0.4      0.2
  MONTH TO DATE    1.3                       6.4   -5.1      6.2
  SINCE SEP 1      8.4                      41.4  -33.0     44.3
  SINCE JUL 1      8.4                      41.4  -33.0     44.3
  SNOW DEPTH       0

DEGREE DAYS
 HEATING
  TODAY           28                        41    -13       54
  MONTH TO DATE  515                       697   -182      706
  SINCE DEC 1   2594                      3055   -461     2881
  SINCE JUL 1   5672                      6476   -804     5450

 COOLING
  TODAY            0                         0      0        0
  MONTH TO DATE    0                         0      0        0
  SINCE DEC 1      0                         0      0        0
  SINCE JAN 1      0                         0      0        0
..................................................................


WIND (MPH)
  RESULTANT WIND SPEED  27   RESULTANT WIND DIRECTION  SE (120)
  HIGHEST WIND SPEED    37   HIGHEST WIND DIRECTION    SE (120)
  HIGHEST GUST SPEED    62   HIGHEST GUST DIRECTION    SE (130)
  AVERAGE WIND SPEED    28.0



WEATHER CONDITIONS
 THE FOLLOWING WEATHER WAS RECORDED TODAY.
  RAIN
  LIGHT RAIN
  FOG


..........................................................


THE SAINT PAUL ISLAND CLIMATE NORMALS FOR TOMORROW
                         NORMAL    RECORD    YEAR
 MAXIMUM TEMPERATURE (F)   29        38      2006
                                             1989
 MINIMUM TEMPERATURE (F)   20       -15      1984


SUNRISE AND SUNSET
FEBRUARY 17 2018......SUNRISE   944 AM AKST  SUNSET   727 PM AKST
FEBRUARY 18 2018......SUNRISE   941 AM AKST  SUNSET   729 PM AKST


-  INDICATES NEGATIVE NUMBERS.
R  INDICATES RECORD WAS SET OR TIED.
MM INDICATES DATA IS MISSING.
T  INDICATES TRACE AMOUNT.




$$
