000
CDAK48 PASN 241304
CLISNP


CLIMATE REPORT
NATIONAL WEATHER SERVICE ANCHORAGE, AK
504 AM AKDT WED MAY 24 2017


...................................

...THE SAINT PAUL ISLAND CLIMATE SUMMARY FOR MAY 23 2017...

CLIMATE NORMAL PERIOD 1981 TO 2010
CLIMATE RECORD PERIOD 1892 TO 2017


WEATHER ITEM   OBSERVED TIME   RECORD YEAR NORMAL DEPARTURE LAST
                VALUE   (LST)  VALUE       VALUE  FROM      YEAR
                                                  NORMAL
..................................................................
TEMPERATURE (F)
 YESTERDAY
  MAXIMUM         47    337 PM  51    2009  42      5       46
  MINIMUM         37   1128 PM  24    1966  33      4       42
  AVERAGE         42                        38      4       44

PRECIPITATION (IN)
  YESTERDAY        0.02          0.50 1964   0.03  -0.01     0.01
  MONTH TO DATE    1.46                      0.83   0.63     0.75
  SINCE MAR 1      2.63                      2.98  -0.35     2.91
  SINCE JAN 1      5.72                      5.86  -0.14     5.67

SNOWFALL (IN)
  YESTERDAY       MM            MM      MM   0.0   MM       MM
  MONTH TO DATE    T                         1.0   -1.0      0.0
  SINCE MAR 1      0.6                      14.7  -14.1      0.0
  SINCE JUL 1     48.8                      59.7  -10.9     23.7
  SNOW DEPTH       0

DEGREE DAYS
 HEATING
  YESTERDAY       23                        27     -4       21
  MONTH TO DATE  613                       681    -68      562
  SINCE MAR 1   2800                      2999   -199     2178
  SINCE JUL 1   8675                      9916  -1241     7363

 COOLING
  YESTERDAY        0                         0      0        0
  MONTH TO DATE    0                         0      0        0
  SINCE MAR 1      0                         0      0        0
  SINCE JAN 1      0                         0      0        0
..................................................................


WIND (MPH)
  RESULTANT WIND SPEED  11   RESULTANT WIND DIRECTION  SW (210)
  HIGHEST WIND SPEED    18   HIGHEST WIND DIRECTION    SW (220)
  HIGHEST GUST SPEED    23   HIGHEST GUST DIRECTION    SW (230)
  AVERAGE WIND SPEED    11.1



WEATHER CONDITIONS
 THE FOLLOWING WEATHER WAS RECORDED YESTERDAY.
  LIGHT RAIN
  FOG


..........................................................


THE SAINT PAUL ISLAND CLIMATE NORMALS FOR TODAY
                         NORMAL    RECORD    YEAR
 MAXIMUM TEMPERATURE (F)   42        54      2006
 MINIMUM TEMPERATURE (F)   33        21      1983


SUNRISE AND SUNSET
MAY 24 2017...........SUNRISE   645 AM AKDT  SUNSET  1152 PM AKDT
MAY 25 2017...........SUNRISE   643 AM AKDT  SUNSET  1154 PM AKDT


-  INDICATES NEGATIVE NUMBERS.
R  INDICATES RECORD WAS SET OR TIED.
MM INDICATES DATA IS MISSING.
T  INDICATES TRACE AMOUNT.




$$
