000
CDAK48 PASN 251302
CLISNP


CLIMATE REPORT
NATIONAL WEATHER SERVICE ANCHORAGE, AK
502 AM AKDT SAT MAR 25 2017


...................................

...THE SAINT PAUL ISLAND CLIMATE SUMMARY FOR MARCH 24 2017...

CLIMATE NORMAL PERIOD 1981 TO 2010
CLIMATE RECORD PERIOD 1892 TO 2017


WEATHER ITEM   OBSERVED TIME   RECORD YEAR NORMAL DEPARTURE LAST
                VALUE   (LST)  VALUE       VALUE  FROM      YEAR
                                                  NORMAL
..................................................................
TEMPERATURE (F)
 YESTERDAY
  MAXIMUM         31    504 PM  41    1979  30      1       MM
  MINIMUM         24    913 AM -14    1975  21      3       MM
  AVERAGE         28                        25      3       MM

PRECIPITATION (IN)
  YESTERDAY        0.00          0.76 1991   0.03  -0.03     0.07
  MONTH TO DATE    0.10                      0.82  -0.72     0.98
  SINCE MAR 1      0.10                      0.82  -0.72     0.98
  SINCE JAN 1      3.19                      3.70  -0.51     3.74

SNOWFALL (IN)
  YESTERDAY        0.0          MM      MM   0.2   -0.2     MM
  MONTH TO DATE    0.4                       6.2   -5.8      0.0
  SINCE MAR 1      0.4                       6.2   -5.8      0.0
  SINCE JUL 1     48.6                      51.2   -2.6     23.7
  SNOW DEPTH       0

DEGREE DAYS
 HEATING
  YESTERDAY       37                        40     -3       MM
  MONTH TO DATE  908                       960    -52      691
  SINCE MAR 1    908                       960    -52      691
  SINCE JUL 1   6783                      7877  -1094     5876

 COOLING
  YESTERDAY        0                         0      0       MM
  MONTH TO DATE    0                         0      0        0
  SINCE MAR 1      0                         0      0        0
  SINCE JAN 1      0                         0      0        0
..................................................................


WIND (MPH)
  RESULTANT WIND SPEED  25   RESULTANT WIND DIRECTION   E (80)
  HIGHEST WIND SPEED    32   HIGHEST WIND DIRECTION     E (90)
  HIGHEST GUST SPEED    39   HIGHEST GUST DIRECTION     E (80)
  AVERAGE WIND SPEED    25.0



WEATHER CONDITIONS
 THE FOLLOWING WEATHER WAS RECORDED YESTERDAY.
  LIGHT SNOW


..........................................................


THE SAINT PAUL ISLAND CLIMATE NORMALS FOR TODAY
                         NORMAL    RECORD    YEAR
 MAXIMUM TEMPERATURE (F)   30        42      1979
 MINIMUM TEMPERATURE (F)   21       -13      1994


SUNRISE AND SUNSET
MARCH 25 2017.........SUNRISE   908 AM AKDT  SUNSET   947 PM AKDT
MARCH 26 2017.........SUNRISE   905 AM AKDT  SUNSET   949 PM AKDT


-  INDICATES NEGATIVE NUMBERS.
R  INDICATES RECORD WAS SET OR TIED.
MM INDICATES DATA IS MISSING.
T  INDICATES TRACE AMOUNT.




$$
