000
CDAK48 PASN 301205
CLISNP

CLIMATE REPORT
NATIONAL WEATHER SERVICE ST PAUL, AK
405 AM AKDT TUE SEP 30 2014

...................................
...THE ST PAUL AIRPORT CLIMATE SUMMARY FOR SEPTEMBER 29 2014...

CLIMATE NORMAL PERIOD  1981 TO  2010
CLIMATE RECORD PERIOD  1892 TO  2014

WEATHER ITEM   OBSERVED TIME    RECORD YEAR NORMAL DEPARTURE LAST
               VALUE    (LST)   VALUE       VALUE  FROM      YEAR
                                                   NORMAL
...................................................................
TEMPERATURE
YESTERDAY
 MAXIMUM            50R 0429 PM    50  2008     47       3     46
 MINIMUM            41  0439 AM    24  2012     38       3     36
 AVERAGE            46                          42       4     41

PRECIPITATION
(INCHES)
 YESTERDAY        0.00           1.29  1993   0.10   -0.10   0.05
 MONTH TO DATE    3.57                        2.89    0.68   3.01
 SINCE SEP 1      3.57                        2.89    0.68   3.01
 SINCE JAN 1     16.80                       15.32    1.48  17.04

SNOWFALL
(INCHES)
 YESTERDAY         0.0            0.2  1990    0.0     0.0    0.0
 MONTH TO DATE     0.0                         0.0     0.0    0.0
 SINCE SEP 1       0.0                         0.0     0.0    0.0
 SINCE JUL 1       0.0                         0.0     0.0    0.0
 SNOW DEPTH (IN)     0                                          0

DEGREE DAYS
 HEATING
  YESTERDAY         19                          23      -4     24
  MONTH TO DATE    443                         568    -125    573
  SINCE SEP 1      443                         568    -125    573
  SINCE JUL 1     1260                        1620    -360   1616

 COOLING
  YESTERDAY          0                           0       0      0
  MONTH TO DATE      0                           0       0      0
  SINCE SEP 1        0                           0       0      0
  SINCE JAN 1        0                           0       0      0
...................................................................

WIND (MPH)
 HIGHEST WIND SPEED    21     HIGHEST WIND DIRECTION     70
 HIGHEST GUST SPEED    24     HIGHEST GUST DIRECTION     60
 AVERAGE WIND SPEED  13.6

SKY COVER
  POSSIBLE SUNSHINE    MM          AVERAGE SKY COVER     MM

WEATHER CONDITIONS
 THE FOLLOWING WEATHER WAS RECORDED YESTERDAY.
  NO SIGNIFICANT WEATHER WAS OBSERVED.

RELATIVE HUMIDITY
 HIGHEST RH     MM PERCENT       MM
 LOWEST  RH     MM PERCENT       MM
 AVERAGE RH     MM PERCENT       MM
...................................................................

THE ST PAUL CLIMATE NORMALS FOR TODAY
                           NORMAL    RECORD   YEAR
 MAXIMUM TEMPERATURE (F)     47        53     1978
 MINIMUM TEMPERATURE (F)     37        25     1965

SUNRISE AND SUNSET
 SEP 30 2014..........SUNRISE  9:24 AM      SUNSET  8:58 PM
 OCT  1 2014..........SUNRISE  9:26 AM      SUNSET  8:55 PM

-  INDICATES NEGATIVE NUMBERS.
R  INDICATES RECORD HAS BEEN SET OR TIED.
MM INDICATES DATA IS MISSING.
T  INDICATES TRACE OF PRECIPITATION.

&&
-------------------------------------------------------------------

AMOUNT OF DAYLIGHT TODAY  (HOUR:MIN)........11 HOURS 34 MINUTES
GAIN/LOSS SINCE YESTERDAY (HOUR:MIN:SEC)....-0:04:49

$$
WIW SEP 14
