409
CDAK48 PASN 142348
CLISNP

CLIMATE REPORT
NATIONAL WEATHER SERVICE ST PAUL, AK
248 PM AKST SUN FEB 14 2016

...................................
...THE ST PAUL AIRPORT CLIMATE SUMMARY FOR FEBRUARY 14 2016...
VALID TODAY AS OF 2:00 PM LOCAL TIME

CLIMATE NORMAL PERIOD  1981 TO  2010
CLIMATE RECORD PERIOD  1892 TO  2016

WEATHER ITEM   OBSERVED TIME    RECORD YEAR NORMAL DEPARTURE LAST
               VALUE    (LST)   VALUE       VALUE  FROM      YEAR
                                                   NORMAL
...................................................................
TEMPERATURE
TODAY
 MAXIMUM            36  0159 PM    40  1986     29       7     34
 MINIMUM            34  0844 AM    -7  1991     20      14     30
 AVERAGE            35                          24      11     32

PRECIPITATION
(INCHES)
 TODAY            0.01           0.44  2005   0.04   -0.03   0.20
 MONTH TO DATE    0.32                        0.69   -0.37   0.25
 SINCE DEC 1      6.56                        4.52    2.04   4.41
 SINCE JAN 1      1.93                        2.27   -0.34   1.45

SNOWFALL
(INCHES)
 TODAY             0.0            5.9  2005    0.4    -0.4    2.0
 MONTH TO DATE     3.0                         5.3    -2.3    4.0
 SINCE DEC 1      27.1                        30.0    -2.9   22.5
 SINCE JUL 1      39.1                        40.3    -1.2   23.2
 SNOW DEPTH (IN)     0                                          6

DEGREE DAYS
 HEATING
  TODAY             30                          41     -11     33
  MONTH TO DATE    435                         574    -139    563
  SINCE DEC 1     2508                        2933    -425   2599
  SINCE JUL 1     5538                        6353    -815   5504

 COOLING
  TODAY              0                           0       0      0
  MONTH TO DATE      0                           0       0      0
  SINCE DEC 1        0                           0       0      0
  SINCE JAN 1        0                           0       0      0
...................................................................

WIND (MPH)
 HIGHEST WIND SPEED    23     HIGHEST WIND DIRECTION     60
 HIGHEST GUST SPEED    20     HIGHEST GUST DIRECTION     60
 AVERAGE WIND SPEED    MM

SKY COVER
  POSSIBLE SUNSHINE  MM            AVERAGE SKY COVER MM

WEATHER CONDITIONS
 THE FOLLOWING WEATHER WAS RECORDED TODAY.
  DRIZZLE
  RAIN


RELATIVE HUMIDITY
 HIGHEST RH     MM PERCENT       MM
 LOWEST  RH     MM PERCENT       MM
 AVERAGE RH     MM PERCENT       MM
...................................................................

THE ST PAUL CLIMATE NORMALS FOR TOMORROW
                        NORMAL    RECORD   YEAR
 MAXIMUM TEMPERATURE      29        39     1986
 MINIMUM TEMPERATURE      20        -9     2013

SUNRISE AND SUNSET
 FEB 14 2016..........SUNRISE  9:53 AM      SUNSET  7:19 PM
 FEB 15 2016..........SUNRISE  9:50 AM      SUNSET  7:22 PM

-  INDICATES NEGATIVE NUMBERS.
R  INDICATES RECORD HAS BEEN SET OR TIED.
MM INDICATES DATA IS MISSING.
T  INDICATES TRACE OF PRECIPITATION.

&&
-------------------------------------------------------------------

AMOUNT OF DAYLIGHT TODAY  (HOUR:MIN)........9 HOURS 26 MINUTES
GAIN/LOSS SINCE YESTERDAY (HOUR:MIN:SEC)....+0:04:40

$$
HCH FEB 16
