005
CDAK48 PAFC 281257 RRA
CLISNP

CLIMATE REPORT
NATIONAL WEATHER SERVICE ANCHORAGE, AK
453 AM AKDT WED SEP 28 2016


...................................

...THE SAINT PAUL ISLAND CLIMATE SUMMARY FOR SEPTEMBER 27 2016...

CLIMATE NORMAL PERIOD 1981 TO 2010
CLIMATE RECORD PERIOD 1892 TO 2016


WEATHER ITEM   OBSERVED TIME   RECORD YEAR NORMAL DEPARTURE LAST
                VALUE   (LST)  VALUE       VALUE  FROM      YEAR
                                                  NORMAL
..................................................................
TEMPERATURE (F)
 YESTERDAY
  MAXIMUM         51   1159 PM  54    2014  47      4       50
  MINIMUM         46    304 AM  25    1989  38      8       41
  AVERAGE         49                        43      6       46

PRECIPITATION (IN)
  YESTERDAY        0.00          0.79 1950   0.10  -0.10     0.02
  MONTH TO DATE    3.73                      2.70   1.03     3.91
  SINCE SEP 1      3.73                      2.70   1.03     3.91
  SINCE JAN 1     14.47                     15.13  -0.66    15.34

SNOWFALL (IN)
  YESTERDAY        0.0          MM      MM   0.0    0.0     MM
  MONTH TO DATE    0.0                       0.0    0.0      0.0
  SINCE SEP 1      0.0                       0.0    0.0      0.0
  SINCE JUL 1      0.0                       0.0    0.0      0.0
  SNOW DEPTH       0

DEGREE DAYS
 HEATING
  YESTERDAY       16                        22     -6       19
  MONTH TO DATE  377                       522   -145      418
  SINCE SEP 1    377                       522   -145      418
  SINCE JUL 1    990                      1575   -585     1278

 COOLING
  YESTERDAY        0                         0      0        0
  MONTH TO DATE    0                         0      0        0
  SINCE SEP 1      0                         0      0        0
  SINCE JAN 1      0                         0      0        0
..................................................................


WIND (MPH)
  RESULTANT WIND SPEED  17   RESULTANT WIND DIRECTION  SW (220)
  HIGHEST WIND SPEED    30   HIGHEST WIND DIRECTION     S (200)
  HIGHEST GUST SPEED    37   HIGHEST GUST DIRECTION    SW (210)
  AVERAGE WIND SPEED    18.3



WEATHER CONDITIONS
 THE FOLLOWING WEATHER WAS RECORDED YESTERDAY.
  FOG
  HAZE


..........................................................


THE SAINT PAUL ISLAND CLIMATE NORMALS FOR TODAY
                         NORMAL    RECORD    YEAR
 MAXIMUM TEMPERATURE (F)   47        55      1978
 MINIMUM TEMPERATURE (F)   38        28      1985


SUNRISE AND SUNSET
SEPTEMBER 28 2016.....SUNRISE   920 AM AKDT  SUNSET   901 PM AKDT
SEPTEMBER 29 2016.....SUNRISE   922 AM AKDT  SUNSET   859 PM AKDT

CIVIL TWILIGHT
SEPTEMBER 28 2016       START   718 AM AKDT     END   822 PM AKDT
SEPTEMBER 29 2016       START   721 AM AKDT     END   819 PM AKDT



-  INDICATES NEGATIVE NUMBERS.
R  INDICATES RECORD WAS SET OR TIED.
MM INDICATES DATA IS MISSING.
T  INDICATES TRACE AMOUNT.




$$
&&
------------------------------------------------------
AMOUNT OF DAYLIGHT TODAY  (HOUR:MIN)........11:41
GAIN/LOSS SINCE YESTERDAY (HOUR:MIN:SEC)....-0:05:39

$$
