000
CDAK48 PASN 242334
CLISNP

CLIMATE REPORT
NATIONAL WEATHER SERVICE ST PAUL, AK
234 PM AKST SAT JAN 24 2015

...................................
...THE ST PAUL AIRPORT CLIMATE SUMMARY FOR JANUARY 24 2015...
VALID TODAY AS OF 2:00 PM LOCAL TIME

CLIMATE NORMAL PERIOD  1981 TO  2010
CLIMATE RECORD PERIOD  1892 TO  2015

WEATHER ITEM   OBSERVED TIME    RECORD YEAR NORMAL DEPARTURE LAST
               VALUE    (LST)   VALUE       VALUE  FROM      YEAR
                                                   NORMAL
...................................................................
TEMPERATURE
TODAY
 MAXIMUM            23  0132 PM    40  1991     28      -5     31
 MINIMUM            20  0941 AM    -4  1956     20       0     28
 AVERAGE            22                          24      -2     30

PRECIPITATION
(INCHES)
 TODAY               T           0.29  1968   0.05   -0.05   0.04
 MONTH TO DATE    1.04                        1.25   -0.21   2.48
 SINCE DEC 1      4.00                        3.50    0.50   5.67
 SINCE JAN 1      1.04                        1.25   -0.21   2.48

SNOWFALL
(INCHES)
 TODAY               T            2.0  2002    0.4    -0.4    0.4
 MONTH TO DATE     4.9                         9.9    -5.0   14.6
 SINCE DEC 1       9.2                        22.0   -12.8   20.1
 SINCE JUL 1       9.9                        32.3   -22.4   22.8
 SNOW DEPTH (IN)     T                                         15

DEGREE DAYS
 HEATING
  TODAY             43                          41       2     35
  MONTH TO DATE    801                         951    -150    848
  SINCE DEC 1     1765                        2072    -307   1831
  SINCE JUL 1     4670                        5492    -822   5113

 COOLING
  TODAY              0                           0       0      0
  MONTH TO DATE      0                           0       0      0
  SINCE DEC 1        0                           0       0      0
  SINCE JAN 1        0                           0       0      0
...................................................................

WIND (MPH)
 HIGHEST WIND SPEED    18     HIGHEST WIND DIRECTION     40
 HIGHEST GUST SPEED    23     HIGHEST GUST DIRECTION     40
 AVERAGE WIND SPEED    MM

SKY COVER
  POSSIBLE SUNSHINE  MM            AVERAGE SKY COVER MM

WEATHER CONDITIONS
 THE FOLLOWING WEATHER WAS RECORDED TODAY.
SNOW


RELATIVE HUMIDITY
 HIGHEST RH     MM PERCENT       MM
 LOWEST  RH     MM PERCENT       MM
 AVERAGE RH     MM PERCENT       MM
...................................................................

THE ST PAUL CLIMATE NORMALS FOR TOMORROW
                        NORMAL    RECORD   YEAR
 MAXIMUM TEMPERATURE      28        41     1963
 MINIMUM TEMPERATURE      20        -2     1989

SUNRISE AND SUNSET
 JAN 24 2015..........SUNRISE 10:36 AM      SUNSET  6:32 PM
 JAN 25 2015..........SUNRISE 10:34 AM      SUNSET  6:34 PM

-  INDICATES NEGATIVE NUMBERS.
R  INDICATES RECORD HAS BEEN SET OR TIED.
MM INDICATES DATA IS MISSING.
T  INDICATES TRACE OF PRECIPITATION.

&&
-------------------------------------------------------------------

AMOUNT OF DAYLIGHT TODAY  (HOUR:MIN)........7 HOURS 56 MINUTES
GAIN/LOSS SINCE YESTERDAY (HOUR:MIN:SEC)....+0:03:51

$$
WIW JAN 15
