000
CDAK48 PASN 292210
CLISNP

CLIMATE REPORT
NATIONAL WEATHER SERVICE ST PAUL, AK
210 PM AKDT MON AUG 29 2016

...................................
...THE ST PAUL AIRPORT CLIMATE SUMMARY FOR AUGUST 29 2016...
VALID TODAY AS OF 2:00 PM LOCAL TIME

CLIMATE NORMAL PERIOD  1981 TO  2010
CLIMATE RECORD PERIOD  1892 TO  2016

WEATHER ITEM   OBSERVED TIME    RECORD YEAR NORMAL DEPARTURE LAST
               VALUE    (LST)   VALUE       VALUE  FROM      YEAR
                                                   NORMAL
...................................................................
TEMPERATURE
TODAY
 MAXIMUM            57R 0109 PM    57  1993     52       5     52
 MINIMUM            52  0842 AM    32  1958     45       7     45
 AVERAGE            55                          49       6     49

PRECIPITATION
(INCHES)
 TODAY               T           1.32  2015   0.10   -0.10   1.32
 MONTH TO DATE    2.98                        2.85    0.13   2.43
 SINCE JUN 1      5.45                        6.05   -0.60   5.19
 SINCE JAN 1     11.37                       12.21   -0.84  11.47

SNOWFALL
(INCHES)
 TODAY             0.0            0.0  2016    0.0     0.0    0.0
 MONTH TO DATE     0.0                         0.0     0.0    0.0
 SINCE JUN 1       0.0                         0.0     0.0    0.0
 SINCE JUL 1       0.0                         0.0     0.0    0.0
 SNOW DEPTH (IN)     0                                          0

DEGREE DAYS
 HEATING
  TODAY             10                          16      -6     16
  MONTH TO DATE    351                         465    -114    399
  SINCE JUN 1     1275                        1697    -422   1497
  SINCE JUL 1      743                        1018    -275    877

 COOLING
  TODAY              0                           0       0      0
  MONTH TO DATE      0                           0       0      0
  SINCE JUN 1        0                           0       0      0
  SINCE JAN 1        0                           0       0      0
...................................................................

WIND (MPH)
 HIGHEST WIND SPEED    10     HIGHEST WIND DIRECTION     70
 HIGHEST GUST SPEED    12     HIGHEST GUST DIRECTION     70
 AVERAGE WIND SPEED    MM

SKY COVER
  POSSIBLE SUNSHINE  MM            AVERAGE SKY COVER MM

WEATHER CONDITIONS
 THE FOLLOWING WEATHER WAS RECORDED TODAY.
  FOG
  RAIN


RELATIVE HUMIDITY
 HIGHEST RH     MM PERCENT       MM
 LOWEST  RH     MM PERCENT       MM
 AVERAGE RH     MM PERCENT       MM
...................................................................

THE ST PAUL CLIMATE NORMALS FOR TOMORROW
                        NORMAL    RECORD   YEAR
 MAXIMUM TEMPERATURE      52        57     2014
 MINIMUM TEMPERATURE      45        36     1956

SUNRISE AND SUNSET
 AUG 29 2016..........SUNRISE  8:19 AM      SUNSET 10:24 PM
 AUG 30 2016..........SUNRISE  8:21 AM      SUNSET 10:21 PM

-  INDICATES NEGATIVE NUMBERS.
R  INDICATES RECORD HAS BEEN SET OR TIED.
MM INDICATES DATA IS MISSING.
T  INDICATES TRACE OF PRECIPITATION.

&&
-------------------------------------------------------------------

AMOUNT OF DAYLIGHT TODAY  (HOUR:MIN)........14 HOURS 5 MINUTES
GAIN/LOSS SINCE YESTERDAY (HOUR:MIN:SEC)....-0:04:44

$$
HCH AUG 16
