000
CDAK48 PASN 011133
CLISNP

CLIMATE REPORT
NATIONAL WEATHER SERVICE ST PAUL, AK
334 AM AKDT TUE SEP 1 2015

...................................
...THE ST PAUL AIRPORT CLIMATE SUMMARY FOR AUGUST 31 2015...

CLIMATE NORMAL PERIOD  1981 TO  2010
CLIMATE RECORD PERIOD  1892 TO  2015

WEATHER ITEM   OBSERVED TIME    RECORD YEAR NORMAL DEPARTURE LAST
               VALUE    (LST)   VALUE       VALUE  FROM      YEAR
                                                   NORMAL
...................................................................
TEMPERATURE
YESTERDAY
 MAXIMUM            54  0237 PM    59  2014     52       2     59
 MINIMUM            47  1205 AM    36  2014     45       2     36
 AVERAGE            51                          48       3     48

PRECIPITATION
(INCHES)
 YESTERDAY        0.00           1.02  1999   0.11   -0.11   0.00
 MONTH TO DATE    2.43                        3.07   -0.64   4.12
 SINCE JUN 1      5.19                        6.27   -1.08   6.21
 SINCE JAN 1     11.47                       12.43   -0.96  13.35

SNOWFALL
(INCHES)
 YESTERDAY         0.0            0.0  2015    0.0     0.0    0.0
 MONTH TO DATE     0.0                         0.0     0.0    0.0
 SINCE JUN 1       0.0                         0.0     0.0    0.0
 SINCE JUL 1       0.0                         0.0     0.0    0.0
 SNOW DEPTH (IN)     0                                          0

DEGREE DAYS
 HEATING
  YESTERDAY         14                          17      -3     17
  MONTH TO DATE    432                         499     -67    372
  SINCE JUN 1     1530                        1731    -201   1446
  SINCE JUL 1      910                        1052    -142    818

 COOLING
  YESTERDAY          0                           0       0      0
  MONTH TO DATE      0                           0       0      0
  SINCE JUN 1        0                           0       0      0
  SINCE JAN 1        0                           0       0      0
...................................................................

WIND (MPH)
 HIGHEST WIND SPEED    17     HIGHEST WIND DIRECTION    140
 HIGHEST GUST SPEED    21     HIGHEST GUST DIRECTION    140
 AVERAGE WIND SPEED  12.5

SKY COVER
  POSSIBLE SUNSHINE    MM          AVERAGE SKY COVER     MM

WEATHER CONDITIONS
 THE FOLLOWING WEATHER WAS RECORDED YESTERDAY.
FOG
HEAVY FOG

RELATIVE HUMIDITY
 HIGHEST RH     MM PERCENT       MM
 LOWEST  RH     MM PERCENT       MM
 AVERAGE RH     MM PERCENT       MM
...................................................................

THE ST PAUL CLIMATE NORMALS FOR TODAY
                           NORMAL    RECORD   YEAR
 MAXIMUM TEMPERATURE (F)     52        56     2014
 MINIMUM TEMPERATURE (F)     45        32     1963

SUNRISE AND SUNSET
 SEP 1 2015..........SUNRISE  8:23 AM      SUNSET 10:18 PM
 SEP 2 2015..........SUNRISE  8:25 AM      SUNSET 10:15 PM

-  INDICATES NEGATIVE NUMBERS.
R  INDICATES RECORD HAS BEEN SET OR TIED.
MM INDICATES DATA IS MISSING.
T  INDICATES TRACE OF PRECIPITATION.

&&
-------------------------------------------------------------------

AMOUNT OF DAYLIGHT TODAY  (HOUR:MIN)........13 HOURS 55 MINUTES
GAIN/LOSS SINCE YESTERDAY (HOUR:MIN:SEC)....-0:04:45

$$
WIW SEP 15
