104
CDAK48 PAFC 181235
CLISNP


CLIMATE REPORT
NATIONAL WEATHER SERVICE ANCHORAGE, AK
335 AM AKST WED JAN 18 2017


...................................

...THE SAINT PAUL ISLAND CLIMATE SUMMARY FOR JANUARY 17 2017...

CLIMATE NORMAL PERIOD 1981 TO 2010
CLIMATE RECORD PERIOD 1892 TO 2017


WEATHER ITEM   OBSERVED TIME   RECORD YEAR NORMAL DEPARTURE LAST
                VALUE   (LST)  VALUE       VALUE  FROM      YEAR
                                                  NORMAL
..................................................................
TEMPERATURE (F)
 YESTERDAY
  MAXIMUM         27   1111 PM  41    1963  29     -2       MM
  MINIMUM         20   1052 AM  -9    1893  21     -1       MM
  AVERAGE         24                        25     -1       MM

PRECIPITATION (IN)
  YESTERDAY        0.01          0.88 1961   0.05  -0.04     0.09
  MONTH TO DATE    0.54                      0.92  -0.38     1.09
  SINCE DEC 1      3.74                      3.17   0.57     5.82
  SINCE JAN 1      0.54                      0.92  -0.38     1.09

SNOWFALL (IN)
  YESTERDAY        0.5          MM      MM   0.4    0.1     MM
  MONTH TO DATE    6.6                       7.0   -0.4      0.2
  SINCE DEC 1     10.2                      19.1   -8.9     11.7
  SINCE JUL 1     16.8                      29.4  -12.6     23.7
  SNOW DEPTH       4

DEGREE DAYS
 HEATING
  YESTERDAY       41                        40      1       MM
  MONTH TO DATE  638                       667    -29      537
  SINCE DEC 1   1594                      1788   -194     1440
  SINCE JUL 1   4163                      5209  -1046     3988

 COOLING
  YESTERDAY        0                         0      0       MM
  MONTH TO DATE    0                         0      0        0
  SINCE DEC 1      0                         0      0        0
  SINCE JAN 1      0                         0      0        0
..................................................................


WIND (MPH)
  RESULTANT WIND SPEED  11   RESULTANT WIND DIRECTION  SE (140)
  HIGHEST WIND SPEED    26   HIGHEST WIND DIRECTION     S (180)
  HIGHEST GUST SPEED    34   HIGHEST GUST DIRECTION     S (170)
  AVERAGE WIND SPEED    15.1



WEATHER CONDITIONS
 THE FOLLOWING WEATHER WAS RECORDED YESTERDAY.
  SNOW
  LIGHT SNOW
  FOG
  FOG W/VISIBILITY <= 1/4 MILE


..........................................................


THE SAINT PAUL ISLAND CLIMATE NORMALS FOR TODAY
                         NORMAL    RECORD    YEAR
 MAXIMUM TEMPERATURE (F)   29        39      2008
                                             2003
                                             1963
 MINIMUM TEMPERATURE (F)   21        -8      1893


SUNRISE AND SUNSET
JANUARY 18 2017.......SUNRISE  1044 AM AKST  SUNSET   620 PM AKST
JANUARY 19 2017.......SUNRISE  1042 AM AKST  SUNSET   622 PM AKST


-  INDICATES NEGATIVE NUMBERS.
R  INDICATES RECORD WAS SET OR TIED.
MM INDICATES DATA IS MISSING.
T  INDICATES TRACE AMOUNT.




$$
