000
CDAK48 PASN 202324
CLISNP

CLIMATE REPORT
NATIONAL WEATHER SERVICE ST PAUL, AK
224 PM AKST SAT DEC 20 2014

...................................
...THE ST PAUL AIRPORT CLIMATE SUMMARY FOR DECEMBER 20 2014...
VALID TODAY AS OF 2:00 PM LOCAL TIME

CLIMATE NORMAL PERIOD  1981 TO  2010
CLIMATE RECORD PERIOD  1892 TO  2014

WEATHER ITEM   OBSERVED TIME    RECORD YEAR NORMAL DEPARTURE LAST
               VALUE    (LST)   VALUE       VALUE  FROM      YEAR
                                                   NORMAL
...................................................................
TEMPERATURE
TODAY
 MAXIMUM            37  1258 AM    41  1983     33       4     32
 MINIMUM            34  0159 PM    -2  1999     24      10     25
 AVERAGE            36                          28       8     29

PRECIPITATION
(INCHES)
 TODAY            0.00           0.32  1982   0.07   -0.07   0.27
 MONTH TO DATE    1.82                        1.51    0.31   2.94
 SINCE DEC 1      1.82                        1.51    0.31   2.94
 SINCE JAN 1     22.60                       22.93   -0.33  27.23

SNOWFALL
(INCHES)
 TODAY             0.0            3.2  2000    0.4    -0.4    2.7
 MONTH TO DATE     2.3                         7.7    -5.4    5.2
 SINCE DEC 1       2.3                         7.7    -5.4    5.2
 SINCE JUL 1       3.0                        18.0   -15.0    7.9
 SNOW DEPTH (IN)     0                                          3

DEGREE DAYS
 HEATING
  TODAY             29                          37      -8     36
  MONTH TO DATE    624                         709     -85    623
  SINCE DEC 1      624                         709     -85    623
  SINCE JUL 1     3529                        4129    -600   3905

 COOLING
  TODAY              0                           0       0      0
  MONTH TO DATE      0                           0       0      0
  SINCE DEC 1        0                           0       0      0
  SINCE JAN 1        0                           0       0      0
...................................................................

WIND (MPH)
 HIGHEST WIND SPEED    24     HIGHEST WIND DIRECTION     30
 HIGHEST GUST SPEED    33     HIGHEST GUST DIRECTION     30
 AVERAGE WIND SPEED    MM

SKY COVER
  POSSIBLE SUNSHINE  MM            AVERAGE SKY COVER MM

WEATHER CONDITIONS
 THE FOLLOWING WEATHER WAS RECORDED TODAY.
NO SIGNIFICANT WEATHER WAS OBSERVED.

RELATIVE HUMIDITY
 HIGHEST RH     MM PERCENT       MM
 LOWEST  RH     MM PERCENT       MM
 AVERAGE RH     MM PERCENT       MM
...................................................................

THE ST PAUL CLIMATE NORMALS FOR TOMORROW
                        NORMAL    RECORD   YEAR
 MAXIMUM TEMPERATURE      32        41     1983
 MINIMUM TEMPERATURE      24         4     1976

SUNRISE AND SUNSET
 DEC 20 2014..........SUNRISE 10:59 AM      SUNSET  5:39 PM
 DEC 21 2014..........SUNRISE 10:59 AM      SUNSET  5:40 PM

-  INDICATES NEGATIVE NUMBERS.
R  INDICATES RECORD HAS BEEN SET OR TIED.
MM INDICATES DATA IS MISSING.
T  INDICATES TRACE OF PRECIPITATION.

&&
-------------------------------------------------------------------

AMOUNT OF DAYLIGHT TODAY  (HOUR:MIN)........6 HOURS 40 MINUTES
GAIN/LOSS SINCE YESTERDAY (HOUR:MIN:SEC)....-0:00:13

$$
HCH DEC 14
