000
CDAK48 PAFC 200118
CLISNP

CLIMATE REPORT
NATIONAL WEATHER SERVICE ANCHORAGE, AK
416 PM AKST SUN FEB 19 2017


...................................

...THE SAINT PAUL ISLAND CLIMATE SUMMARY FOR FEBRUARY 19 2017...
VALID TODAY AS OF 0400 PM LOCAL TIME.

CLIMATE NORMAL PERIOD 1981 TO 2010
CLIMATE RECORD PERIOD 1892 TO 2017


WEATHER ITEM   OBSERVED TIME   RECORD YEAR NORMAL DEPARTURE LAST
                VALUE   (LST)  VALUE       VALUE  FROM      YEAR
                                                  NORMAL
..................................................................
TEMPERATURE (F)
 TODAY
  MAXIMUM         21    100 PM  37    2003  29     -8       37
                                      1993
                                      1979
  MINIMUM         -3   1000 AM -14    1984  20    -23       26
  AVERAGE          9                        24    -15       32

PRECIPITATION (IN)
  TODAY            0.00          0.36 1973   0.05  -0.05      T
  MONTH TO DATE    0.25                      0.93  -0.68     0.84
  SINCE DEC 1      4.96                      4.76   0.20     7.19
  SINCE JAN 1      1.76                      2.51  -0.75     2.46

SNOWFALL (IN)
  TODAY            0.0          MM      MM   0.3   -0.3     MM
  MONTH TO DATE    6.4                       7.1   -0.7      0.0
  SINCE DEC 1     37.9                      31.8    6.1     11.7
  SINCE JUL 1     44.5                      42.1    2.4     23.7
  SNOW DEPTH       9

DEGREE DAYS
 HEATING
  TODAY           56                        41     15       33
  MONTH TO DATE  817                       779     38      464
  SINCE DEC 1   2992                      3137   -145     2338
  SINCE JUL 1   5561                      6558   -997     4886

 COOLING
  TODAY            0                         0      0        0
  MONTH TO DATE    0                         0      0        0
  SINCE DEC 1      0                         0      0        0
  SINCE JAN 1      0                         0      0        0
..................................................................


WIND (MPH)
  RESULTANT WIND SPEED   2   RESULTANT WIND DIRECTION  NW (330)
  HIGHEST WIND SPEED    10   HIGHEST WIND DIRECTION    SW (230)
  HIGHEST GUST SPEED    MM   HIGHEST GUST DIRECTION    MM
  AVERAGE WIND SPEED     4.4



WEATHER CONDITIONS
 THE FOLLOWING WEATHER WAS RECORDED TODAY.
  NO SIGNIFICANT WEATHER WAS OBSERVED.


..........................................................


THE SAINT PAUL ISLAND CLIMATE NORMALS FOR TOMORROW
                         NORMAL    RECORD    YEAR
 MAXIMUM TEMPERATURE (F)   29        40      1994
 MINIMUM TEMPERATURE (F)   20       -10      1988
                                             1964


SUNRISE AND SUNSET
FEBRUARY 19 2017......SUNRISE   938 AM AKST  SUNSET   732 PM AKST
FEBRUARY 20 2017......SUNRISE   936 AM AKST  SUNSET   734 PM AKST

CIVIL TWILIGHT
FEBRUARY 19 2017        START    859 AM GMT     END    812 PM GMT
FEBRUARY 20 2017        START    857 AM GMT     END    814 PM GMT



-  INDICATES NEGATIVE NUMBERS.
R  INDICATES RECORD WAS SET OR TIED.
MM INDICATES DATA IS MISSING.
T  INDICATES TRACE AMOUNT.




$$
&&
------------------------------------------------------
AMOUNT OF DAYLIGHT TODAY  (HOUR:MIN)........ 9:54
GAIN/LOSS SINCE YESTERDAY (HOUR:MIN:SEC)....+0:04:46

$$
