000
CDUS46 KMTR 070845
CLISNS


CLIMATE REPORT
NATIONAL WEATHER SERVICE SAN FRANCISCO BAY AREA
145 AM PDT TUE JUL 7 2015


...................................

...THE SALINAS AIRPORT CLIMATE SUMMARY FOR JULY 6 2015...

CLIMATE NORMAL PERIOD 1981 TO 2010
CLIMATE RECORD PERIOD 1930 TO 2015


WEATHER ITEM   OBSERVED TIME   RECORD YEAR NORMAL DEPARTURE LAST
                VALUE   (LST)  VALUE       VALUE  FROM      YEAR
                                                  NORMAL
..................................................................
TEMPERATURE (F)
 YESTERDAY
  MAXIMUM         73    150 PM  89    1989  71      2       68
  MINIMUM         59    621 AM  44    1937  55      4       52
  AVERAGE         66                        63      3       60

PRECIPITATION (IN)
  YESTERDAY        T   R         0.00 2006   0.00   0.00     0.00
  MONTH TO DATE    T                         0.00   0.00      T
  SINCE OCT 1      9.81                     12.63  -2.82     5.80
  SINCE JAN 1      1.82                      8.72  -6.90     4.97

DEGREE DAYS
 HEATING
  YESTERDAY        0                         3     -3        5
  MONTH TO DATE    0                        18    -18       23
  SINCE JUN 1     81                       131    -50      137
  SINCE JUL 1      0                        18    -18       23

 COOLING
  YESTERDAY        1                         1      0        0
  MONTH TO DATE    5                         6     -1        0
  SINCE JUN 1     17                        18     -1        0
  SINCE JAN 1     48                        34     14       50
..................................................................


WIND (MPH)
  RESULTANT WIND SPEED   9   RESULTANT WIND DIRECTION   W (280)
  HIGHEST WIND SPEED    17   HIGHEST WIND DIRECTION     W (260)
  HIGHEST GUST SPEED    22   HIGHEST GUST DIRECTION     W (250)
  AVERAGE WIND SPEED     8.4


SKY COVER
  POSSIBLE SUNSHINE  MM
  AVERAGE SKY COVER 0.4


WEATHER CONDITIONS
 THE FOLLOWING WEATHER WAS RECORDED YESTERDAY.
  LIGHT RAIN
  FOG


RELATIVE HUMIDITY (PERCENT)
 HIGHEST    90           100 AM
 LOWEST     53           300 PM
 AVERAGE    72

..........................................................


THE SALINAS AIRPORT CLIMATE NORMALS FOR TODAY
                         NORMAL    RECORD    YEAR
 MAXIMUM TEMPERATURE (F)   71        84      1985
 MINIMUM TEMPERATURE (F)   55        43      1935


SUNRISE AND SUNSET
JULY  7 2015..........SUNRISE   454 AM PST   SUNSET   728 PM PST
JULY  8 2015..........SUNRISE   455 AM PST   SUNSET   728 PM PST


-  INDICATES NEGATIVE NUMBERS.
R  INDICATES RECORD WAS SET OR TIED.
MM INDICATES DATA IS MISSING.
T  INDICATES TRACE AMOUNT.




$$
