000
CDUS46 KMTR 270830
CLISNS


CLIMATE REPORT
NATIONAL WEATHER SERVICE SAN FRANCISCO BAY AREA
129 AM PDT WED AUG 27 2014


...................................

...THE SALINAS AIRPORT CLIMATE SUMMARY FOR AUGUST 26 2014...

CLIMATE NORMAL PERIOD 1981 TO 2010
CLIMATE RECORD PERIOD 1930 TO 2014


WEATHER ITEM   OBSERVED TIME   RECORD YEAR NORMAL DEPARTURE LAST
                VALUE   (LST)  VALUE       VALUE  FROM      YEAR
                                                  NORMAL
..................................................................
TEMPERATURE (F)
 YESTERDAY
  MAXIMUM         76   1134 AM  88    1944  73      3       73
  MINIMUM         58    655 AM  46    1944  56      2       61
  AVERAGE         67                        64      3       67

PRECIPITATION (IN)
  YESTERDAY        0.00          0.88 1935   0.00   0.00      T
  MONTH TO DATE    T                         0.03  -0.03     0.02
  SINCE JUL 1      0.01                      0.03  -0.02     0.02
  SINCE JAN 1      4.98                      8.75  -3.77     2.35

DEGREE DAYS
 HEATING
  YESTERDAY        0                         2     -2        0
  MONTH TO DATE    3                        52    -49       35
  SINCE JUN 1    155                       243    -88      203
  SINCE JUL 1     41                       130    -89      105

 COOLING
  YESTERDAY        2                         1      1        2
  MONTH TO DATE   24                        23      1       22
  SINCE JUN 1     67                        53     14       59
  SINCE JAN 1    117                        69     48       69
..................................................................


WIND (MPH)
  RESULTANT WIND SPEED   4   RESULTANT WIND DIRECTION   W (270)
  HIGHEST WIND SPEED    17   HIGHEST WIND DIRECTION     W (260)
  HIGHEST GUST SPEED    21   HIGHEST GUST DIRECTION     W (290)
  AVERAGE WIND SPEED     5.4


SKY COVER
  POSSIBLE SUNSHINE  MM
  AVERAGE SKY COVER 0.4


WEATHER CONDITIONS
 THE FOLLOWING WEATHER WAS RECORDED YESTERDAY.
  NO SIGNIFICANT WEATHER WAS OBSERVED.


RELATIVE HUMIDITY (PERCENT)
 HIGHEST    86           500 AM
 LOWEST     49          1200 PM
 AVERAGE    68

..........................................................


THE SALINAS AIRPORT CLIMATE NORMALS FOR TODAY
                         NORMAL    RECORD    YEAR
 MAXIMUM TEMPERATURE (F)   73        95      1962
 MINIMUM TEMPERATURE (F)   56        43      1938


SUNRISE AND SUNSET
AUGUST 27 2014........SUNRISE   534 AM PST   SUNSET   641 PM PST
AUGUST 28 2014........SUNRISE   534 AM PST   SUNSET   640 PM PST


-  INDICATES NEGATIVE NUMBERS.
R  INDICATES RECORD WAS SET OR TIED.
MM INDICATES DATA IS MISSING.
T  INDICATES TRACE AMOUNT.




$$
