000
CDUS46 KMTR 010832
CLISNS


CLIMATE REPORT
NATIONAL WEATHER SERVICE SAN FRANCISCO BAY AREA
1232 AM PST SUN FEB 1 2015


...................................

...THE SALINAS AIRPORT CLIMATE SUMMARY FOR JANUARY 31 2015...

CLIMATE NORMAL PERIOD 1981 TO 2010
CLIMATE RECORD PERIOD 1930 TO 2015


WEATHER ITEM   OBSERVED TIME   RECORD YEAR NORMAL DEPARTURE LAST
                VALUE   (LST)  VALUE       VALUE  FROM      YEAR
                                                  NORMAL
..................................................................
TEMPERATURE (F)
 YESTERDAY
  MAXIMUM         76    237 PM  79    1976  62     14       61
  MINIMUM         44   1148 PM  28    1946  42      2       45
  AVERAGE         60                        52      8       53

PRECIPITATION (IN)
  YESTERDAY        0.00          1.17 1963   0.09  -0.09     0.01
  MONTH TO DATE    0.01                      2.60  -2.59     0.12
  SINCE JUL 1      8.11                      6.71   1.40     1.06
  SINCE JAN 1      0.01                      2.60  -2.59     0.12

DEGREE DAYS
 HEATING
  YESTERDAY        5                        13     -8       12
  MONTH TO DATE  230                       423   -193      241
  SINCE DEC 1    486                       860   -374      644
  SINCE JUL 1    700                      1478   -778     1170

 COOLING
  YESTERDAY        0                         0      0        0
  MONTH TO DATE    1                         0      1        2
  SINCE DEC 1      2                         0      2        2
  SINCE JAN 1      1                         0      1        2
..................................................................


WIND (MPH)
  RESULTANT WIND SPEED   1   RESULTANT WIND DIRECTION  SE (150)
  HIGHEST WIND SPEED    17   HIGHEST WIND DIRECTION     W (290)
  HIGHEST GUST SPEED    22   HIGHEST GUST DIRECTION     W (280)
  AVERAGE WIND SPEED     4.6


SKY COVER
  POSSIBLE SUNSHINE  MM
  AVERAGE SKY COVER 0.4


WEATHER CONDITIONS
 THE FOLLOWING WEATHER WAS RECORDED YESTERDAY.
  FOG
  FOG W/VISIBILITY <= 1/4 MILE
  HAZE


RELATIVE HUMIDITY (PERCENT)
 HIGHEST    89           500 AM
 LOWEST     23           200 PM
 AVERAGE    56

..........................................................


THE SALINAS AIRPORT CLIMATE NORMALS FOR TODAY
                         NORMAL    RECORD    YEAR
 MAXIMUM TEMPERATURE (F)   62        81      1976
 MINIMUM TEMPERATURE (F)   42        29      1937


SUNRISE AND SUNSET
FEBRUARY  1 2015......SUNRISE   708 AM PST   SUNSET   532 PM PST
FEBRUARY  2 2015......SUNRISE   708 AM PST   SUNSET   533 PM PST


-  INDICATES NEGATIVE NUMBERS.
R  INDICATES RECORD WAS SET OR TIED.
MM INDICATES DATA IS MISSING.
T  INDICATES TRACE AMOUNT.




$$
