000
CDUS46 KMTR 250835
CLISNS


CLIMATE REPORT
NATIONAL WEATHER SERVICE SAN FRANCISCO BAY AREA
135 AM PDT SUN SEP 25 2016


...................................

...THE SALINAS AIRPORT CLIMATE SUMMARY FOR SEPTEMBER 24 2016...

CLIMATE NORMAL PERIOD 1981 TO 2010
CLIMATE RECORD PERIOD 1930 TO 2016


WEATHER ITEM   OBSERVED TIME   RECORD YEAR NORMAL DEPARTURE LAST
                VALUE   (LST)  VALUE       VALUE  FROM      YEAR
                                                  NORMAL
..................................................................
TEMPERATURE (F)
 YESTERDAY
  MAXIMUM         86   1218 PM 101    1978  74     12       86
  MINIMUM         50    532 AM  41    1931  53     -3       53
  AVERAGE         68                        64      4       70

PRECIPITATION (IN)
  YESTERDAY        0.00          0.35 1986   0.01  -0.01     0.00
  MONTH TO DATE    0.00                      0.11  -0.11     0.03
  SINCE OCT 1     13.47                     12.77   0.70     9.91
  SINCE JAN 1      8.57                      8.86  -0.29     1.92

DEGREE DAYS
 HEATING
  YESTERDAY        0                         2     -2        0
  MONTH TO DATE   63                        48     15       11
  SINCE SEP 1     63                        48     15       11
  SINCE JUL 1    211                       183     28       14

 COOLING
  YESTERDAY        3                         1      2        5
  MONTH TO DATE   19                        24     -5       96
  SINCE SEP 1     19                        24     -5       96
  SINCE JAN 1     52                        93    -41      307
..................................................................


WIND (MPH)
  RESULTANT WIND SPEED   2   RESULTANT WIND DIRECTION   W (260)
  HIGHEST WIND SPEED    18   HIGHEST WIND DIRECTION     W (280)
  HIGHEST GUST SPEED    23   HIGHEST GUST DIRECTION     W (270)
  AVERAGE WIND SPEED     4.9


SKY COVER
  POSSIBLE SUNSHINE  MM
  AVERAGE SKY COVER 0.0


WEATHER CONDITIONS
 THE FOLLOWING WEATHER WAS RECORDED YESTERDAY.
  NO SIGNIFICANT WEATHER WAS OBSERVED.


RELATIVE HUMIDITY (PERCENT)
 HIGHEST    83           400 AM
 LOWEST     28          1200 PM
 AVERAGE    56

..........................................................


THE SALINAS AIRPORT CLIMATE NORMALS FOR TODAY
                         NORMAL    RECORD    YEAR
 MAXIMUM TEMPERATURE (F)   74        99      1937
 MINIMUM TEMPERATURE (F)   53        38      1934


SUNRISE AND SUNSET
SEPTEMBER 25 2016.....SUNRISE   657 AM PDT   SUNSET   658 PM PDT
SEPTEMBER 26 2016.....SUNRISE   658 AM PDT   SUNSET   656 PM PDT


-  INDICATES NEGATIVE NUMBERS.
R  INDICATES RECORD WAS SET OR TIED.
MM INDICATES DATA IS MISSING.
T  INDICATES TRACE AMOUNT.




$$
