000
CDUS46 KMTR 280835
CLISNS


CLIMATE REPORT
NATIONAL WEATHER SERVICE SAN FRANCISCO BAY AREA
1235 AM PST SAT FEB 28 2015


...................................

...THE SALINAS AIRPORT CLIMATE SUMMARY FOR FEBRUARY 27 2015...

CLIMATE NORMAL PERIOD 1981 TO 2010
CLIMATE RECORD PERIOD 1930 TO 2015


WEATHER ITEM   OBSERVED TIME   RECORD YEAR NORMAL DEPARTURE LAST
                VALUE   (LST)  VALUE       VALUE  FROM      YEAR
                                                  NORMAL
..................................................................
TEMPERATURE (F)
 YESTERDAY
  MAXIMUM         65    149 PM  82    1992  64      1       73
  MINIMUM         51    520 AM  29    1962  44      7       55
  AVERAGE         58                        54      4       64

PRECIPITATION (IN)
  YESTERDAY        T             1.23 1940   0.09  -0.09      T
  MONTH TO DATE    0.58                      2.41  -1.83     1.90
  SINCE OCT 1      8.58                      8.92  -0.34     2.85
  SINCE JAN 1      0.59                      5.01  -4.42     2.02

DEGREE DAYS
 HEATING
  YESTERDAY        7                        11     -4        1
  MONTH TO DATE  137                       325   -188      258
  SINCE DEC 1    623                      1185   -562      902
  SINCE JUL 1    837                      1803   -966     1428

 COOLING
  YESTERDAY        0                         0      0        0
  MONTH TO DATE    7                         0      7        0
  SINCE DEC 1      9                         0      9        2
  SINCE JAN 1      8                         0      8        2
..................................................................


WIND (MPH)
  RESULTANT WIND SPEED  11   RESULTANT WIND DIRECTION   W (250)
  HIGHEST WIND SPEED    25   HIGHEST WIND DIRECTION    SW (240)
  HIGHEST GUST SPEED    31   HIGHEST GUST DIRECTION     W (270)
  AVERAGE WIND SPEED    10.8


SKY COVER
  POSSIBLE SUNSHINE  MM
  AVERAGE SKY COVER 0.5


WEATHER CONDITIONS
 THE FOLLOWING WEATHER WAS RECORDED YESTERDAY.
  FOG
  HAZE


RELATIVE HUMIDITY (PERCENT)
 HIGHEST    83           200 AM
 LOWEST     52           200 PM
 AVERAGE    68

..........................................................


THE SALINAS AIRPORT CLIMATE NORMALS FOR TODAY
                         NORMAL    RECORD    YEAR
 MAXIMUM TEMPERATURE (F)   64        77      1954
 MINIMUM TEMPERATURE (F)   44        30      1955


SUNRISE AND SUNSET
FEBRUARY 28 2015......SUNRISE   639 AM PST   SUNSET   600 PM PST
MARCH  1 2015.........SUNRISE   637 AM PST   SUNSET   601 PM PST


-  INDICATES NEGATIVE NUMBERS.
R  INDICATES RECORD WAS SET OR TIED.
MM INDICATES DATA IS MISSING.
T  INDICATES TRACE AMOUNT.




$$
