000
CDUS46 KMTR 290034
CLISNS


CLIMATE REPORT
NATIONAL WEATHER SERVICE SAN FRANCISCO BAY AREA
534 PM PDT SAT MAR 28 2015


...................................

...THE SALINAS AIRPORT CLIMATE SUMMARY FOR MARCH 28 2015...
VALID TODAY AS OF 0500 PM LOCAL TIME.

CLIMATE NORMAL PERIOD 1981 TO 2010
CLIMATE RECORD PERIOD 1930 TO 2015


WEATHER ITEM   OBSERVED TIME   RECORD YEAR NORMAL DEPARTURE LAST
                VALUE   (LST)  VALUE       VALUE  FROM      YEAR
                                                  NORMAL
..................................................................
TEMPERATURE (F)
 TODAY
  MAXIMUM         80   1225 PM  84    2004  66     14       70
  MINIMUM         53    820 AM  33    1942  45      8       46
  AVERAGE         67                        55     12       58

PRECIPITATION (IN)
  TODAY            0.00          1.18 1974   0.05  -0.05     0.00
  MONTH TO DATE    0.19                      2.09  -1.90     0.59
  SINCE OCT 1      8.82                     11.09  -2.27     4.62
  SINCE JAN 1      0.83                      7.18  -6.35     3.79

DEGREE DAYS
 HEATING
  TODAY            0                        10    -10        7
  MONTH TO DATE   98                       292   -194      170
  SINCE MAR 1     98                       292   -194      170
  SINCE JUL 1    947                      2106  -1159     1602

 COOLING
  TODAY            2                         0      2        0
  MONTH TO DATE   17                         0     17        1
  SINCE MAR 1     17                         0     17        1
  SINCE JAN 1     25                         0     25        3
..................................................................


WIND (MPH)
  RESULTANT WIND SPEED   4   RESULTANT WIND DIRECTION   W (270)
  HIGHEST WIND SPEED    17   HIGHEST WIND DIRECTION     W (260)
  HIGHEST GUST SPEED    22   HIGHEST GUST DIRECTION     W (260)
  AVERAGE WIND SPEED     7.2


SKY COVER
  POSSIBLE SUNSHINE  MM
  AVERAGE SKY COVER 0.5


WEATHER CONDITIONS
 THE FOLLOWING WEATHER WAS RECORDED TODAY.
  FOG
  HAZE


RELATIVE HUMIDITY (PERCENT)
 HIGHEST    93           400 AM
 LOWEST     46          1200 PM
 AVERAGE    70

..........................................................


THE SALINAS AIRPORT CLIMATE NORMALS FOR TOMORROW
                         NORMAL    RECORD    YEAR
 MAXIMUM TEMPERATURE (F)   66        80      1997
 MINIMUM TEMPERATURE (F)   45        34      1975


SUNRISE AND SUNSET
MARCH 28 2015.........SUNRISE   558 AM PST   SUNSET   625 PM PST
MARCH 29 2015.........SUNRISE   557 AM PST   SUNSET   626 PM PST


-  INDICATES NEGATIVE NUMBERS.
R  INDICATES RECORD WAS SET OR TIED.
MM INDICATES DATA IS MISSING.
T  INDICATES TRACE AMOUNT.




$$
