000
CDUS46 KMTR 170826
CLISNS


CLIMATE REPORT
NATIONAL WEATHER SERVICE SAN FRANCISCO BAY AREA
1226 AM PST SAT FEB 17 2018


...................................

...THE SALINAS AIRPORT CLIMATE SUMMARY FOR FEBRUARY 16 2018...

CLIMATE NORMAL PERIOD 1981 TO 2010
CLIMATE RECORD PERIOD 1930 TO 2018


WEATHER ITEM   OBSERVED TIME   RECORD YEAR NORMAL DEPARTURE LAST
                VALUE   (LST)  VALUE       VALUE  FROM      YEAR
                                                  NORMAL
..................................................................
TEMPERATURE (F)
 YESTERDAY
  MAXIMUM         69    147 PM  83    2016  63      6       64
  MINIMUM         34    336 AM  30    2006  43     -9       49
  AVERAGE         52                        53     -1       57

PRECIPITATION (IN)
  YESTERDAY        0.00          0.78 2011   0.09  -0.09     0.21
  MONTH TO DATE    T                         1.42  -1.42     1.66
  SINCE OCT 1      2.51                      7.93  -5.42    11.52
  SINCE JAN 1      1.73                      4.02  -2.29     7.52

DEGREE DAYS
 HEATING
  YESTERDAY       13                        12      1        8
  MONTH TO DATE  103                       198    -95      125
  SINCE DEC 1    733                      1058   -325     1016
  SINCE JUL 1   1169                      1676   -507     1586

 COOLING
  YESTERDAY        0                         0      0        0
  MONTH TO DATE    0                         0      0        0
  SINCE DEC 1      0                         0      0        0
  SINCE JAN 1      0                         0      0        0
..................................................................


WIND (MPH)
  RESULTANT WIND SPEED   1   RESULTANT WIND DIRECTION  SE (130)
  HIGHEST WIND SPEED    18   HIGHEST WIND DIRECTION     W (270)
  HIGHEST GUST SPEED    22   HIGHEST GUST DIRECTION     W (260)
  AVERAGE WIND SPEED     6.4


SKY COVER
  POSSIBLE SUNSHINE  MM
  AVERAGE SKY COVER 0.0


WEATHER CONDITIONS
 THE FOLLOWING WEATHER WAS RECORDED YESTERDAY.
  NO SIGNIFICANT WEATHER WAS OBSERVED.


RELATIVE HUMIDITY (PERCENT)
 HIGHEST    89          1000 PM
 LOWEST     19           100 PM
 AVERAGE    54

..........................................................


THE SALINAS AIRPORT CLIMATE NORMALS FOR TODAY
                         NORMAL    RECORD    YEAR
 MAXIMUM TEMPERATURE (F)   63        79      2007
 MINIMUM TEMPERATURE (F)   43        30      1956


SUNRISE AND SUNSET
FEBRUARY 17 2018......SUNRISE   652 AM PST   SUNSET   549 PM PST
FEBRUARY 18 2018......SUNRISE   651 AM PST   SUNSET   550 PM PST


-  INDICATES NEGATIVE NUMBERS.
R  INDICATES RECORD WAS SET OR TIED.
MM INDICATES DATA IS MISSING.
T  INDICATES TRACE AMOUNT.




$$
