000
CDUS45 KPIH 180731
CLISNT


CLIMATE REPORT
NATIONAL WEATHER SERVICE POCATELLO ID
129 AM MDT WED OCT 18 2017


...................................

...THE STANLEY ID CLIMATE SUMMARY FOR OCTOBER 17 2017...

CLIMATE NORMAL PERIOD 1981 TO 2010
CLIMATE RECORD PERIOD 1916 TO 2017


WEATHER ITEM   OBSERVED TIME   RECORD YEAR NORMAL DEPARTURE LAST
                VALUE   (LST)  VALUE       VALUE  FROM      YEAR
                                                  NORMAL
..................................................................
TEMPERATURE (F)
 YESTERDAY
  MAXIMUM         64    156 PM  71    1997  54     10       42
  MINIMUM         19    653 AM   6    1996  23     -4       30
  AVERAGE         42                        38      4       36

PRECIPITATION (IN)
  YESTERDAY        0.00          0.70 1982   0.05  -0.05     0.25
  MONTH TO DATE    0.46                      0.54  -0.08     2.56
  SINCE OCT 1      0.46                      0.54  -0.08     2.56
  SINCE JAN 1     20.51                     12.75   7.76    13.55

SNOWFALL (IN)
  YESTERDAY       MM
  MONTH TO DATE   MM
  SINCE SEP 1     MM
  SINCE JUL 1     MM
  SNOW DEPTH      MM

DEGREE DAYS
 HEATING
  YESTERDAY       23                        27     -4       29
  MONTH TO DATE  500                       405     95      424
  SINCE SEP 1    933                       926      7      882
  SINCE JUL 1   1148                      1446   -298     1360

 COOLING
  YESTERDAY        0                         0      0        0
  MONTH TO DATE    0                         0      0        0
  SINCE SEP 1      0                         0      0        0
  SINCE JAN 1     25                         3     22        4
..................................................................


WIND (MPH)
  HIGHEST WIND SPEED    17   HIGHEST WIND DIRECTION     W (250)
  HIGHEST GUST SPEED    26   HIGHEST GUST DIRECTION    NW (320)
  AVERAGE WIND SPEED     2.7


SKY COVER
  POSSIBLE SUNSHINE  MM
  AVERAGE SKY COVER 0.0


WEATHER CONDITIONS
 THE FOLLOWING WEATHER WAS RECORDED YESTERDAY.
  NO SIGNIFICANT WEATHER WAS OBSERVED.


RELATIVE HUMIDITY (PERCENT)
 HIGHEST    92           500 AM
 LOWEST     16           200 PM
 AVERAGE    54

..........................................................


THE STANLEY ID CLIMATE NORMALS FOR TODAY
                         NORMAL    RECORD    YEAR
 MAXIMUM TEMPERATURE (F)   53        72      2003
                                             1977
 MINIMUM TEMPERATURE (F)   23         0      1917


SUNRISE AND SUNSET
OCTOBER 18 2017.......SUNRISE   759 AM MDT   SUNSET   650 PM MDT
OCTOBER 19 2017.......SUNRISE   800 AM MDT   SUNSET   649 PM MDT


-  INDICATES NEGATIVE NUMBERS.
R  INDICATES RECORD WAS SET OR TIED.
MM INDICATES DATA IS MISSING.
T  INDICATES TRACE AMOUNT.




$$
