000
CDUS45 KPIH 290738
CLISNT


CLIMATE REPORT
NATIONAL WEATHER SERVICE POCATELLO ID
136 AM MDT WED JUL 29 2015


...................................

...THE STANLEY ID CLIMATE SUMMARY FOR JULY 28 2015...

CLIMATE NORMAL PERIOD 1981 TO 2010
CLIMATE RECORD PERIOD 1916 TO 2015


WEATHER ITEM   OBSERVED TIME   RECORD YEAR NORMAL DEPARTURE LAST
                VALUE   (LST)  VALUE       VALUE  FROM      YEAR
                                                  NORMAL
..................................................................
TEMPERATURE (F)
 YESTERDAY
  MAXIMUM         67    600 PM  92    1968  80    -13       82
  MINIMUM         37   1159 PM  24    1918  38     -1       50
  AVERAGE         52                        59     -7       66

PRECIPITATION (IN)
  YESTERDAY        0.00          0.15 1984   0.01  -0.01     0.01
  MONTH TO DATE    1.14                      0.63   0.51     0.19
  SINCE OCT 1     16.66                     15.40   1.26    17.06
  SINCE JAN 1      9.95                     10.55  -0.60    13.45

SNOWFALL (IN)
  YESTERDAY       MM
  MONTH TO DATE   MM
  SINCE JUN 1     MM
  SINCE JUL 1     MM
  SNOW DEPTH      MM

DEGREE DAYS
 HEATING
  YESTERDAY       13                         6      7        0
  MONTH TO DATE  196                       221    -25      107
  SINCE JUN 1    430                       675   -245      577
  SINCE JUL 1    196                       221    -25      107

 COOLING
  YESTERDAY        0                         0      0        1
  MONTH TO DATE    1                         0      1       11
  SINCE JUN 1     18                         0     18       11
  SINCE JAN 1     18                         0     18       11
..................................................................


WIND (MPH)
  HIGHEST WIND SPEED    10   HIGHEST WIND DIRECTION     N (340)
  HIGHEST GUST SPEED    16   HIGHEST GUST DIRECTION    NW (330)
  AVERAGE WIND SPEED     3.3


SKY COVER
  POSSIBLE SUNSHINE  MM
  AVERAGE SKY COVER 0.0


WEATHER CONDITIONS
 THE FOLLOWING WEATHER WAS RECORDED YESTERDAY.
  NO SIGNIFICANT WEATHER WAS OBSERVED.


RELATIVE HUMIDITY (PERCENT)
 HIGHEST    85           900 AM
 LOWEST     26           500 PM
 AVERAGE    56

..........................................................


THE STANLEY ID CLIMATE NORMALS FOR TODAY
                         NORMAL    RECORD    YEAR
 MAXIMUM TEMPERATURE (F)   80        91      1968
 MINIMUM TEMPERATURE (F)   38        26      1926


SUNRISE AND SUNSET
JULY 29 2015..........SUNRISE   624 AM MDT   SUNSET   908 PM MDT
JULY 30 2015..........SUNRISE   625 AM MDT   SUNSET   907 PM MDT


-  INDICATES NEGATIVE NUMBERS.
R  INDICATES RECORD WAS SET OR TIED.
MM INDICATES DATA IS MISSING.
T  INDICATES TRACE AMOUNT.




$$
