000
CDUS45 KPIH 292340
CLISNT


CLIMATE REPORT
NATIONAL WEATHER SERVICE POCATELLO ID
539 PM MDT WED MAR 29 2017


...................................

...THE STANLEY ID CLIMATE SUMMARY FOR MARCH 29 2017...
VALID TODAY AS OF 0500 PM LOCAL TIME.

CLIMATE NORMAL PERIOD 1981 TO 2010
CLIMATE RECORD PERIOD 1916 TO 2017


WEATHER ITEM   OBSERVED TIME   RECORD YEAR NORMAL DEPARTURE LAST
                VALUE   (LST)  VALUE       VALUE  FROM      YEAR
                                                  NORMAL
..................................................................
TEMPERATURE (F)
 TODAY
  MAXIMUM         43    351 PM  61    1923  43      0       40
  MINIMUM         16    534 AM  -7    1987  16      0       24
  AVERAGE         30                        30      0       32

PRECIPITATION (IN)
  TODAY            0.02          0.62 1924   0.06  -0.04     0.00
  MONTH TO DATE    3.99                      1.67   2.32     3.02
  SINCE OCT 1     22.42                      9.83  12.59    14.20
  SINCE JAN 1     11.09                      4.98   6.11     6.63

SNOWFALL (IN)
  TODAY           MM
  MONTH TO DATE   MM
  SINCE MAR 1     MM
  SINCE JUL 1     MM
  SNOW DEPTH      MM

DEGREE DAYS
 HEATING
  TODAY           35                        35      0       33
  MONTH TO DATE  943                      1113   -170     1016
  SINCE MAR 1    943                      1113   -170     1016
  SINCE JUL 1   8200                      8647   -447     7966

 COOLING
  TODAY            0                         0      0        0
  MONTH TO DATE    0                         0      0        0
  SINCE MAR 1      0                         0      0        0
  SINCE JAN 1      0                         0      0        0
..................................................................


WIND (MPH)
  HIGHEST WIND SPEED     8   HIGHEST WIND DIRECTION    SE (120)
  HIGHEST GUST SPEED     9   HIGHEST GUST DIRECTION     E (110)
  AVERAGE WIND SPEED     1.2


SKY COVER
  POSSIBLE SUNSHINE  MM
  AVERAGE SKY COVER 0.0


WEATHER CONDITIONS
 THE FOLLOWING WEATHER WAS RECORDED TODAY.
  NO SIGNIFICANT WEATHER WAS OBSERVED.


RELATIVE HUMIDITY (PERCENT)
 HIGHEST    91           300 AM
 LOWEST     67           200 PM
 AVERAGE    79

..........................................................


THE STANLEY ID CLIMATE NORMALS FOR TOMORROW
                         NORMAL    RECORD    YEAR
 MAXIMUM TEMPERATURE (F)   44        64      2015
 MINIMUM TEMPERATURE (F)   16       -30      1924


SUNRISE AND SUNSET
MARCH 29 2017.........SUNRISE   726 AM MDT   SUNSET   804 PM MDT
MARCH 30 2017.........SUNRISE   724 AM MDT   SUNSET   805 PM MDT


-  INDICATES NEGATIVE NUMBERS.
R  INDICATES RECORD WAS SET OR TIED.
MM INDICATES DATA IS MISSING.
T  INDICATES TRACE AMOUNT.




$$
