000
CDUS45 KPIH 230732
CLISNT


CLIMATE REPORT
NATIONAL WEATHER SERVICE POCATELLO ID
130 AM MDT FRI JUN 23 2017


...................................

...THE STANLEY ID CLIMATE SUMMARY FOR JUNE 22 2017...

CLIMATE NORMAL PERIOD 1981 TO 2010
CLIMATE RECORD PERIOD 1916 TO 2017


WEATHER ITEM   OBSERVED TIME   RECORD YEAR NORMAL DEPARTURE LAST
                VALUE   (LST)  VALUE       VALUE  FROM      YEAR
                                                  NORMAL
..................................................................
TEMPERATURE (F)
 YESTERDAY
  MAXIMUM         74    318 PM  89    1973  69      5       79
  MINIMUM         34    542 AM  26    1983  33      1       29
  AVERAGE         54                        51      3       54

PRECIPITATION (IN)
  YESTERDAY        0.00          0.42 1998   0.04  -0.04     0.00
  MONTH TO DATE    0.82                      1.06  -0.24     0.38
  SINCE OCT 1     27.51                     14.44  13.07    16.97
  SINCE JAN 1     16.18                      9.59   6.59     9.40

SNOWFALL (IN)
  YESTERDAY       MM
  MONTH TO DATE   MM
  SINCE JUN 1     MM
  SINCE JUL 1     MM
  SNOW DEPTH      MM

DEGREE DAYS
 HEATING
  YESTERDAY       11                        14     -3       11
  MONTH TO DATE  276                       355    -79      245
  SINCE JUN 1    276                       355    -79      245
  SINCE JUL 1  10079                     10697   -618     9622

 COOLING
  YESTERDAY        0                         0      0        0
  MONTH TO DATE    2                         0      2        0
  SINCE JUN 1      2                         0      2        0
  SINCE JAN 1      2                         0      2        0
..................................................................


WIND (MPH)
  HIGHEST WIND SPEED    18   HIGHEST WIND DIRECTION     N (360)
  HIGHEST GUST SPEED    23   HIGHEST GUST DIRECTION     N (10)
  AVERAGE WIND SPEED     4.3


SKY COVER
  POSSIBLE SUNSHINE  MM
  AVERAGE SKY COVER 0.0


WEATHER CONDITIONS
 THE FOLLOWING WEATHER WAS RECORDED YESTERDAY.
  NO SIGNIFICANT WEATHER WAS OBSERVED.


RELATIVE HUMIDITY (PERCENT)
 HIGHEST    85           600 AM
 LOWEST     15           200 PM
 AVERAGE    50

..........................................................


THE STANLEY ID CLIMATE NORMALS FOR TODAY
                         NORMAL    RECORD    YEAR
 MAXIMUM TEMPERATURE (F)   70        90      1922
 MINIMUM TEMPERATURE (F)   34        22      2003


SUNRISE AND SUNSET
JUNE 23 2017..........SUNRISE   557 AM MDT   SUNSET   927 PM MDT
JUNE 24 2017..........SUNRISE   557 AM MDT   SUNSET   927 PM MDT


-  INDICATES NEGATIVE NUMBERS.
R  INDICATES RECORD WAS SET OR TIED.
MM INDICATES DATA IS MISSING.
T  INDICATES TRACE AMOUNT.




$$
