000
CDUS45 KPIH 160740
CLISNT


CLIMATE REPORT
NATIONAL WEATHER SERVICE POCATELLO ID
139 AM MDT TUE SEP 16 2014


...................................

...THE STANLEY ID CLIMATE SUMMARY FOR SEPTEMBER 15 2014...

CLIMATE NORMAL PERIOD 1981 TO 2010
CLIMATE RECORD PERIOD 1916 TO 2014


WEATHER ITEM   OBSERVED TIME   RECORD YEAR NORMAL DEPARTURE LAST
                VALUE   (LST)  VALUE       VALUE  FROM      YEAR
                                                  NORMAL
..................................................................
TEMPERATURE (F)
 YESTERDAY
  MAXIMUM         79    335 PM  85    1990  67     12       73
  MINIMUM         27    648 AM  16    1971  28     -1       44
  AVERAGE         53                        48      5       59

PRECIPITATION (IN)
  YESTERDAY        0.00          0.27 1963   0.04  -0.04     0.00
  MONTH TO DATE    0.00                      0.52  -0.52     0.50
  SINCE OCT 1     18.32                     16.66   1.66    15.14
  SINCE JAN 1     14.71                     11.81   2.90     6.95

SNOWFALL (IN)
  YESTERDAY       MM
  MONTH TO DATE   MM
  SINCE SEP 1     MM
  SINCE JUL 1     MM
  SNOW DEPTH      MM

DEGREE DAYS
 HEATING
  YESTERDAY       12                        17     -5        6
  MONTH TO DATE  248                       230     18      105
  SINCE SEP 1    248                       230     18      105
  SINCE JUL 1    587                       750   -163      432

 COOLING
  YESTERDAY        0                         0      0        0
  MONTH TO DATE    0                         0      0        0
  SINCE SEP 1      0                         0      0        0
  SINCE JAN 1     16                         3     13       19
..................................................................


WIND (MPH)
  HIGHEST WIND SPEED    18   HIGHEST WIND DIRECTION    SW (230)
  HIGHEST GUST SPEED    30   HIGHEST GUST DIRECTION    SW (220)
  AVERAGE WIND SPEED     2.9


SKY COVER
  POSSIBLE SUNSHINE  MM
  AVERAGE SKY COVER 0.0


WEATHER CONDITIONS
 THE FOLLOWING WEATHER WAS RECORDED YESTERDAY.
  NO SIGNIFICANT WEATHER WAS OBSERVED.


RELATIVE HUMIDITY (PERCENT)
 HIGHEST    75           500 AM
 LOWEST     14           200 PM
 AVERAGE    45

..........................................................


THE STANLEY ID CLIMATE NORMALS FOR TODAY
                         NORMAL    RECORD    YEAR
 MAXIMUM TEMPERATURE (F)   67        83      1995
 MINIMUM TEMPERATURE (F)   28        11      1921


SUNRISE AND SUNSET
SEPTEMBER 16 2014.....SUNRISE   720 AM MDT   SUNSET   748 PM MDT
SEPTEMBER 17 2014.....SUNRISE   721 AM MDT   SUNSET   746 PM MDT


-  INDICATES NEGATIVE NUMBERS.
R  INDICATES RECORD WAS SET OR TIED.
MM INDICATES DATA IS MISSING.
T  INDICATES TRACE AMOUNT.




$$
