000
CDUS45 KPIH 280742
CLISNT


CLIMATE REPORT
NATIONAL WEATHER SERVICE POCATELLO ID
1239 AM MST SUN DEC 28 2014


...................................

...THE STANLEY ID CLIMATE SUMMARY FOR DECEMBER 27 2014...

CLIMATE NORMAL PERIOD 1981 TO 2010
CLIMATE RECORD PERIOD 1916 TO 2014


WEATHER ITEM   OBSERVED TIME   RECORD YEAR NORMAL DEPARTURE LAST
                VALUE   (LST)  VALUE       VALUE  FROM      YEAR
                                                  NORMAL
..................................................................
TEMPERATURE (F)
 YESTERDAY
  MAXIMUM         21   1159 PM  48    1980  25     -4       25
  MINIMUM        -13    358 AM -42    1916   3    -16       -3
  AVERAGE          4                        14    -10       11

PRECIPITATION (IN)
  YESTERDAY        0.06          0.75 1992   0.04   0.02     0.00
  MONTH TO DATE    2.40                      1.10   1.30     1.47
  SINCE OCT 1      6.59                      4.68   1.91     3.56
  SINCE JAN 1     22.50                     16.89   5.61    14.06

SNOWFALL (IN)
  YESTERDAY       MM
  MONTH TO DATE   MM
  SINCE DEC 1     MM
  SINCE JUL 1     MM
  SNOW DEPTH      MM

DEGREE DAYS
 HEATING
  YESTERDAY       61                        51     10       54
  MONTH TO DATE 1107                      1359   -252     1447
  SINCE DEC 1   1107                      1359   -252     1447
  SINCE JUL 1   3700                      4456   -756     4236

 COOLING
  YESTERDAY        0                         0      0        0
  MONTH TO DATE    0                         0      0        0
  SINCE DEC 1      0                         0      0        0
  SINCE JAN 1     16                         3     13       19
..................................................................


WIND (MPH)
  HIGHEST WIND SPEED    13   HIGHEST WIND DIRECTION    SE (140)
  HIGHEST GUST SPEED    16   HIGHEST GUST DIRECTION    SE (150)
  AVERAGE WIND SPEED     1.6


SKY COVER
  POSSIBLE SUNSHINE  MM
  AVERAGE SKY COVER 0.0


WEATHER CONDITIONS
 THE FOLLOWING WEATHER WAS RECORDED YESTERDAY.
  NO SIGNIFICANT WEATHER WAS OBSERVED.


RELATIVE HUMIDITY (PERCENT)
 HIGHEST    83           800 PM
 LOWEST     64           500 AM
 AVERAGE    74

..........................................................


THE STANLEY ID CLIMATE NORMALS FOR TODAY
                         NORMAL    RECORD    YEAR
 MAXIMUM TEMPERATURE (F)   25        43      1918
 MINIMUM TEMPERATURE (F)    3       -35      1978


SUNRISE AND SUNSET
DECEMBER 28 2014......SUNRISE   814 AM MST   SUNSET   508 PM MST
DECEMBER 29 2014......SUNRISE   815 AM MST   SUNSET   509 PM MST


-  INDICATES NEGATIVE NUMBERS.
R  INDICATES RECORD WAS SET OR TIED.
MM INDICATES DATA IS MISSING.
T  INDICATES TRACE AMOUNT.




$$
