000
CDUS45 KPUB 221048
CLISPD


CLIMATE REPORT
NATIONAL WEATHER SERVICE PUEBLO
448 AM MDT MON SEP 22 2014


...................................

...THE SPRINGFIELD CO CLIMATE SUMMARY FOR SEPTEMBER 21 2014...

CLIMATE NORMAL PERIOD 1981 TO 2010
CLIMATE RECORD PERIOD 9999 TO 9999


WEATHER ITEM   OBSERVED TIME   NORMAL DEPARTURE LAST
                VALUE   (LST)  VALUE  FROM      YEAR
                                      NORMAL
......................................................
TEMPERATURE (F)
 YESTERDAY
  MAXIMUM         79    233 PM  79      0       83
  MINIMUM         53   1159 PM  49      4       49
  AVERAGE         66                            66

PRECIPITATION (IN)
  YESTERDAY        0.00          0.04  -0.04     0.00
  MONTH TO DATE    1.21          0.99   0.22     3.41
  SINCE SEP 1      1.21          0.99   0.22     3.41
  SINCE JAN 1     11.85         14.73  -2.88    13.15

DEGREE DAYS
 HEATING
  YESTERDAY        0             4     -4        0
  MONTH TO DATE   56            38     18        4
  SINCE SEP 1     56            38     18        4
  SINCE JUL 1     62            45     17        5

 COOLING
  YESTERDAY        1             3     -2        1
  MONTH TO DATE   96            99     -3      177
  SINCE SEP 1     96            99     -3      177
  SINCE JAN 1   1011          1000     11     1341
......................................................


WIND (MPH)
  HIGHEST WIND SPEED    18   HIGHEST WIND DIRECTION    SE (120)
  HIGHEST GUST SPEED    23   HIGHEST GUST DIRECTION     E (70)
  AVERAGE WIND SPEED    10.0


SKY COVER
  POSSIBLE SUNSHINE  MM



RELATIVE HUMIDITY (PERCENT)
 HIGHEST    86           500 AM
 LOWEST     30           200 PM
 AVERAGE    58

..........................................................


THE SPRINGFIELD CO CLIMATE NORMALS FOR TODAY
                         NORMAL    RECORD    YEAR
 MAXIMUM TEMPERATURE (F)   78        MM        MM
 MINIMUM TEMPERATURE (F)   49        MM        MM


SUNRISE AND SUNSET
SEPTEMBER 22 2014.....SUNRISE   638 AM MDT   SUNSET   647 PM MDT
SEPTEMBER 23 2014.....SUNRISE   639 AM MDT   SUNSET   646 PM MDT


-  INDICATES NEGATIVE NUMBERS.
R  INDICATES RECORD WAS SET OR TIED.
MM INDICATES DATA IS MISSING.
T  INDICATES TRACE AMOUNT.




$$
