000
CDUS45 KPUB 231033
CLISPD


CLIMATE REPORT
NATIONAL WEATHER SERVICE PUEBLO
433 AM MDT SAT MAY 23 2015


...................................

...THE SPRINGFIELD CO CLIMATE SUMMARY FOR MAY 22 2015...

CLIMATE NORMAL PERIOD 1981 TO 2010
CLIMATE RECORD PERIOD 9999 TO 9999


WEATHER ITEM   OBSERVED TIME   NORMAL DEPARTURE LAST
                VALUE   (LST)  VALUE  FROM      YEAR
                                      NORMAL
......................................................
TEMPERATURE (F)
 YESTERDAY
  MAXIMUM         69    254 PM  78     -9       82
  MINIMUM         46    527 AM  49     -3       49
  AVERAGE         58                            66

PRECIPITATION (IN)
  YESTERDAY        0.01          0.09  -0.08     0.65
  MONTH TO DATE    3.89          1.48   2.41     0.65
  SINCE MAR 1      5.12          3.88   1.24     2.02
  SINCE JAN 1      6.96          4.69   2.27     2.35

DEGREE DAYS
 HEATING
  YESTERDAY        7             4      3        0
  MONTH TO DATE  195           139     56      157
  SINCE MAR 1   1185          1232    -47     1293
  SINCE JUL 1   5089          5238   -149     5290

 COOLING
  YESTERDAY        0             2     -2        1
  MONTH TO DATE    0            26    -26       29
  SINCE MAR 1      0            30    -30       35
  SINCE JAN 1      0            30    -30       35
......................................................


WIND (MPH)
  HIGHEST WIND SPEED    30   HIGHEST WIND DIRECTION     S (190)
  HIGHEST GUST SPEED    37   HIGHEST GUST DIRECTION     S (180)
  AVERAGE WIND SPEED    21.2


SKY COVER
  POSSIBLE SUNSHINE  MM



RELATIVE HUMIDITY (PERCENT)
 HIGHEST   100          1200 AM
 LOWEST     55           200 PM
 AVERAGE    78

..........................................................


THE SPRINGFIELD CO CLIMATE NORMALS FOR TODAY
                         NORMAL    RECORD    YEAR
 MAXIMUM TEMPERATURE (F)   78        MM        MM
 MINIMUM TEMPERATURE (F)   49        MM        MM


SUNRISE AND SUNSET
MAY 23 2015...........SUNRISE   536 AM MDT   SUNSET   759 PM MDT
MAY 24 2015...........SUNRISE   536 AM MDT   SUNSET   759 PM MDT


-  INDICATES NEGATIVE NUMBERS.
R  INDICATES RECORD WAS SET OR TIED.
MM INDICATES DATA IS MISSING.
T  INDICATES TRACE AMOUNT.




$$
