000
CDUS45 KPUB 271043
CLISPD


CLIMATE REPORT
NATIONAL WEATHER SERVICE PUEBLO
443 AM MDT THU AUG 27 2015


...................................

...THE SPRINGFIELD CO CLIMATE SUMMARY FOR AUGUST 26 2015...

CLIMATE NORMAL PERIOD 1981 TO 2010
CLIMATE RECORD PERIOD 9999 TO 9999


WEATHER ITEM   OBSERVED TIME   NORMAL DEPARTURE LAST
                VALUE   (LST)  VALUE  FROM      YEAR
                                      NORMAL
......................................................
TEMPERATURE (F)
 YESTERDAY
  MAXIMUM         95   1124 AM  87      8       89
  MINIMUM         59    517 AM  59      0       59
  AVERAGE         77                            74

PRECIPITATION (IN)
  YESTERDAY        0.00          0.08  -0.08     0.61
  MONTH TO DATE    1.11          2.50  -1.39     1.23
  SINCE JUN 1      5.19          7.83  -2.64     6.75
  SINCE JAN 1     12.76         13.40  -0.64    10.64

DEGREE DAYS
 HEATING
  YESTERDAY        0             0      0        0
  MONTH TO DATE    4             0      4        0
  SINCE JUN 1      4            23    -19       28
  SINCE JUL 1      4             2      2        6

 COOLING
  YESTERDAY       12             8      4        9
  MONTH TO DATE  278           253     25      280
  SINCE JUN 1    858           810     48      817
  SINCE JAN 1    859           864     -5      875
......................................................


WIND (MPH)
  HIGHEST WIND SPEED    25   HIGHEST WIND DIRECTION     S (180)
  HIGHEST GUST SPEED    32   HIGHEST GUST DIRECTION     S (180)
  AVERAGE WIND SPEED    11.7


SKY COVER
  POSSIBLE SUNSHINE  MM



RELATIVE HUMIDITY (PERCENT)
 HIGHEST    84           300 AM
 LOWEST     13          1100 AM
 AVERAGE    49

..........................................................


THE SPRINGFIELD CO CLIMATE NORMALS FOR TODAY
                         NORMAL    RECORD    YEAR
 MAXIMUM TEMPERATURE (F)   86        MM        MM
 MINIMUM TEMPERATURE (F)   59        MM        MM


SUNRISE AND SUNSET
AUGUST 27 2015........SUNRISE   617 AM MDT   SUNSET   727 PM MDT
AUGUST 28 2015........SUNRISE   617 AM MDT   SUNSET   725 PM MDT


-  INDICATES NEGATIVE NUMBERS.
R  INDICATES RECORD WAS SET OR TIED.
MM INDICATES DATA IS MISSING.
T  INDICATES TRACE AMOUNT.




$$
