000
CDUS45 KPUB 261148
CLISPD


CLIMATE REPORT
NATIONAL WEATHER SERVICE PUEBLO
448 AM MST FRI DEC 26 2014


...................................

...THE SPRINGFIELD CO CLIMATE SUMMARY FOR DECEMBER 25 2014...

CLIMATE NORMAL PERIOD 1981 TO 2010
CLIMATE RECORD PERIOD 9999 TO 9999


WEATHER ITEM   OBSERVED TIME   NORMAL DEPARTURE LAST
                VALUE   (LST)  VALUE  FROM      YEAR
                                      NORMAL
......................................................
TEMPERATURE (F)
 YESTERDAY
  MAXIMUM         61    157 PM  45     16       45
  MINIMUM         27   1159 PM  18      9       16
  AVERAGE         44                            31

PRECIPITATION (IN)
  YESTERDAY        0.00          0.01  -0.01     0.00
  MONTH TO DATE    0.59          0.43   0.16     0.00
  SINCE DEC 1      0.59          0.43   0.16     0.00
  SINCE JAN 1     13.95         17.47  -3.52    14.25

DEGREE DAYS
 HEATING
  YESTERDAY       21            34    -13       34
  MONTH TO DATE  686           810   -124      844
  SINCE DEC 1    686           810   -124      844
  SINCE JUL 1   1818          1956   -138     1956

 COOLING
  YESTERDAY        0             0      0        0
  MONTH TO DATE    0             0      0        0
  SINCE DEC 1      0             0      0        0
  SINCE JAN 1   1042          1028     14     1358
......................................................


WIND (MPH)
  HIGHEST WIND SPEED    28   HIGHEST WIND DIRECTION    SW (230)
  HIGHEST GUST SPEED    36   HIGHEST GUST DIRECTION    SW (230)
  AVERAGE WIND SPEED    13.6


SKY COVER
  POSSIBLE SUNSHINE  MM



RELATIVE HUMIDITY (PERCENT)
 HIGHEST    85          1100 PM
 LOWEST     19           100 PM
 AVERAGE    52

..........................................................


THE SPRINGFIELD CO CLIMATE NORMALS FOR TODAY
                         NORMAL    RECORD    YEAR
 MAXIMUM TEMPERATURE (F)   45        MM        MM
 MINIMUM TEMPERATURE (F)   17        MM        MM


SUNRISE AND SUNSET
DECEMBER 26 2014......SUNRISE   703 AM MST   SUNSET   439 PM MST
DECEMBER 27 2014......SUNRISE   703 AM MST   SUNSET   440 PM MST


-  INDICATES NEGATIVE NUMBERS.
R  INDICATES RECORD WAS SET OR TIED.
MM INDICATES DATA IS MISSING.
T  INDICATES TRACE AMOUNT.




$$
