000
CDUS45 KPUB 291107
CLISPD


CLIMATE REPORT
NATIONAL WEATHER SERVICE PUEBLO
506 AM MDT FRI AUG 29 2014


...................................

...THE SPRINGFIELD CO CLIMATE SUMMARY FOR AUGUST 28 2014...

CLIMATE NORMAL PERIOD 1981 TO 2010
CLIMATE RECORD PERIOD 9999 TO 9999


WEATHER ITEM   OBSERVED TIME   NORMAL DEPARTURE LAST
                VALUE   (LST)  VALUE  FROM      YEAR
                                      NORMAL
......................................................
TEMPERATURE (F)
 YESTERDAY
  MAXIMUM         81    405 PM  86     -5       95
  MINIMUM         57   1154 PM  58     -1       62
  AVERAGE         69                            79

PRECIPITATION (IN)
  YESTERDAY        0.00          0.07  -0.07     0.00
  MONTH TO DATE    1.23          2.64  -1.41     2.29
  SINCE JUN 1      6.75          7.97  -1.22     7.76
  SINCE JAN 1     10.64         13.54  -2.90     9.74

DEGREE DAYS
 HEATING
  YESTERDAY        0             0      0        0
  MONTH TO DATE    0             0      0        1
  SINCE JUN 1     28            23      5       20
  SINCE JUL 1      6             2      4        1

 COOLING
  YESTERDAY        4             8     -4       14
  MONTH TO DATE  293           269     24      288
  SINCE JUN 1    830           826      4      998
  SINCE JAN 1    888           880      8     1115
......................................................


WIND (MPH)
  HIGHEST WIND SPEED    29   HIGHEST WIND DIRECTION    NW (320)
  HIGHEST GUST SPEED    37   HIGHEST GUST DIRECTION    NW (320)
  AVERAGE WIND SPEED    11.6


SKY COVER
  POSSIBLE SUNSHINE  MM



RELATIVE HUMIDITY (PERCENT)
 HIGHEST    93          1200 AM
 LOWEST     30           400 PM
 AVERAGE    62

..........................................................


THE SPRINGFIELD CO CLIMATE NORMALS FOR TODAY
                         NORMAL    RECORD    YEAR
 MAXIMUM TEMPERATURE (F)   86        MM        MM
 MINIMUM TEMPERATURE (F)   58        MM        MM


SUNRISE AND SUNSET
AUGUST 29 2014........SUNRISE   619 AM MDT   SUNSET   723 PM MDT
AUGUST 30 2014........SUNRISE   619 AM MDT   SUNSET   722 PM MDT


-  INDICATES NEGATIVE NUMBERS.
R  INDICATES RECORD WAS SET OR TIED.
MM INDICATES DATA IS MISSING.
T  INDICATES TRACE AMOUNT.




$$
