000
CDUS45 KPUB 311037
CLISPD


CLIMATE REPORT
NATIONAL WEATHER SERVICE PUEBLO
437 AM MDT THU JUL 31 2014


...................................

...THE SPRINGFIELD CO CLIMATE SUMMARY FOR JULY 30 2014...

CLIMATE NORMAL PERIOD 1981 TO 2010
CLIMATE RECORD PERIOD 9999 TO 9999


WEATHER ITEM   OBSERVED TIME   NORMAL DEPARTURE LAST
                VALUE   (LST)  VALUE  FROM      YEAR
                                      NORMAL
......................................................
TEMPERATURE (F)
 YESTERDAY
  MAXIMUM         65    425 PM  90    -25       92
  MINIMUM         55   1159 PM  62     -7       67
  AVERAGE         60                            80

PRECIPITATION (IN)
  YESTERDAY        0.11          0.10   0.01     0.00
  MONTH TO DATE    3.59          2.73   0.86     3.59
  SINCE JUN 1      5.52          5.23   0.29     5.33
  SINCE JAN 1      9.41         10.80  -1.39     7.31

DEGREE DAYS
 HEATING
  YESTERDAY        5             0      5        0
  MONTH TO DATE    6             0      6        0
  SINCE JUN 1     28            21      7       19
  SINCE JUL 1      6             0      6        0

 COOLING
  YESTERDAY        0            11    -11       15
  MONTH TO DATE  318           339    -21      346
  SINCE JUN 1    537           547    -10      697
  SINCE JAN 1    595           601     -6      814
......................................................


WIND (MPH)
  HIGHEST WIND SPEED    23   HIGHEST WIND DIRECTION     N (20)
  HIGHEST GUST SPEED    30   HIGHEST GUST DIRECTION    NW (300)
  AVERAGE WIND SPEED    12.5


SKY COVER
  POSSIBLE SUNSHINE  MM



RELATIVE HUMIDITY (PERCENT)
 HIGHEST   100           300 AM
 LOWEST     84           500 PM
 AVERAGE    92

..........................................................


THE SPRINGFIELD CO CLIMATE NORMALS FOR TODAY
                         NORMAL    RECORD    YEAR
 MAXIMUM TEMPERATURE (F)   90        MM        MM
 MINIMUM TEMPERATURE (F)   62        MM        MM


SUNRISE AND SUNSET
JULY 31 2014..........SUNRISE   554 AM MDT   SUNSET   759 PM MDT
AUGUST  1 2014........SUNRISE   555 AM MDT   SUNSET   758 PM MDT


-  INDICATES NEGATIVE NUMBERS.
R  INDICATES RECORD WAS SET OR TIED.
MM INDICATES DATA IS MISSING.
T  INDICATES TRACE AMOUNT.




$$
