000
CDUS45 KPUB 031042
CLISPD


CLIMATE REPORT
NATIONAL WEATHER SERVICE PUEBLO
441 AM MDT FRI JUL 3 2015


...................................

...THE SPRINGFIELD CO CLIMATE SUMMARY FOR JULY 2 2015...

CLIMATE NORMAL PERIOD 1981 TO 2010
CLIMATE RECORD PERIOD 9999 TO 9999


WEATHER ITEM   OBSERVED TIME   NORMAL DEPARTURE LAST
                VALUE   (LST)  VALUE  FROM      YEAR
                                      NORMAL
......................................................
TEMPERATURE (F)
 YESTERDAY
  MAXIMUM         87    332 PM  91     -4       74
  MINIMUM         62   1153 PM  60      2       58
  AVERAGE         75                            66

PRECIPITATION (IN)
  YESTERDAY        0.00          0.08  -0.08     0.05
  MONTH TO DATE    0.11          0.18  -0.07     0.05
  SINCE JUN 1      0.97          2.68  -1.71     1.98
  SINCE JAN 1      8.54          8.25   0.29     5.87

DEGREE DAYS
 HEATING
  YESTERDAY        0             0      0        0
  MONTH TO DATE    0             0      0        0
  SINCE JUN 1      0            21    -21       22
  SINCE JUL 1      0             0      0        0

 COOLING
  YESTERDAY       10            10      0        1
  MONTH TO DATE   25            20      5        6
  SINCE JUN 1    272           228     44      225
  SINCE JAN 1    273           282     -9      283
......................................................


WIND (MPH)
  HIGHEST WIND SPEED    24   HIGHEST WIND DIRECTION     N (10)
  HIGHEST GUST SPEED    28   HIGHEST GUST DIRECTION     N (10)
  AVERAGE WIND SPEED     9.3


SKY COVER
  POSSIBLE SUNSHINE  MM



RELATIVE HUMIDITY (PERCENT)
 HIGHEST   100          1200 AM
 LOWEST     32           500 PM
 AVERAGE    66

..........................................................


THE SPRINGFIELD CO CLIMATE NORMALS FOR TODAY
                         NORMAL    RECORD    YEAR
 MAXIMUM TEMPERATURE (F)   91        MM        MM
 MINIMUM TEMPERATURE (F)   60        MM        MM


SUNRISE AND SUNSET
JULY  3 2015..........SUNRISE   535 AM MDT   SUNSET   815 PM MDT
JULY  4 2015..........SUNRISE   535 AM MDT   SUNSET   814 PM MDT


-  INDICATES NEGATIVE NUMBERS.
R  INDICATES RECORD WAS SET OR TIED.
MM INDICATES DATA IS MISSING.
T  INDICATES TRACE AMOUNT.




$$
