000
CDUS45 KPUB 261042
CLISPD


CLIMATE REPORT
NATIONAL WEATHER SERVICE PUEBLO
442 AM MDT SAT JUL 26 2014


...................................

...THE SPRINGFIELD CO CLIMATE SUMMARY FOR JULY 25 2014...

CLIMATE NORMAL PERIOD 1981 TO 2010
CLIMATE RECORD PERIOD 9999 TO 9999


WEATHER ITEM   OBSERVED TIME   NORMAL DEPARTURE LAST
                VALUE   (LST)  VALUE  FROM      YEAR
                                      NORMAL
......................................................
TEMPERATURE (F)
 YESTERDAY
  MAXIMUM        101    232 PM  91     10       88
  MINIMUM         66    514 AM  62      4       63
  AVERAGE         84                            76

PRECIPITATION (IN)
  YESTERDAY        0.00          0.08  -0.08     0.40
  MONTH TO DATE    2.41          2.24   0.17     3.34
  SINCE JUN 1      4.34          4.74  -0.40     5.08
  SINCE JAN 1      8.23         10.31  -2.08     7.06

DEGREE DAYS
 HEATING
  YESTERDAY        0             0      0        0
  MONTH TO DATE    1             0      1        0
  SINCE JUN 1     23            21      2       19
  SINCE JUL 1      1             0      1        0

 COOLING
  YESTERDAY       19            12      7       11
  MONTH TO DATE  279           284     -5      298
  SINCE JUN 1    498           492      6      649
  SINCE JAN 1    556           546     10      766
......................................................


WIND (MPH)
  HIGHEST WIND SPEED    30   HIGHEST WIND DIRECTION     N (350)
  HIGHEST GUST SPEED    36   HIGHEST GUST DIRECTION     N (350)
  AVERAGE WIND SPEED    10.0


SKY COVER
  POSSIBLE SUNSHINE  MM



RELATIVE HUMIDITY (PERCENT)
 HIGHEST    58          1100 PM
 LOWEST     17           300 PM
 AVERAGE    38

..........................................................


THE SPRINGFIELD CO CLIMATE NORMALS FOR TODAY
                         NORMAL    RECORD    YEAR
 MAXIMUM TEMPERATURE (F)   90        MM        MM
 MINIMUM TEMPERATURE (F)   62        MM        MM


SUNRISE AND SUNSET
JULY 26 2014..........SUNRISE   550 AM MDT   SUNSET   803 PM MDT
JULY 27 2014..........SUNRISE   551 AM MDT   SUNSET   802 PM MDT


-  INDICATES NEGATIVE NUMBERS.
R  INDICATES RECORD WAS SET OR TIED.
MM INDICATES DATA IS MISSING.
T  INDICATES TRACE AMOUNT.




$$
