007
CDUS43 KILX 242127
CLISPI


CLIMATE REPORT
NATIONAL WEATHER SERVICE LINCOLN IL
427 PM CDT FRI MAR 24 2017


...................................

...THE SPRINGFIELD IL CLIMATE SUMMARY FOR MARCH 24 2017...
VALID TODAY AS OF 0400 PM LOCAL TIME.

CLIMATE NORMAL PERIOD 1981 TO 2010
CLIMATE RECORD PERIOD 1879 TO 2017


WEATHER ITEM   OBSERVED TIME   RECORD YEAR NORMAL DEPARTURE LAST
                VALUE   (LST)  VALUE       VALUE  FROM      YEAR
                                                  NORMAL
..................................................................
TEMPERATURE (F)
 TODAY
  MAXIMUM         80    203 PM  84    1929  56     24       63
                                      1910
  MINIMUM         47    554 AM   3    1974  35     12       36
  AVERAGE         64                        45     19       50

PRECIPITATION (IN)
  TODAY            0.00          2.15 1913   0.09  -0.09     1.16
  MONTH TO DATE    1.43                      1.99  -0.56     3.04
  SINCE MAR 1      1.43                      1.99  -0.56     3.04
  SINCE JAN 1      2.90                      5.62  -2.72     5.37

SNOWFALL (IN)
  TODAY            0.0          17.0  2013   0.0    0.0      0.0
  MONTH TO DATE    4.6                       2.2    2.4      0.1
  SINCE MAR 1      4.6                       2.2    2.4      0.1
  SINCE JUL 1     10.3                      20.3   RRRR     15.7
  SNOW DEPTH       0

DEGREE DAYS
 HEATING
  TODAY            1                        20    -19       15
  MONTH TO DATE  514                       582    -68      362
  SINCE MAR 1    514                       582    -68      362
  SINCE JUL 1   3769                      4853  -1084     3788

 COOLING
  TODAY            0                         0      0        0
  MONTH TO DATE    0                         0      0        0
  SINCE MAR 1      0                         0      0        0
  SINCE JAN 1      0                         0      0        0
..................................................................


WIND (MPH)
  HIGHEST WIND SPEED    28   HIGHEST WIND DIRECTION     S (190)
  HIGHEST GUST SPEED    35   HIGHEST GUST DIRECTION     S (190)
  AVERAGE WIND SPEED    14.7


SKY COVER
  POSSIBLE SUNSHINE  MM
  AVERAGE SKY COVER 0.0


WEATHER CONDITIONS
 THE FOLLOWING WEATHER WAS RECORDED TODAY.
  NO SIGNIFICANT WEATHER WAS OBSERVED.


RELATIVE HUMIDITY (PERCENT)
 HIGHEST    86           600 AM
 LOWEST     39           200 PM
 AVERAGE    63

..........................................................


THE SPRINGFIELD IL CLIMATE NORMALS FOR TOMORROW
                         NORMAL    RECORD    YEAR
 MAXIMUM TEMPERATURE (F)   56        82      1907
 MINIMUM TEMPERATURE (F)   35         7      1960


SUNRISE AND SUNSET
MARCH 24 2017.........SUNRISE   655 AM CDT   SUNSET   715 PM CDT
MARCH 25 2017.........SUNRISE   654 AM CDT   SUNSET   716 PM CDT


-  INDICATES NEGATIVE NUMBERS.
R  INDICATES RECORD WAS SET OR TIED.
MM INDICATES DATA IS MISSING.
T  INDICATES TRACE AMOUNT.




$$
