000
CDUS43 KILX 050634
CLISPI


CLIMATE REPORT
NATIONAL WEATHER SERVICE LINCOLN IL
134 AM CDT SAT SEP 5 2015


...................................

...THE SPRINGFIELD IL CLIMATE SUMMARY FOR SEPTEMBER 4 2015...

CLIMATE NORMAL PERIOD 1981 TO 2010
CLIMATE RECORD PERIOD 1879 TO 2015


WEATHER ITEM   OBSERVED TIME   RECORD YEAR NORMAL DEPARTURE LAST
                VALUE   (LST)  VALUE       VALUE  FROM      YEAR
                                                  NORMAL
..................................................................
TEMPERATURE (F)
 YESTERDAY
  MAXIMUM         96    221 PM 100    1954  83     13       93
  MINIMUM         68    430 AM  42    1974  60      8       73
  AVERAGE         82                        71     11       83

PRECIPITATION (IN)
  YESTERDAY        0.00          2.18 1918   0.09  -0.09     0.00
  MONTH TO DATE    0.00                      0.38  -0.38     0.29
  SINCE SEP 1      0.00                      0.38  -0.38     0.29
  SINCE JAN 1     27.78                     26.03   1.75    32.62

SNOWFALL (IN)
  YESTERDAY        0.0           0.0    MM   0.0    0.0      0.0
  MONTH TO DATE    0.0                       0.0    0.0      0.0
  SINCE SEP 1      0.0                       0.0    0.0      0.0
  SINCE JUL 1      0.0                       0.0    0.0      0.0
  SNOW DEPTH       0

DEGREE DAYS
 HEATING
  YESTERDAY        0                         1     -1        0
  MONTH TO DATE    0                         1     -1        0
  SINCE SEP 1      0                         1     -1        0
  SINCE JUL 1      6                         6      0        3

 COOLING
  YESTERDAY       17                         7     10       18
  MONTH TO DATE   70                        28     42       51
  SINCE SEP 1     70                        28     42       51
  SINCE JAN 1   1165                       998    167     1084
..................................................................


WIND (MPH)
  HIGHEST WIND SPEED    16   HIGHEST WIND DIRECTION    SE (120)
  HIGHEST GUST SPEED    21   HIGHEST GUST DIRECTION    SE (120)
  AVERAGE WIND SPEED     4.2


SKY COVER
  POSSIBLE SUNSHINE  MM
  AVERAGE SKY COVER 0.1


WEATHER CONDITIONS
 THE FOLLOWING WEATHER WAS RECORDED YESTERDAY.
  NO SIGNIFICANT WEATHER WAS OBSERVED.


RELATIVE HUMIDITY (PERCENT)
 HIGHEST    90           400 AM
 LOWEST     39           100 PM
 AVERAGE    65

..........................................................


THE SPRINGFIELD IL CLIMATE NORMALS FOR TODAY
                         NORMAL    RECORD    YEAR
 MAXIMUM TEMPERATURE (F)   83        99      1954
                                             1925
 MINIMUM TEMPERATURE (F)   59        44      1997
                                             1974


SUNRISE AND SUNSET
SEPTEMBER  5 2015.....SUNRISE   630 AM CDT   SUNSET   724 PM CDT
SEPTEMBER  6 2015.....SUNRISE   631 AM CDT   SUNSET   722 PM CDT


-  INDICATES NEGATIVE NUMBERS.
R  INDICATES RECORD WAS SET OR TIED.
MM INDICATES DATA IS MISSING.
T  INDICATES TRACE AMOUNT.




$$
