833
CDUS43 KILX 030651
CLISPI


CLIMATE REPORT
NATIONAL WEATHER SERVICE LINCOLN IL
151 AM CDT TUE MAY 3 2016


...................................

...THE SPRINGFIELD IL CLIMATE SUMMARY FOR MAY 2 2016...

CLIMATE NORMAL PERIOD 1981 TO 2010
CLIMATE RECORD PERIOD 1879 TO 2016


WEATHER ITEM   OBSERVED TIME   RECORD YEAR NORMAL DEPARTURE LAST
                VALUE   (LST)  VALUE       VALUE  FROM      YEAR
                                                  NORMAL
..................................................................
TEMPERATURE (F)
 YESTERDAY
  MAXIMUM         58    233 PM  89    1959  71    -13       78
  MINIMUM         50    618 AM  32    2005  48      2       51
                                      1966
                                      1929
  AVERAGE         54                        59     -5       65

PRECIPITATION (IN)
  YESTERDAY        T             1.55 1892   0.13  -0.13      T
  MONTH TO DATE    0.02                      0.26  -0.24      T
  SINCE MAR 1      8.38                      6.40   1.98     3.68
  SINCE JAN 1     10.71                     10.03   0.68     6.96

SNOWFALL (IN)
  YESTERDAY        0.0           0.6  1929   0.0    0.0      0.0
  MONTH TO DATE    0.0                       0.0    0.0      0.0
  SINCE MAR 1      0.1                       2.8   -2.7      3.7
  SINCE JUL 1     15.7                      20.9   -5.2     33.9
  SNOW DEPTH       0

DEGREE DAYS
 HEATING
  YESTERDAY       11                         7      4        0
  MONTH TO DATE   17                        14      3       13
  SINCE MAR 1    789                      1088   -299     1028
  SINCE JUL 1   4215                      5359  -1144     5597

 COOLING
  YESTERDAY        0                         1     -1        0
  MONTH TO DATE    0                         2     -2        0
  SINCE MAR 1     20                        22     -2       10
  SINCE JAN 1     20                        22     -2       10
..................................................................


WIND (MPH)
  HIGHEST WIND SPEED    13   HIGHEST WIND DIRECTION    NE (30)
  HIGHEST GUST SPEED    17   HIGHEST GUST DIRECTION     N (10)
  AVERAGE WIND SPEED     6.7


SKY COVER
  POSSIBLE SUNSHINE  MM
  AVERAGE SKY COVER 1.0


WEATHER CONDITIONS
 THE FOLLOWING WEATHER WAS RECORDED YESTERDAY.
  LIGHT RAIN


RELATIVE HUMIDITY (PERCENT)
 HIGHEST    96           100 AM
 LOWEST     67           300 PM
 AVERAGE    82

..........................................................


THE SPRINGFIELD IL CLIMATE NORMALS FOR TODAY
                         NORMAL    RECORD    YEAR
 MAXIMUM TEMPERATURE (F)   71        89      1959
                                             1949
 MINIMUM TEMPERATURE (F)   48        29      1976


SUNRISE AND SUNSET
MAY  3 2016...........SUNRISE   556 AM CDT   SUNSET   756 PM CDT
MAY  4 2016...........SUNRISE   555 AM CDT   SUNSET   757 PM CDT


-  INDICATES NEGATIVE NUMBERS.
R  INDICATES RECORD WAS SET OR TIED.
MM INDICATES DATA IS MISSING.
T  INDICATES TRACE AMOUNT.




$$
