000
CDUS43 KILX 260631
CLISPI


CLIMATE REPORT
NATIONAL WEATHER SERVICE LINCOLN IL
131 AM CDT TUE MAY 26 2015


...................................

...THE SPRINGFIELD IL CLIMATE SUMMARY FOR MAY 25 2015...

CLIMATE NORMAL PERIOD 1981 TO 2010
CLIMATE RECORD PERIOD 1879 TO 2015


WEATHER ITEM   OBSERVED TIME   RECORD YEAR NORMAL DEPARTURE LAST
                VALUE   (LST)  VALUE       VALUE  FROM      YEAR
                                                  NORMAL
..................................................................
TEMPERATURE (F)
 YESTERDAY
  MAXIMUM         85    345 PM  95    1967  77      8       79
  MINIMUM         68   1258 AM  35    1925  56     12       65
  AVERAGE         77                        66     11       72

PRECIPITATION (IN)
  YESTERDAY        T             2.36 1909   0.15  -0.15      T
  MONTH TO DATE    3.49                      3.39   0.10     2.15
  SINCE MAR 1      7.17                      9.53  -2.36     8.25
  SINCE JAN 1     10.45                     13.16  -2.71    13.68

SNOWFALL (IN)
  YESTERDAY        0.0           0.0    MM   0.0    0.0      0.0
  MONTH TO DATE    0.0                       0.0    0.0      0.0
  SINCE MAR 1      3.7                       2.8    0.9      3.4
  SINCE JUL 1     33.9                      20.9   13.0     45.7
  SNOW DEPTH       0

DEGREE DAYS
 HEATING
  YESTERDAY        0                         2     -2        0
  MONTH TO DATE   70                       114    -44      115
  SINCE MAR 1   1085                      1188   -103     1259
  SINCE JUL 1   5654                      5459    195     6206

 COOLING
  YESTERDAY       12                         4      8        7
  MONTH TO DATE  124                        58     66       96
  SINCE MAR 1    134                        78     56      106
  SINCE JAN 1    134                        78     56      106
..................................................................


WIND (MPH)
  HIGHEST WIND SPEED    25   HIGHEST WIND DIRECTION     S (170)
  HIGHEST GUST SPEED    36   HIGHEST GUST DIRECTION    SW (220)
  AVERAGE WIND SPEED    15.7


SKY COVER
  POSSIBLE SUNSHINE  MM
  AVERAGE SKY COVER 0.4


WEATHER CONDITIONS
 THE FOLLOWING WEATHER WAS RECORDED YESTERDAY.
  LIGHT RAIN


RELATIVE HUMIDITY (PERCENT)
 HIGHEST    97           200 AM
 LOWEST     44           400 PM
 AVERAGE    71

..........................................................


THE SPRINGFIELD IL CLIMATE NORMALS FOR TODAY
                         NORMAL    RECORD    YEAR
 MAXIMUM TEMPERATURE (F)   78        95      1911
 MINIMUM TEMPERATURE (F)   56        38      1961
                                             1925


SUNRISE AND SUNSET
MAY 26 2015...........SUNRISE   536 AM CDT   SUNSET   816 PM CDT
MAY 27 2015...........SUNRISE   535 AM CDT   SUNSET   817 PM CDT


-  INDICATES NEGATIVE NUMBERS.
R  INDICATES RECORD WAS SET OR TIED.
MM INDICATES DATA IS MISSING.
T  INDICATES TRACE AMOUNT.




$$
