000
CDUS43 KILX 252145
CLISPI


CLIMATE REPORT
NATIONAL WEATHER SERVICE LINCOLN IL
435 PM CDT SUN SEP 25 2016


...................................

...THE SPRINGFIELD IL CLIMATE SUMMARY FOR SEPTEMBER 25 2016...
VALID TODAY AS OF 0400 PM LOCAL TIME.

CLIMATE NORMAL PERIOD 1981 TO 2010
CLIMATE RECORD PERIOD 1879 TO 2016


WEATHER ITEM   OBSERVED TIME   RECORD YEAR NORMAL DEPARTURE LAST
                VALUE   (LST)  VALUE       VALUE  FROM      YEAR
                                                  NORMAL
..................................................................
TEMPERATURE (F)
 TODAY
  MAXIMUM         93   1241 PM  94    1891  75     18       86
  MINIMUM         67    144 AM  36    2001  50     17       54
  AVERAGE         80                        63     17       70

PRECIPITATION (IN)
  TODAY            0.00          1.95 1886   0.10  -0.10     0.00
  MONTH TO DATE    1.45                      2.43  -0.98     4.27
  SINCE SEP 1      1.45                      2.43  -0.98     4.27
  SINCE JAN 1     37.30                     28.08   9.22    32.05

SNOWFALL (IN)
  TODAY            0.0           T    1942   0.0    0.0      0.0
  MONTH TO DATE    0.0                       0.0    0.0      0.0
  SINCE SEP 1      0.0                       0.0    0.0      0.0
  SINCE JUL 1      0.0                       0.0    0.0      0.0
  SNOW DEPTH       0

DEGREE DAYS
 HEATING
  TODAY            0                         5     -5        0
  MONTH TO DATE    0                        49    -49       18
  SINCE SEP 1      0                        49    -49       18
  SINCE JUL 1      1                        54    -53       24

 COOLING
  TODAY           15                         2     13        5
  MONTH TO DATE  258                       118    140      237
  SINCE SEP 1    258                       118    140      237
  SINCE JAN 1   1534                      1088    446     1332
..................................................................


WIND (MPH)
  HIGHEST WIND SPEED    17   HIGHEST WIND DIRECTION     W (260)
  HIGHEST GUST SPEED    23   HIGHEST GUST DIRECTION    SW (240)
  AVERAGE WIND SPEED     8.3


SKY COVER
  POSSIBLE SUNSHINE  MM
  AVERAGE SKY COVER 0.1


WEATHER CONDITIONS
 THE FOLLOWING WEATHER WAS RECORDED TODAY.
  FOG
  HAZE


RELATIVE HUMIDITY (PERCENT)
 HIGHEST    87           400 AM
 LOWEST     41           200 PM
 AVERAGE    64

..........................................................


THE SPRINGFIELD IL CLIMATE NORMALS FOR TOMORROW
                         NORMAL    RECORD    YEAR
 MAXIMUM TEMPERATURE (F)   75        92      1897
                                             1891
 MINIMUM TEMPERATURE (F)   50        35      2000
                                             1928


SUNRISE AND SUNSET
SEPTEMBER 25 2016.....SUNRISE   650 AM CDT   SUNSET   650 PM CDT
SEPTEMBER 26 2016.....SUNRISE   651 AM CDT   SUNSET   648 PM CDT


-  INDICATES NEGATIVE NUMBERS.
R  INDICATES RECORD WAS SET OR TIED.
MM INDICATES DATA IS MISSING.
T  INDICATES TRACE AMOUNT.




$$
