000
CDUS43 KILX 210642
CLISPI


CLIMATE REPORT
NATIONAL WEATHER SERVICE LINCOLN IL
138 AM CDT MON AUG 21 2017


...................................

...THE SPRINGFIELD IL CLIMATE SUMMARY FOR AUGUST 20 2017...

CLIMATE NORMAL PERIOD 1981 TO 2010
CLIMATE RECORD PERIOD 1879 TO 2017


WEATHER ITEM   OBSERVED TIME   RECORD YEAR NORMAL DEPARTURE LAST
                VALUE   (LST)  VALUE       VALUE  FROM      YEAR
                                                  NORMAL
..................................................................
TEMPERATURE (F)
 YESTERDAY
  MAXIMUM         92    306 PM 101    1983  85      7       81
  MINIMUM         66    529 AM  46    1950  63      3       63
  AVERAGE         79                        74      5       72

PRECIPITATION (IN)
  YESTERDAY        0.00          3.65 1915   0.10  -0.10     0.46
  MONTH TO DATE    0.75                      2.12  -1.37     8.14
  SINCE JUN 1      7.47                     10.52  -3.05    19.58
  SINCE JAN 1     24.19                     24.53  -0.34    33.17

SNOWFALL (IN)
  YESTERDAY        0.0           0.0    MM   0.0    0.0      0.0
  MONTH TO DATE    0.0                       0.0    0.0      0.0
  SINCE JUN 1      0.0                       0.0    0.0      0.0
  SINCE JUL 1      0.0                       0.0    0.0      0.0
  SNOW DEPTH       0

DEGREE DAYS
 HEATING
  YESTERDAY        0                         0      0        0
  MONTH TO DATE    0                         0      0        0
  SINCE JUN 1      2                        16    -14        1
  SINCE JUL 1      0                         1     -1        1

 COOLING
  YESTERDAY       14                         9      5        7
  MONTH TO DATE  161                       197    -36      265
  SINCE JUN 1    909                       772    137     1025
  SINCE JAN 1   1053                       876    177     1150
..................................................................


WIND (MPH)
  HIGHEST WIND SPEED    13   HIGHEST WIND DIRECTION     S (160)
  HIGHEST GUST SPEED    19   HIGHEST GUST DIRECTION    SE (150)
  AVERAGE WIND SPEED     3.6


SKY COVER
  POSSIBLE SUNSHINE  MM
  AVERAGE SKY COVER 0.0


WEATHER CONDITIONS
 THE FOLLOWING WEATHER WAS RECORDED YESTERDAY.
  FOG


RELATIVE HUMIDITY (PERCENT)
 HIGHEST   100          1000 PM
 LOWEST     56           100 PM
 AVERAGE    78

..........................................................


THE SPRINGFIELD IL CLIMATE NORMALS FOR TODAY
                         NORMAL    RECORD    YEAR
 MAXIMUM TEMPERATURE (F)   85       104      1936
 MINIMUM TEMPERATURE (F)   63        44      1950


SUNRISE AND SUNSET
AUGUST 21 2017........SUNRISE   617 AM CDT   SUNSET   746 PM CDT
AUGUST 22 2017........SUNRISE   617 AM CDT   SUNSET   745 PM CDT


-  INDICATES NEGATIVE NUMBERS.
R  INDICATES RECORD WAS SET OR TIED.
MM INDICATES DATA IS MISSING.
T  INDICATES TRACE AMOUNT.




$$
