000
CDUS43 KILX 110643
CLISPI


CLIMATE REPORT
NATIONAL WEATHER SERVICE LINCOLN IL
1242 AM CST THU FEB 11 2016


...................................

...THE SPRINGFIELD IL CLIMATE SUMMARY FOR FEBRUARY 10 2016...

CLIMATE NORMAL PERIOD 1981 TO 2010
CLIMATE RECORD PERIOD 1879 TO 2016


WEATHER ITEM   OBSERVED TIME   RECORD YEAR NORMAL DEPARTURE LAST
                VALUE   (LST)  VALUE       VALUE  FROM      YEAR
                                                  NORMAL
..................................................................
TEMPERATURE (F)
 YESTERDAY
  MAXIMUM         21   1159 PM  75    1932  38    -17       37
  MINIMUM          7    659 AM -13    1982  21    -14       26
  AVERAGE         14                        30    -16       32

PRECIPITATION (IN)
  YESTERDAY        T             1.59 1881   0.07  -0.07      T
  MONTH TO DATE    0.55                      0.58  -0.03     0.47
  SINCE DEC 1      8.20                      4.92   3.28     3.82
  SINCE JAN 1      1.64                      2.40  -0.76     1.87

SNOWFALL (IN)
  YESTERDAY        T             6.6  1981   0.3   -0.3      0.0
  MONTH TO DATE    1.5                       2.2   -0.7      3.0
  SINCE DEC 1      8.3                      14.2   -5.9      6.9
  SINCE JUL 1      8.8                      14.8   -6.0     10.6
  SNOW DEPTH       1

DEGREE DAYS
 HEATING
  YESTERDAY       51                        35     16       33
  MONTH TO DATE  327                       364    -37      363
  SINCE DEC 1   2132                      2622   -490     2456
  SINCE JUL 1   2902                      3690   -788     3692

 COOLING
  YESTERDAY        0                         0      0        0
  MONTH TO DATE    0                         0      0        0
  SINCE DEC 1      0                         0      0        0
  SINCE JAN 1      0                         0      0        0
..................................................................


WIND (MPH)
  HIGHEST WIND SPEED    15   HIGHEST WIND DIRECTION     W (250)
  HIGHEST GUST SPEED    19   HIGHEST GUST DIRECTION    NW (310)
  AVERAGE WIND SPEED     8.6


SKY COVER
  POSSIBLE SUNSHINE  MM
  AVERAGE SKY COVER 0.5


WEATHER CONDITIONS
 THE FOLLOWING WEATHER WAS RECORDED YESTERDAY.
  LIGHT SNOW


RELATIVE HUMIDITY (PERCENT)
 HIGHEST    84           600 PM
 LOWEST     51           200 PM
 AVERAGE    68

..........................................................


THE SPRINGFIELD IL CLIMATE NORMALS FOR TODAY
                         NORMAL    RECORD    YEAR
 MAXIMUM TEMPERATURE (F)   38        69      1999
 MINIMUM TEMPERATURE (F)   21       -13      2014


SUNRISE AND SUNSET
FEBRUARY 11 2016......SUNRISE   657 AM CST   SUNSET   530 PM CST
FEBRUARY 12 2016......SUNRISE   656 AM CST   SUNSET   531 PM CST


-  INDICATES NEGATIVE NUMBERS.
R  INDICATES RECORD WAS SET OR TIED.
MM INDICATES DATA IS MISSING.
T  INDICATES TRACE AMOUNT.




$$
