353
CDUS43 KILX 162243
CLISPI


CLIMATE REPORT
NATIONAL WEATHER SERVICE LINCOLN IL
432 PM CST TUE JAN 16 2018


...................................

...THE SPRINGFIELD IL CLIMATE SUMMARY FOR JANUARY 16 2018...
VALID TODAY AS OF 0400 PM LOCAL TIME.

CLIMATE NORMAL PERIOD 1981 TO 2010
CLIMATE RECORD PERIOD 1879 TO 2018


WEATHER ITEM   OBSERVED TIME   RECORD YEAR NORMAL DEPARTURE LAST
                VALUE   (LST)  VALUE       VALUE  FROM      YEAR
                                                  NORMAL
..................................................................
TEMPERATURE (F)
 TODAY
  MAXIMUM         11    328 PM  67    1990  35    -24       56
  MINIMUM         -3    739 AM -20    1977  18    -21       35
  AVERAGE          4                        26    -22       46

PRECIPITATION (IN)
  TODAY            0.00          1.08 1907   0.05  -0.05     0.07
  MONTH TO DATE    0.22                      0.99  -0.77     0.83
  SINCE DEC 1      0.59                      3.51  -2.92     1.74
  SINCE JAN 1      0.22                      0.99  -0.77     0.83

SNOWFALL (IN)
  TODAY            0.0           3.0  2003   0.2   -0.2      0.0
  MONTH TO DATE    1.6                       3.3   -1.7      0.9
  SINCE DEC 1      5.7                       8.9   -3.2      3.6
  SINCE JUL 1      5.7                       9.5   -3.8      3.6
  SNOW DEPTH       1

DEGREE DAYS
 HEATING
  TODAY           61                        39     22       19
  MONTH TO DATE  767                       613    154      581
  SINCE DEC 1   1826                      1685    141     1629
  SINCE JUL 1   2691                      2753    -62     2280

 COOLING
  TODAY            0                         0      0        0
  MONTH TO DATE    0                         0      0        0
  SINCE DEC 1      0                         0      0        0
  SINCE JAN 1      0                         0      0        0
..................................................................


WIND (MPH)
  HIGHEST WIND SPEED    16   HIGHEST WIND DIRECTION     W (280)
  HIGHEST GUST SPEED    21   HIGHEST GUST DIRECTION     W (290)
  AVERAGE WIND SPEED    12.2


SKY COVER
  POSSIBLE SUNSHINE  MM
  AVERAGE SKY COVER 0.4


WEATHER CONDITIONS
 THE FOLLOWING WEATHER WAS RECORDED TODAY.
  HAZE


RELATIVE HUMIDITY (PERCENT)
 HIGHEST    75          1000 AM
 LOWEST     65           200 AM
 AVERAGE    70

..........................................................


THE SPRINGFIELD IL CLIMATE NORMALS FOR TOMORROW
                         NORMAL    RECORD    YEAR
 MAXIMUM TEMPERATURE (F)   35        66      1952
                                             1894
 MINIMUM TEMPERATURE (F)   18       -21      1977


SUNRISE AND SUNSET
JANUARY 16 2018.......SUNRISE   718 AM CST   SUNSET   500 PM CST
JANUARY 17 2018.......SUNRISE   717 AM CST   SUNSET   501 PM CST


-  INDICATES NEGATIVE NUMBERS.
R  INDICATES RECORD WAS SET OR TIED.
MM INDICATES DATA IS MISSING.
T  INDICATES TRACE AMOUNT.




$$
