000
CDUS43 KILX 272134
CLISPI


CLIMATE REPORT
NATIONAL WEATHER SERVICE LINCOLN IL
434 PM CDT WED AUG 27 2014


...................................

...THE SPRINGFIELD IL CLIMATE SUMMARY FOR AUGUST 27 2014...
VALID TODAY AS OF 0400 PM LOCAL TIME.

CLIMATE NORMAL PERIOD 1981 TO 2010
CLIMATE RECORD PERIOD 1879 TO 2014


WEATHER ITEM   OBSERVED TIME   RECORD YEAR NORMAL DEPARTURE LAST
                VALUE   (LST)  VALUE       VALUE  FROM      YEAR
                                                  NORMAL
..................................................................
TEMPERATURE (F)
 TODAY
  MAXIMUM         86    124 PM  97    1983  84      2       91
  MINIMUM         69    436 AM  51    1967  62      7       73
                                      1910
                                      1885
  AVERAGE         78                        73      5       82

PRECIPITATION (IN)
  TODAY            0.01          0.67 1907   0.11  -0.10     0.00
  MONTH TO DATE    4.11                      2.83   1.28     0.34
  SINCE JUN 1     15.51                     11.23   4.28     5.65
  SINCE JAN 1     29.80                     25.24   4.56    30.67

SNOWFALL (IN)
  TODAY            0.0           0.0    MM   0.0    0.0      0.0
  MONTH TO DATE    0.0                       0.0    0.0      0.0
  SINCE JUN 1      0.0                       0.0    0.0      0.0
  SINCE JUL 1      0.0                       0.0    0.0      0.0
  SNOW DEPTH       0

DEGREE DAYS
 HEATING
  TODAY            0                         0      0        0
  MONTH TO DATE    0                         0      0        5
  SINCE JUN 1      3                        16    -13       23
  SINCE JUL 1      3                         1      2       11

 COOLING
  TODAY           13                         8      5       17
  MONTH TO DATE  280                       259     21      199
  SINCE JUN 1    798                       834    -36      747
  SINCE JAN 1    974                       938     36      873
..................................................................


WIND (MPH)
  HIGHEST WIND SPEED    16   HIGHEST WIND DIRECTION     W (280)
  HIGHEST GUST SPEED    22   HIGHEST GUST DIRECTION     W (280)
  AVERAGE WIND SPEED     4.4


SKY COVER
  POSSIBLE SUNSHINE  MM
  AVERAGE SKY COVER 0.3


WEATHER CONDITIONS
 THE FOLLOWING WEATHER WAS RECORDED TODAY.
  THUNDERSTORM
  LIGHT RAIN


RELATIVE HUMIDITY (PERCENT)
 HIGHEST    90           500 AM
 LOWEST     65          1000 AM
 AVERAGE    78

..........................................................


THE SPRINGFIELD IL CLIMATE NORMALS FOR TOMORROW
                         NORMAL    RECORD    YEAR
 MAXIMUM TEMPERATURE (F)   84        97      2007
                                             1984
 MINIMUM TEMPERATURE (F)   62        44      1986


SUNRISE AND SUNSET
AUGUST 27 2014........SUNRISE   622 AM CDT   SUNSET   738 PM CDT
AUGUST 28 2014........SUNRISE   623 AM CDT   SUNSET   736 PM CDT


-  INDICATES NEGATIVE NUMBERS.
R  INDICATES RECORD WAS SET OR TIED.
MM INDICATES DATA IS MISSING.
T  INDICATES TRACE AMOUNT.




$$
