224
CDUS43 KILX 220638
CLISPI


CLIMATE REPORT
NATIONAL WEATHER SERVICE LINCOLN IL
137 AM CDT SUN OCT 22 2017


...................................

...THE SPRINGFIELD IL CLIMATE SUMMARY FOR OCTOBER 21 2017...

CLIMATE NORMAL PERIOD 1981 TO 2010
CLIMATE RECORD PERIOD 1879 TO 2017


WEATHER ITEM   OBSERVED TIME   RECORD YEAR NORMAL DEPARTURE LAST
                VALUE   (LST)  VALUE       VALUE  FROM      YEAR
                                                  NORMAL
..................................................................
TEMPERATURE (F)
 YESTERDAY
  MAXIMUM         79    256 PM  89    1979  64     15       60
  MINIMUM         61    642 AM  25    1930  43     18       38
  AVERAGE         70                        54     16       49

PRECIPITATION (IN)
  YESTERDAY        T             1.99 1983   0.11  -0.11     0.00
  MONTH TO DATE    5.01                      2.11   2.90     1.80
  SINCE SEP 1      5.02                      5.01   0.01     3.65
  SINCE JAN 1     30.06                     30.66  -0.60    39.50

SNOWFALL (IN)
  YESTERDAY        0.0           T    1937   0.0    0.0      0.0
                                      1916
  MONTH TO DATE    0.0                       0.0    0.0      0.0
  SINCE SEP 1      0.0                       0.0    0.0      0.0
  SINCE JUL 1      0.0                       0.0    0.0      0.0
  SNOW DEPTH       0

DEGREE DAYS
 HEATING
  YESTERDAY        0                        12    -12       16
  MONTH TO DATE   47                       193   -146       84
  SINCE SEP 1     83                       269   -186       96
  SINCE JUL 1     83                       274   -191       97

 COOLING
  YESTERDAY        5                         0      5        0
  MONTH TO DATE   80                        19     61       65
  SINCE SEP 1    289                       148    141      323
  SINCE JAN 1   1401                      1118    283     1599
..................................................................


WIND (MPH)
  HIGHEST WIND SPEED    24   HIGHEST WIND DIRECTION     S (170)
  HIGHEST GUST SPEED    33   HIGHEST GUST DIRECTION     S (180)
  AVERAGE WIND SPEED    14.4


SKY COVER
  POSSIBLE SUNSHINE  MM
  AVERAGE SKY COVER 0.3


WEATHER CONDITIONS
 THE FOLLOWING WEATHER WAS RECORDED YESTERDAY.
  LIGHT RAIN


RELATIVE HUMIDITY (PERCENT)
 HIGHEST    72           600 AM
 LOWEST     54           300 PM
 AVERAGE    63

..........................................................


THE SPRINGFIELD IL CLIMATE NORMALS FOR TODAY
                         NORMAL    RECORD    YEAR
 MAXIMUM TEMPERATURE (F)   64        85      1963
                                             1947
 MINIMUM TEMPERATURE (F)   42        23      1997
                                             1976


SUNRISE AND SUNSET
OCTOBER 22 2017.......SUNRISE   717 AM CDT   SUNSET   609 PM CDT
OCTOBER 23 2017.......SUNRISE   718 AM CDT   SUNSET   608 PM CDT


-  INDICATES NEGATIVE NUMBERS.
R  INDICATES RECORD WAS SET OR TIED.
MM INDICATES DATA IS MISSING.
T  INDICATES TRACE AMOUNT.




$$
