000
CDUS43 KILX 270652
CLISPI


CLIMATE REPORT
NATIONAL WEATHER SERVICE LINCOLN IL
1251 AM CST SAT DEC 27 2014


...................................

...THE SPRINGFIELD IL CLIMATE SUMMARY FOR DECEMBER 26 2014...

CLIMATE NORMAL PERIOD 1981 TO 2010
CLIMATE RECORD PERIOD 1879 TO 2014


WEATHER ITEM   OBSERVED TIME   RECORD YEAR NORMAL DEPARTURE LAST
                VALUE   (LST)  VALUE       VALUE  FROM      YEAR
                                                  NORMAL
..................................................................
TEMPERATURE (F)
 YESTERDAY
  MAXIMUM         56    236 PM  67    1942  36     20       43
  MINIMUM         39    735 AM -10    1983  20     19       16
  AVERAGE         48                        28     20       30

PRECIPITATION (IN)
  YESTERDAY        0.08          0.56 1942   0.07   0.01     0.00
  MONTH TO DATE    1.92                      2.17  -0.25     1.60
  SINCE DEC 1      1.92                      2.17  -0.25     1.60
  SINCE JAN 1     45.41                     37.08   8.33    38.35

SNOWFALL (IN)
  YESTERDAY        0.0           4.5  1939   0.2   -0.2      0.0
  MONTH TO DATE    0.5                       4.5   -4.0      8.2
  SINCE DEC 1      0.5                       4.5   -4.0      8.2
  SINCE JUL 1      4.2                       5.1   -0.9      8.9
  SNOW DEPTH       0

DEGREE DAYS
 HEATING
  YESTERDAY       17                        37    -20       35
  MONTH TO DATE  749                       886   -137      982
  SINCE DEC 1    749                       886   -137      982
  SINCE JUL 1   1985                      1954     31     2164

 COOLING
  YESTERDAY        0                         0      0        0
  MONTH TO DATE    0                         0      0        0
  SINCE DEC 1      0                         0      0        0
  SINCE JAN 1   1162                      1122     40     1145
..................................................................


WIND (MPH)
  HIGHEST WIND SPEED    22   HIGHEST WIND DIRECTION     S (190)
  HIGHEST GUST SPEED    28   HIGHEST GUST DIRECTION     S (190)
  AVERAGE WIND SPEED    14.4


SKY COVER
  POSSIBLE SUNSHINE  MM
  AVERAGE SKY COVER 0.2


WEATHER CONDITIONS
 THE FOLLOWING WEATHER WAS RECORDED YESTERDAY.
  RAIN
  LIGHT RAIN
  FOG


RELATIVE HUMIDITY (PERCENT)
 HIGHEST    80           800 PM
 LOWEST     61           100 PM
 AVERAGE    71

..........................................................


THE SPRINGFIELD IL CLIMATE NORMALS FOR TODAY
                         NORMAL    RECORD    YEAR
 MAXIMUM TEMPERATURE (F)   35        66      1907
 MINIMUM TEMPERATURE (F)   20        -8      1924


SUNRISE AND SUNSET
DECEMBER 27 2014......SUNRISE   719 AM CST   SUNSET   441 PM CST
DECEMBER 28 2014......SUNRISE   719 AM CST   SUNSET   441 PM CST


-  INDICATES NEGATIVE NUMBERS.
R  INDICATES RECORD WAS SET OR TIED.
MM INDICATES DATA IS MISSING.
T  INDICATES TRACE AMOUNT.




$$
