000
CDUS43 KILX 230708
CLISPI


CLIMATE REPORT
NATIONAL WEATHER SERVICE LINCOLN IL
107 AM CST MON JAN 23 2017


...................................

...THE SPRINGFIELD IL CLIMATE SUMMARY FOR JANUARY 22 2017...

CLIMATE NORMAL PERIOD 1981 TO 2010
CLIMATE RECORD PERIOD 1879 TO 2017


WEATHER ITEM   OBSERVED TIME   RECORD YEAR NORMAL DEPARTURE LAST
                VALUE   (LST)  VALUE       VALUE  FROM      YEAR
                                                  NORMAL
..................................................................
TEMPERATURE (F)
 YESTERDAY
  MAXIMUM         52    334 PM  64    1967  35     17       27
  MINIMUM         40   1159 PM -15    1936  19     21       18
  AVERAGE         46                        27     19       23

PRECIPITATION (IN)
  YESTERDAY        0.00          1.07 1965   0.06  -0.06      T
  MONTH TO DATE    1.02                      1.34  -0.32     1.09
  SINCE DEC 1      1.93                      3.86  -1.93     7.65
  SINCE JAN 1      1.02                      1.34  -0.32     1.09

SNOWFALL (IN)
  YESTERDAY        0.0           6.0  1937   0.2   -0.2       T
  MONTH TO DATE    0.9                       4.5   -3.6      6.7
  SINCE DEC 1      3.6                      10.1   -6.5      6.8
  SINCE JUL 1      3.6                      10.7   -7.1      7.3
  SNOW DEPTH       0

DEGREE DAYS
 HEATING
  YESTERDAY       19                        38    -19       42
  MONTH TO DATE  691                       843   -152      854
  SINCE DEC 1   1739                      1915   -176     1546
  SINCE JUL 1   2390                      2983   -593     2316

 COOLING
  YESTERDAY        0                         0      0        0
  MONTH TO DATE    0                         0      0        0
  SINCE DEC 1      0                         0      0        0
  SINCE JAN 1      0                         0      0        0
..................................................................


WIND (MPH)
  HIGHEST WIND SPEED    22   HIGHEST WIND DIRECTION     N (360)
  HIGHEST GUST SPEED    27   HIGHEST GUST DIRECTION     N (10)
  AVERAGE WIND SPEED    10.8


SKY COVER
  POSSIBLE SUNSHINE  MM
  AVERAGE SKY COVER 0.6


WEATHER CONDITIONS
 THE FOLLOWING WEATHER WAS RECORDED YESTERDAY.
  FOG
  FOG W/VISIBILITY <= 1/4 MILE
  HAZE


RELATIVE HUMIDITY (PERCENT)
 HIGHEST   100           600 AM
 LOWEST     71           300 PM
 AVERAGE    86

..........................................................


THE SPRINGFIELD IL CLIMATE NORMALS FOR TODAY
                         NORMAL    RECORD    YEAR
 MAXIMUM TEMPERATURE (F)   35        73      1909
 MINIMUM TEMPERATURE (F)   19       -16      1936


SUNRISE AND SUNSET
JANUARY 23 2017.......SUNRISE   714 AM CST   SUNSET   508 PM CST
JANUARY 24 2017.......SUNRISE   713 AM CST   SUNSET   509 PM CST


-  INDICATES NEGATIVE NUMBERS.
R  INDICATES RECORD WAS SET OR TIED.
MM INDICATES DATA IS MISSING.
T  INDICATES TRACE AMOUNT.




$$
