000
CDUS44 KOUN 200628 RRA
CLISPS

CLIMATE REPORT
NATIONAL WEATHER SERVICE NORMAN OK
1227 AM CST MON FEB 20 2017


...................................

...THE WICHITA FALLS CLIMATE SUMMARY FOR FEBRUARY 19 2017...

CLIMATE NORMAL PERIOD 1981 TO 2010
CLIMATE RECORD PERIOD 1897 TO 2017


WEATHER ITEM   OBSERVED TIME   RECORD YEAR NORMAL DEPARTURE LAST
                VALUE   (LST)  VALUE       VALUE  FROM      YEAR
                                                  NORMAL
..................................................................
TEMPERATURE (F)
 YESTERDAY
  MAXIMUM         75   1123 AM  86    1986  59     16       78
  MINIMUM         51    351 AM  10    1978  34     17       54
  AVERAGE         63                        47     16       66

PRECIPITATION (IN)
  YESTERDAY        0.57          0.78 1983   0.07   0.50     0.00
  MONTH TO DATE    1.97                      1.09   0.88     0.01
  SINCE JAN 1      3.84                      2.23   1.61     0.44

SNOWFALL (IN)
  YESTERDAY        0.0                       0.0    0.0      0.0
  MONTH TO DATE    0.0                       0.5   -0.5      0.0
  SINCE JUL 1      T                         3.2   -3.2      2.6
  SNOW DEPTH       0

DEGREE DAYS
 HEATING
  YESTERDAY        2                        18    -16        0
  MONTH TO DATE  248                       384   -136      278
  SINCE JUL 1   1776                      2294   -518     1847
..................................................................


WIND (MPH)
  HIGHEST WIND SPEED    32   HIGHEST WIND DIRECTION     W (250)
  HIGHEST GUST SPEED    43   HIGHEST GUST DIRECTION    SW (240)
  AVERAGE WIND SPEED    11.0


SKY COVER
  AVERAGE SKY COVER 0.6


WEATHER CONDITIONS
 THE FOLLOWING WEATHER WAS RECORDED YESTERDAY.
  THUNDERSTORM
  HEAVY RAIN
  RAIN
  LIGHT RAIN
  FOG
  HAZE


RELATIVE HUMIDITY (PERCENT)
 HIGHEST   100           500 AM
 LOWEST     57          1200 PM
 AVERAGE    79

..........................................................


THE WICHITA FALLS CLIMATE NORMALS FOR TODAY
                         NORMAL    RECORD    YEAR
 MAXIMUM TEMPERATURE (F)   59        89      1976
 MINIMUM TEMPERATURE (F)   35        19      1955


SUNRISE AND SUNSET
FEBRUARY 20 2017......SUNRISE   713 AM CST   SUNSET   623 PM CST
FEBRUARY 21 2017......SUNRISE   712 AM CST   SUNSET   624 PM CST


-  INDICATES NEGATIVE NUMBERS.
R  INDICATES RECORD WAS SET OR TIED.
MM INDICATES DATA IS MISSING.
T  INDICATES TRACE AMOUNT.




$$
