000
CDUS44 KOUN 270647 RRA
CLISPS

CLIMATE REPORT
NATIONAL WEATHER SERVICE NORMAN OK
1244 AM CST THU NOV 27 2014

...................................

...THE WICHITA FALLS CLIMATE SUMMARY FOR NOVEMBER 26 2014...

CLIMATE NORMAL PERIOD 1981 TO 2010
CLIMATE RECORD PERIOD 1897 TO 2014


WEATHER ITEM   OBSERVED TIME   RECORD YEAR NORMAL DEPARTURE LAST
                VALUE   (LST)  VALUE       VALUE  FROM      YEAR
                                                  NORMAL
..................................................................
TEMPERATURE (F)
 YESTERDAY
  MAXIMUM         60    334 PM  83    1970  60      0       50
  MINIMUM         38   1159 PM  15    1993  36      2       27
  AVERAGE         49                        48      1       39

PRECIPITATION (IN)
  YESTERDAY        0.00          2.58 1968   0.05  -0.05     0.00
  MONTH TO DATE    4.24                      1.45   2.79     0.64
  SINCE JAN 1     22.82                     27.10  -4.28    20.04

SNOWFALL (IN)
  YESTERDAY        0.0                       0.0    0.0      0.0
  MONTH TO DATE    0.3                       0.2    0.1      0.2
  SINCE JUL 1      0.3                       0.2    0.1      0.2
  SNOW DEPTH       0

DEGREE DAYS
 HEATING
  YESTERDAY       16                        17     -1       26
  MONTH TO DATE  420                       309    111      369
  SINCE JUL 1    466                       435     31      471

 COOLING
  YESTERDAY        0                         0      0        0
  MONTH TO DATE    0                        10    -10        8
  SINCE JAN 1   2558                      2386    172     2628
..................................................................


WIND (MPH)
  HIGHEST WIND SPEED    21   HIGHEST WIND DIRECTION     N (350)
  HIGHEST GUST SPEED    27   HIGHEST GUST DIRECTION     N (340)
  AVERAGE WIND SPEED    10.9


SKY COVER
  AVERAGE SKY COVER 0.1


WEATHER CONDITIONS
 THE FOLLOWING WEATHER WAS RECORDED YESTERDAY.
  NO SIGNIFICANT WEATHER WAS OBSERVED.


RELATIVE HUMIDITY (PERCENT)
 HIGHEST    67           900 PM
 LOWEST     37           400 PM
 AVERAGE    52

..........................................................


THE WICHITA FALLS CLIMATE NORMALS FOR TODAY
                         NORMAL    RECORD    YEAR
 MAXIMUM TEMPERATURE (F)   60        82      1960
 MINIMUM TEMPERATURE (F)   35        20      1938


SUNRISE AND SUNSET
NOVEMBER 27 2014......SUNRISE   718 AM CST   SUNSET   525 PM CST
NOVEMBER 28 2014......SUNRISE   718 AM CST   SUNSET   525 PM CST


-  INDICATES NEGATIVE NUMBERS.
R  INDICATES RECORD WAS SET OR TIED.
MM INDICATES DATA IS MISSING.
T  INDICATES TRACE AMOUNT.




$$
