000
CDUS44 KOUN 190630
CLISPS

CLIMATE REPORT
NATIONAL WEATHER SERVICE NORMAN OK
1229 AM CST THU JAN 19 2017


...................................

...THE WICHITA FALLS CLIMATE SUMMARY FOR JANUARY 18 2017...

CLIMATE NORMAL PERIOD 1981 TO 2010
CLIMATE RECORD PERIOD 1897 TO 2017


WEATHER ITEM   OBSERVED TIME   RECORD YEAR NORMAL DEPARTURE LAST
                VALUE   (LST)  VALUE       VALUE  FROM      YEAR
                                                  NORMAL
..................................................................
TEMPERATURE (F)
 YESTERDAY
  MAXIMUM         52    352 PM  77    1933  54     -2       42
  MINIMUM         36    641 AM  -3    1930  30      6       19
  AVERAGE         44                        42      2       31

PRECIPITATION (IN)
  YESTERDAY        T             2.02 1968   0.04  -0.04     0.00
  MONTH TO DATE    1.87                      0.63   1.24     0.41
  SINCE JAN 1      1.87                      0.63   1.24     0.41

SNOWFALL (IN)
  YESTERDAY        0.0                       0.1   -0.1      0.0
  MONTH TO DATE    T                         0.9   -0.9      1.8
  SINCE JUL 1      T                         2.2   -2.2      2.6
  SNOW DEPTH       0

DEGREE DAYS
 HEATING
  YESTERDAY       21                        23     -2       34
  MONTH TO DATE  421                       422     -1      428
  SINCE JUL 1   1340                      1619   -279     1313
..................................................................


WIND (MPH)
  HIGHEST WIND SPEED    12   HIGHEST WIND DIRECTION     S (160)
  HIGHEST GUST SPEED    12   HIGHEST GUST DIRECTION     S (160)
  AVERAGE WIND SPEED     3.9


SKY COVER
  AVERAGE SKY COVER 0.8


WEATHER CONDITIONS
 THE FOLLOWING WEATHER WAS RECORDED YESTERDAY.
  LIGHT RAIN
  FOG
  FOG W/VISIBILITY <= 1/4 MILE


RELATIVE HUMIDITY (PERCENT)
 HIGHEST   100           700 AM
 LOWEST     83           400 PM
 AVERAGE    92

..........................................................


THE WICHITA FALLS CLIMATE NORMALS FOR TODAY
                         NORMAL    RECORD    YEAR
 MAXIMUM TEMPERATURE (F)   54        79      1951
 MINIMUM TEMPERATURE (F)   30         3      1943


SUNRISE AND SUNSET
JANUARY 19 2017.......SUNRISE   738 AM CST   SUNSET   552 PM CST
JANUARY 20 2017.......SUNRISE   737 AM CST   SUNSET   553 PM CST


-  INDICATES NEGATIVE NUMBERS.
R  INDICATES RECORD WAS SET OR TIED.
MM INDICATES DATA IS MISSING.
T  INDICATES TRACE AMOUNT.




$$
