000
CDUS44 KOUN 270632
CLISPS

CLIMATE REPORT
NATIONAL WEATHER SERVICE NORMAN OK
132 AM CDT WED AUG 27 2014


...................................

...THE WICHITA FALLS CLIMATE SUMMARY FOR AUGUST 26 2014...

CLIMATE NORMAL PERIOD 1981 TO 2010
CLIMATE RECORD PERIOD 1897 TO 2014


WEATHER ITEM   OBSERVED TIME   RECORD YEAR NORMAL DEPARTURE LAST
                VALUE   (LST)  VALUE       VALUE  FROM      YEAR
                                                  NORMAL
..................................................................
TEMPERATURE (F)
 YESTERDAY
  MAXIMUM        102    232 PM 107    2011  95      7       96
                                      2009
  MINIMUM         72    631 AM  54    1962  70      2       72
  AVERAGE         87                        83      4       84

PRECIPITATION (IN)
  YESTERDAY        0.00          2.57 1975   0.09  -0.09     0.00
  MONTH TO DATE    1.12                      2.03  -0.91     1.49
  SINCE JAN 1     14.89                     19.26  -4.37    15.48

DEGREE DAYS
 COOLING
  YESTERDAY       22                        18      4       19
  MONTH TO DATE  512                       504      8      509
  SINCE JAN 1   1902                      1860     42     1955
..................................................................


WIND (MPH)
  HIGHEST WIND SPEED    23   HIGHEST WIND DIRECTION    SE (120)
  HIGHEST GUST SPEED    26   HIGHEST GUST DIRECTION    SE (130)
  AVERAGE WIND SPEED     9.5


SKY COVER
  AVERAGE SKY COVER 0.1


WEATHER CONDITIONS
 THE FOLLOWING WEATHER WAS RECORDED YESTERDAY.
  NO SIGNIFICANT WEATHER WAS OBSERVED.


RELATIVE HUMIDITY (PERCENT)
 HIGHEST    73           600 AM
 LOWEST     26           300 PM
 AVERAGE    50

..........................................................


THE WICHITA FALLS CLIMATE NORMALS FOR TODAY
                         NORMAL    RECORD    YEAR
 MAXIMUM TEMPERATURE (F)   95       109      2011
 MINIMUM TEMPERATURE (F)   70        59      1962


SUNRISE AND SUNSET
AUGUST 27 2014........SUNRISE   704 AM CDT   SUNSET   806 PM CDT
AUGUST 28 2014........SUNRISE   705 AM CDT   SUNSET   805 PM CDT


-  INDICATES NEGATIVE NUMBERS.
R  INDICATES RECORD WAS SET OR TIED.
MM INDICATES DATA IS MISSING.
T  INDICATES TRACE AMOUNT.




$$
