000
CDUS44 KOUN 280640
CLISPS

OUNCLISPS 000
TTAA00 KOUN 280636


CLIMATE REPORT
NATIONAL WEATHER SERVICE NORMAN OK
136 AM CDT FRI APR 28 2017


...................................

...THE WICHITA FALLS CLIMATE SUMMARY FOR APRIL 27 2017...

CLIMATE NORMAL PERIOD 1981 TO 2010
CLIMATE RECORD PERIOD 1897 TO 2017


WEATHER ITEM   OBSERVED TIME   RECORD YEAR NORMAL DEPARTURE LAST
                VALUE   (LST)  VALUE       VALUE  FROM      YEAR
                                                  NORMAL
..................................................................
TEMPERATURE (F)
 YESTERDAY
  MAXIMUM         79    439 PM  95    2012  79      0       76
                                      1959
  MINIMUM         41    438 AM  39    1973  53    -12       53
  AVERAGE         60                        66     -6       65

PRECIPITATION (IN)
  YESTERDAY        0.00          3.33 1900   0.11  -0.11     0.00
  MONTH TO DATE    0.91                      2.26  -1.35     7.30
  SINCE JAN 1      5.63                      7.35  -1.72    10.35

DEGREE DAYS
 HEATING
  YESTERDAY        5                         3      2        0
  MONTH TO DATE   83                       137    -54       78
  SINCE JUL 1   2131                      2940   -809     2268

 COOLING
  YESTERDAY        0                         3     -3        0
  MONTH TO DATE   68                        58     10       38
  SINCE JAN 1    143                        80     63       59
..................................................................


WIND (MPH)
  HIGHEST WIND SPEED    29   HIGHEST WIND DIRECTION    SE (140)
  HIGHEST GUST SPEED    37   HIGHEST GUST DIRECTION    SE (140)
  AVERAGE WIND SPEED    14.4


SKY COVER
  AVERAGE SKY COVER 0.2


WEATHER CONDITIONS
 THE FOLLOWING WEATHER WAS RECORDED YESTERDAY.
  HAZE


RELATIVE HUMIDITY (PERCENT)
 HIGHEST    89           500 AM
 LOWEST     30           400 PM
 AVERAGE    60

..........................................................


THE WICHITA FALLS CLIMATE NORMALS FOR TODAY
                         NORMAL    RECORD    YEAR
 MAXIMUM TEMPERATURE (F)   79        92      1933
 MINIMUM TEMPERATURE (F)   54        39      1979


SUNRISE AND SUNSET
APRIL 28 2017.........SUNRISE   648 AM CDT   SUNSET   816 PM CDT
APRIL 29 2017.........SUNRISE   647 AM CDT   SUNSET   816 PM CDT


-  INDICATES NEGATIVE NUMBERS.
R  INDICATES RECORD WAS SET OR TIED.
MM INDICATES DATA IS MISSING.
T  INDICATES TRACE AMOUNT.




$$
