649
CDUS42 KTBW 072217
CLISRQ


CLIMATE REPORT
NATIONAL WEATHER SERVICE TAMPA BAY FL
516 PM EST WED DEC 7 2016


...................................

...THE SARASOTA BRADENTON CLIMATE SUMMARY FOR DECEMBER 7 2016...
VALID TODAY AS OF 0500 PM LOCAL TIME.

CLIMATE NORMAL PERIOD 1981 TO 2010
CLIMATE RECORD PERIOD 1911 TO 2016


WEATHER ITEM   OBSERVED TIME   RECORD YEAR NORMAL DEPARTURE LAST
                VALUE   (LST)  VALUE       VALUE  FROM      YEAR
                                                  NORMAL
..................................................................
TEMPERATURE (F)
 TODAY
  MAXIMUM         76    123 PM  86    1972  75      1       75
  MINIMUM         59    555 AM  30    1937  55      4       60
  AVERAGE         68                        65      3       68

PRECIPITATION (IN)
  TODAY            0.00          1.58 1950   0.07  -0.07     0.00
  MONTH TO DATE    1.18                      0.47   0.71     0.77
  SINCE DEC 1      1.18                      0.47   0.71     0.77
  SINCE JAN 1     49.04                     50.95  -1.91    39.13

DEGREE DAYS
 HEATING
  TODAY            0                         3     -3        0
  MONTH TO DATE    0                        18    -18        0
  SINCE DEC 1      0                        18    -18        0
  SINCE JUL 1     11                        51    -40        4

 COOLING
  TODAY            3                         3      0        3
  MONTH TO DATE   47                        21     26       52
  SINCE DEC 1     47                        21     26       52
  SINCE JAN 1   4073                      3321    752     3896
..................................................................


WIND (MPH)
  RESULTANT WIND SPEED   3   RESULTANT WIND DIRECTION  NW (310)
  HIGHEST WIND SPEED    14   HIGHEST WIND DIRECTION    NW (310)
  HIGHEST GUST SPEED    17   HIGHEST GUST DIRECTION    NW (310)
  AVERAGE WIND SPEED     5.4


SKY COVER
  POSSIBLE SUNSHINE  MM
  AVERAGE SKY COVER 0.2


WEATHER CONDITIONS
 THE FOLLOWING WEATHER WAS RECORDED TODAY.
  FOG
  FOG W/VISIBILITY <= 1/4 MILE


RELATIVE HUMIDITY (PERCENT)
 HIGHEST   100           200 AM
 LOWEST     64          1200 PM

..........................................................


THE SARASOTA BRADENTON CLIMATE NORMALS FOR TOMORROW
                         NORMAL    RECORD    YEAR
 MAXIMUM TEMPERATURE (F)   75        87      1978
 MINIMUM TEMPERATURE (F)   55        30      1937


SUNRISE AND SUNSET
DECEMBER  7 2016......SUNRISE   708 AM EST   SUNSET   536 PM EST
DECEMBER  8 2016......SUNRISE   708 AM EST   SUNSET   536 PM EST


-  INDICATES NEGATIVE NUMBERS.
R  INDICATES RECORD WAS SET OR TIED.
MM INDICATES DATA IS MISSING.
T  INDICATES TRACE AMOUNT.




$$


&&
------------------------------------------------------------------
******************** SUPPLEMENTAL DATA ***************************

...GULF WATER TEMPERATURE AT VENICE 73 DEGREES
