000
CDUS42 KTBW 262115
CLISRQ


CLIMATE REPORT
NATIONAL WEATHER SERVICE TAMPA BAY FL
512 PM EDT THU MAR 26 2015


...................................

...THE SARASOTA BRADENTON CLIMATE SUMMARY FOR MARCH 26 2015...
VALID TODAY AS OF 0500 PM LOCAL TIME.

CLIMATE NORMAL PERIOD 1981 TO 2010
CLIMATE RECORD PERIOD 1911 TO 2015


WEATHER ITEM   OBSERVED TIME   RECORD YEAR NORMAL DEPARTURE LAST
                VALUE   (LST)  VALUE       VALUE  FROM      YEAR
                                                  NORMAL
..................................................................
TEMPERATURE (F)
 TODAY
  MAXIMUM         84   1209 PM  88    2007  78      6       67
                                      1997
  MINIMUM         65    331 AM  41    1956  59      6       48
  AVERAGE         75                        68      7       58

PRECIPITATION (IN)
  TODAY            0.00          1.98 1970   0.12  -0.12     0.00
  MONTH TO DATE    0.25                      3.25  -3.00     5.96
  SINCE MAR 1      0.25                      3.25  -3.00     5.96
  SINCE JAN 1      5.13                      8.44  -3.31     9.58

DEGREE DAYS
 HEATING
  TODAY            0                         1     -1        7
  MONTH TO DATE    0                        45    -45       29
  SINCE MAR 1      0                        45    -45       29
  SINCE JUL 1    457                       463     -6      337

 COOLING
  TODAY           10                         4      6        0
  MONTH TO DATE  214                        82    132       71
  SINCE MAR 1    214                        82    132       71
  SINCE JAN 1    283                       186     97      187
..................................................................


WIND (MPH)
  RESULTANT WIND SPEED   9   RESULTANT WIND DIRECTION   S (170)
  HIGHEST WIND SPEED    23   HIGHEST WIND DIRECTION     S (180)
  HIGHEST GUST SPEED    29   HIGHEST GUST DIRECTION     S (200)
  AVERAGE WIND SPEED    10.6


SKY COVER
  POSSIBLE SUNSHINE  MM
  AVERAGE SKY COVER 0.4


WEATHER CONDITIONS
 THE FOLLOWING WEATHER WAS RECORDED TODAY.
  NO SIGNIFICANT WEATHER WAS OBSERVED.


RELATIVE HUMIDITY (PERCENT)
 HIGHEST   100           500 AM
 LOWEST     51          1100 AM

..........................................................


THE SARASOTA BRADENTON CLIMATE NORMALS FOR TOMORROW
                         NORMAL    RECORD    YEAR
 MAXIMUM TEMPERATURE (F)   78        90      1994
 MINIMUM TEMPERATURE (F)   59        40      1979


SUNRISE AND SUNSET
MARCH 26 2015.........SUNRISE   728 AM EDT   SUNSET   745 PM EDT
MARCH 27 2015.........SUNRISE   727 AM EDT   SUNSET   745 PM EDT


-  INDICATES NEGATIVE NUMBERS.
R  INDICATES RECORD WAS SET OR TIED.
MM INDICATES DATA IS MISSING.
T  INDICATES TRACE AMOUNT.




$$


&&
------------------------------------------------------------------
******************** SUPPLEMENTAL DATA ***************************

...GULF WATER TEMPERATURE AT NEW PASS 76
