000
CDUS42 KTBW 020829
CLISRQ


CLIMATE REPORT
NATIONAL WEATHER SERVICE TAMPA BAY FL
427 AM EDT SUN AUG 2 2015


...................................

...THE SARASOTA BRADENTON CLIMATE SUMMARY FOR AUGUST 1 2015...

CLIMATE NORMAL PERIOD 1981 TO 2010
CLIMATE RECORD PERIOD 1911 TO 2015


WEATHER ITEM   OBSERVED TIME   RECORD YEAR NORMAL DEPARTURE LAST
                VALUE   (LST)  VALUE       VALUE  FROM      YEAR
                                                  NORMAL
..................................................................
TEMPERATURE (F)
 YESTERDAY
  MAXIMUM         88   1149 AM 101    1972  90     -2       94
  MINIMUM         72    927 PM  65    1968  75     -3       74
  AVERAGE         80                        82     -2       84

PRECIPITATION (IN)
  YESTERDAY        0.48          2.02 2003   0.28   0.20     0.00
  MONTH TO DATE    0.48                      0.28   0.20     0.00
  SINCE JUN 1     11.02                     15.77  -4.75     9.13
  SINCE JAN 1     23.34                     29.47  -6.13    27.51

DEGREE DAYS
 HEATING
  YESTERDAY        0                         0      0        0
  MONTH TO DATE    0                         0      0        0
  SINCE JUN 1      0                         0      0        0
  SINCE JUL 1      0                         0      0        0

 COOLING
  YESTERDAY       15                        17     -2       19
  MONTH TO DATE   15                        17     -2       19
  SINCE JUN 1   1063                      1028     35     1126
  SINCE JAN 1   2103                      1779    324     1938
..................................................................


WIND (MPH)
  HIGHEST WIND SPEED    24   HIGHEST WIND DIRECTION     W (280)
  HIGHEST GUST SPEED    31   HIGHEST GUST DIRECTION     W (290)
  AVERAGE WIND SPEED     8.8


SKY COVER
  POSSIBLE SUNSHINE  MM
  AVERAGE SKY COVER 0.5


WEATHER CONDITIONS
 THE FOLLOWING WEATHER WAS RECORDED YESTERDAY.
  HEAVY RAIN
  RAIN
  LIGHT RAIN
  FOG


RELATIVE HUMIDITY (PERCENT)
 HIGHEST   100           500 AM
 LOWEST     68           100 PM

..........................................................


THE SARASOTA BRADENTON CLIMATE NORMALS FOR TODAY
                         NORMAL    RECORD    YEAR
 MAXIMUM TEMPERATURE (F)   90        96      2014
                                             1986
 MINIMUM TEMPERATURE (F)   75        64      1976


SUNRISE AND SUNSET
AUGUST  2 2015........SUNRISE   654 AM EDT   SUNSET   818 PM EDT
AUGUST  3 2015........SUNRISE   655 AM EDT   SUNSET   818 PM EDT


-  INDICATES NEGATIVE NUMBERS.
R  INDICATES RECORD WAS SET OR TIED.
MM INDICATES DATA IS MISSING.
T  INDICATES TRACE AMOUNT.




$$


&&
------------------------------------------------------------------
******************** SUPPLEMENTAL DATA ***************************

...GULF WATER TEMPERATURE AT NEW PASS 84
