000
CDUS42 KTBW 220931
CLISRQ


CLIMATE REPORT
NATIONAL WEATHER SERVICE TAMPA BAY FL
429 AM EST WED NOV 22 2017


...................................

...THE SARASOTA BRADENTON CLIMATE SUMMARY FOR NOVEMBER 21 2017...

CLIMATE NORMAL PERIOD 1981 TO 2010
CLIMATE RECORD PERIOD 1911 TO 2017


WEATHER ITEM   OBSERVED TIME   RECORD YEAR NORMAL DEPARTURE LAST
                VALUE   (LST)  VALUE       VALUE  FROM      YEAR
                                                  NORMAL
..................................................................
TEMPERATURE (F)
 YESTERDAY
  MAXIMUM         77    332 PM  89    1988  78     -1       71
  MINIMUM         63    221 AM  33    1914  58      5       46
  AVERAGE         70                        68      2       59

PRECIPITATION (IN)
  YESTERDAY        0.00          1.05 1983   0.06  -0.06     0.00
  MONTH TO DATE    0.04                      1.35  -1.31     0.01
  SINCE SEP 1     14.47                     11.57   2.90     8.13
  SINCE JAN 1     63.98                     49.90  14.08    47.85

DEGREE DAYS
 HEATING
  YESTERDAY        0                         1     -1        6
  MONTH TO DATE    0                        11    -11       10
  SINCE SEP 1     13                        14     -1       10
  SINCE JUL 1     13                        14     -1       10

 COOLING
  YESTERDAY        5                         4      1        0
  MONTH TO DATE  139                       121     18      164
  SINCE SEP 1    999                       968     31     1186
  SINCE JAN 1   3658                      3265    393     3965
..................................................................


WIND (MPH)
  HIGHEST WIND SPEED    20   HIGHEST WIND DIRECTION     E (110)
  HIGHEST GUST SPEED    23   HIGHEST GUST DIRECTION     E (100)
  AVERAGE WIND SPEED     8.3


SKY COVER
  POSSIBLE SUNSHINE  MM
  AVERAGE SKY COVER 0.3


WEATHER CONDITIONS
 THE FOLLOWING WEATHER WAS RECORDED YESTERDAY.
  NO SIGNIFICANT WEATHER WAS OBSERVED.


RELATIVE HUMIDITY (PERCENT)
 HIGHEST   100           900 PM
 LOWEST     73           900 AM

..........................................................


THE SARASOTA BRADENTON CLIMATE NORMALS FOR TODAY
                         NORMAL    RECORD    YEAR
 MAXIMUM TEMPERATURE (F)   78        87      1998
                                             1992
                                             1942
 MINIMUM TEMPERATURE (F)   58        31      1928


SUNRISE AND SUNSET
NOVEMBER 22 2017......SUNRISE   656 AM EST   SUNSET   536 PM EST
NOVEMBER 23 2017......SUNRISE   657 AM EST   SUNSET   536 PM EST


-  INDICATES NEGATIVE NUMBERS.
R  INDICATES RECORD WAS SET OR TIED.
MM INDICATES DATA IS MISSING.
T  INDICATES TRACE AMOUNT.




$$


&&
------------------------------------------------------------------
******************** SUPPLEMENTAL DATA ***************************

...GULF WATER TEMPERATURE AT VENICE 71 DEGREES
