000
CDUS42 KTBW 212233
CLISRQ


CLIMATE REPORT
NATIONAL WEATHER SERVICE TAMPA BAY FL
530 PM EST SAT JAN 21 2017


...................................

...THE SARASOTA BRADENTON CLIMATE SUMMARY FOR JANUARY 21 2017...
VALID TODAY AS OF 0500 PM LOCAL TIME.

CLIMATE NORMAL PERIOD 1981 TO 2010
CLIMATE RECORD PERIOD 1911 TO 2017


WEATHER ITEM   OBSERVED TIME   RECORD YEAR NORMAL DEPARTURE LAST
                VALUE   (LST)  VALUE       VALUE  FROM      YEAR
                                                  NORMAL
..................................................................
TEMPERATURE (F)
 TODAY
  MAXIMUM         79    107 PM  86    1990  71      8       72
  MINIMUM         61    713 AM  23    1971  52      9       45
  AVERAGE         70                        61      9       59

PRECIPITATION (IN)
  TODAY            0.00          1.47 1957   0.06  -0.06     0.00
  MONTH TO DATE    1.31                      1.92  -0.61     2.47
  SINCE DEC 1      2.56                      4.45  -1.89     3.76
  SINCE JAN 1      1.31                      1.92  -0.61     2.47

DEGREE DAYS
 HEATING
  TODAY            0                         5     -5        6
  MONTH TO DATE   41                       114    -73      102
  SINCE DEC 1     65                       236   -171      109
  SINCE JUL 1     76                       269   -193      113

 COOLING
  TODAY            5                         2      3        0
  MONTH TO DATE   68                        42     26       22
  SINCE DEC 1    231                       116    115      281
  SINCE JAN 1     68                        42     26       22
..................................................................


WIND (MPH)
  RESULTANT WIND SPEED  10   RESULTANT WIND DIRECTION   S (170)
  HIGHEST WIND SPEED    24   HIGHEST WIND DIRECTION     S (190)
  HIGHEST GUST SPEED    31   HIGHEST GUST DIRECTION     S (190)
  AVERAGE WIND SPEED    11.0


SKY COVER
  POSSIBLE SUNSHINE  MM
  AVERAGE SKY COVER 0.0


WEATHER CONDITIONS
 THE FOLLOWING WEATHER WAS RECORDED TODAY.
  FOG


RELATIVE HUMIDITY (PERCENT)
 HIGHEST   100           100 AM
 LOWEST     60          1200 PM

..........................................................


THE SARASOTA BRADENTON CLIMATE NORMALS FOR TOMORROW
                         NORMAL    RECORD    YEAR
 MAXIMUM TEMPERATURE (F)   71        85      2006
 MINIMUM TEMPERATURE (F)   52        27      1985


SUNRISE AND SUNSET
JANUARY 21 2017.......SUNRISE   720 AM EST   SUNSET   603 PM EST
JANUARY 22 2017.......SUNRISE   720 AM EST   SUNSET   604 PM EST


-  INDICATES NEGATIVE NUMBERS.
R  INDICATES RECORD WAS SET OR TIED.
MM INDICATES DATA IS MISSING.
T  INDICATES TRACE AMOUNT.




$$


&&
------------------------------------------------------------------
******************** SUPPLEMENTAL DATA ***************************

...GULF WATER TEMPERATURE AT VENICE 71 DEGREES
