000
CDUS42 KTBW 012218
CLISRQ


CLIMATE REPORT
NATIONAL WEATHER SERVICE TAMPA BAY FL
514 PM EST SUN FEB 1 2015


...................................

...THE SARASOTA BRADENTON CLIMATE SUMMARY FOR FEBRUARY 1 2015...
VALID TODAY AS OF 0500 PM LOCAL TIME.

CLIMATE NORMAL PERIOD 1981 TO 2010
CLIMATE RECORD PERIOD 1911 TO 2015


WEATHER ITEM   OBSERVED TIME   RECORD YEAR NORMAL DEPARTURE LAST
                VALUE   (LST)  VALUE       VALUE  FROM      YEAR
                                                  NORMAL
..................................................................
TEMPERATURE (F)
 TODAY
  MAXIMUM         76    244 PM  85    1991  72      4       81
  MINIMUM         50    736 AM  32    1936  53     -3       63
  AVERAGE         63                        62      1       72

PRECIPITATION (IN)
  TODAY            0.00          2.00 1972   0.05  -0.05     0.01
  MONTH TO DATE    0.00                      0.05  -0.05     0.01
  SINCE DEC 1      1.54                      5.07  -3.53     2.32
  SINCE JAN 1      1.07                      2.54  -1.47     2.11

DEGREE DAYS
 HEATING
  TODAY            2                         4     -2        0
  MONTH TO DATE    2                         4     -2        0
  SINCE DEC 1    223                       291    -68      235
  SINCE JUL 1    308                       324    -16      253

 COOLING
  TODAY            0                         1     -1        7
  MONTH TO DATE    0                         1     -1        7
  SINCE DEC 1    148                       127     21      195
  SINCE JAN 1     59                        53      6       38
..................................................................


WIND (MPH)
  RESULTANT WIND SPEED   9   RESULTANT WIND DIRECTION  SE (130)
  HIGHEST WIND SPEED    22   HIGHEST WIND DIRECTION    SE (140)
  HIGHEST GUST SPEED    29   HIGHEST GUST DIRECTION    SE (140)
  AVERAGE WIND SPEED    11.4


SKY COVER
  POSSIBLE SUNSHINE  MM
  AVERAGE SKY COVER 0.0


WEATHER CONDITIONS
 THE FOLLOWING WEATHER WAS RECORDED TODAY.
  NO SIGNIFICANT WEATHER WAS OBSERVED.


RELATIVE HUMIDITY (PERCENT)
 HIGHEST    89           600 AM
 LOWEST     41           100 PM

..........................................................


THE SARASOTA BRADENTON CLIMATE NORMALS FOR TOMORROW
                         NORMAL    RECORD    YEAR
 MAXIMUM TEMPERATURE (F)   72        84      2006
                                             1983
 MINIMUM TEMPERATURE (F)   53        31      1980


SUNRISE AND SUNSET
FEBRUARY  1 2015......SUNRISE   716 AM EST   SUNSET   611 PM EST
FEBRUARY  2 2015......SUNRISE   716 AM EST   SUNSET   612 PM EST


-  INDICATES NEGATIVE NUMBERS.
R  INDICATES RECORD WAS SET OR TIED.
MM INDICATES DATA IS MISSING.
T  INDICATES TRACE AMOUNT.




$$


&&
------------------------------------------------------------------
******************** SUPPLEMENTAL DATA ***************************

...GULF WATER TEMPERATURE AT NEW PASS 63
