044
CDUS42 KTBW 302119
CLISRQ


CLIMATE REPORT
NATIONAL WEATHER SERVICE TAMPA BAY FL
517 PM EDT FRI SEP 30 2016


...................................

...THE SARASOTA BRADENTON CLIMATE SUMMARY FOR SEPTEMBER 30 2016...
VALID TODAY AS OF 0500 PM LOCAL TIME.

CLIMATE NORMAL PERIOD 1981 TO 2010
CLIMATE RECORD PERIOD 1911 TO 2016


WEATHER ITEM   OBSERVED TIME   RECORD YEAR NORMAL DEPARTURE LAST
                VALUE   (LST)  VALUE       VALUE  FROM      YEAR
                                                  NORMAL
..................................................................
TEMPERATURE (F)
 TODAY
  MAXIMUM         90   1223 PM  94    1958  88      2       89
  MINIMUM         76    643 AM  58    1970  72      4       77
  AVERAGE         83                        80      3       83

PRECIPITATION (IN)
  TODAY            T             0.75 1990   0.14  -0.14     0.00
  MONTH TO DATE    5.48                      7.10  -1.62     8.40
  SINCE SEP 1      5.48                      7.10  -1.62     8.40
  SINCE JAN 1     45.20                     45.43  -0.23    35.73

DEGREE DAYS
 HEATING
  TODAY            0                         0      0        0
  MONTH TO DATE    0                         0      0        0
  SINCE SEP 1      0                         0      0        0
  SINCE JUL 1      0                         0      0        0

 COOLING
  TODAY           18                        15      3       18
  MONTH TO DATE  575                       492     83      503
  SINCE SEP 1    575                       492     83      503
  SINCE JAN 1   3354                      2789    565     3138
..................................................................


WIND (MPH)
  RESULTANT WIND SPEED   5   RESULTANT WIND DIRECTION   S (200)
  HIGHEST WIND SPEED    18   HIGHEST WIND DIRECTION     S (170)
  HIGHEST GUST SPEED    22   HIGHEST GUST DIRECTION     S (170)
  AVERAGE WIND SPEED     6.1


SKY COVER
  POSSIBLE SUNSHINE  MM
  AVERAGE SKY COVER 0.3


WEATHER CONDITIONS
 THE FOLLOWING WEATHER WAS RECORDED TODAY.
  THUNDERSTORM
  LIGHT RAIN


RELATIVE HUMIDITY (PERCENT)
 HIGHEST    88          1200 AM
 LOWEST     56           200 PM

..........................................................


THE SARASOTA BRADENTON CLIMATE NORMALS FOR TOMORROW
                         NORMAL    RECORD    YEAR
 MAXIMUM TEMPERATURE (F)   88        94      2005
 MINIMUM TEMPERATURE (F)   72        53      1920


SUNRISE AND SUNSET
SEPTEMBER 30 2016.....SUNRISE   723 AM EDT   SUNSET   717 PM EDT
OCTOBER  1 2016.......SUNRISE   723 AM EDT   SUNSET   716 PM EDT


-  INDICATES NEGATIVE NUMBERS.
R  INDICATES RECORD WAS SET OR TIED.
MM INDICATES DATA IS MISSING.
T  INDICATES TRACE AMOUNT.




$$


&&
------------------------------------------------------------------
******************** SUPPLEMENTAL DATA ***************************

...GULF WATER TEMPERATURE AT VENICE 87 DEGREES
