000
CDUS42 KTBW 232118
CLISRQ


CLIMATE REPORT
NATIONAL WEATHER SERVICE TAMPA BAY FL
516 PM EDT TUE MAY 23 2017


...................................

...THE SARASOTA BRADENTON CLIMATE SUMMARY FOR MAY 23 2017...
VALID TODAY AS OF 0500 PM LOCAL TIME.

CLIMATE NORMAL PERIOD 1981 TO 2010
CLIMATE RECORD PERIOD 1911 TO 2017


WEATHER ITEM   OBSERVED TIME   RECORD YEAR NORMAL DEPARTURE LAST
                VALUE   (LST)  VALUE       VALUE  FROM      YEAR
                                                  NORMAL
..................................................................
TEMPERATURE (F)
 TODAY
  MAXIMUM         88    119 PM  96    1959  87      1       87
                                      1938
  MINIMUM         75    621 AM  57    1981  69      6       75
                                      1941
                                      1919
  AVERAGE         82                        78      4       81

PRECIPITATION (IN)
  TODAY            0.00          1.03 2001   0.08  -0.08      T
  MONTH TO DATE    4.59                      1.47   3.12     4.77
  SINCE MAR 1      5.33                      7.77  -2.44     6.60
  SINCE JAN 1      7.82                     12.96  -5.14    12.28

DEGREE DAYS
 HEATING
  TODAY            0                         0      0        0
  MONTH TO DATE    0                         0      0        0
  SINCE MAR 1     54                        59     -5       14
  SINCE JUL 1    202                       477   -275      320

 COOLING
  TODAY           17                        13      4       16
  MONTH TO DATE  330                       247     83      296
  SINCE MAR 1    755                       540    215      776
  SINCE JAN 1    929                       644    285      842
..................................................................


WIND (MPH)
  RESULTANT WIND SPEED  11   RESULTANT WIND DIRECTION   S (190)
  HIGHEST WIND SPEED    21   HIGHEST WIND DIRECTION     S (190)
  HIGHEST GUST SPEED    26   HIGHEST GUST DIRECTION     S (200)
  AVERAGE WIND SPEED    12.1


SKY COVER
  POSSIBLE SUNSHINE  MM
  AVERAGE SKY COVER 0.5


WEATHER CONDITIONS
 THE FOLLOWING WEATHER WAS RECORDED TODAY.
  NO SIGNIFICANT WEATHER WAS OBSERVED.


RELATIVE HUMIDITY (PERCENT)
 HIGHEST    87           300 AM
 LOWEST     65          1000 AM

..........................................................


THE SARASOTA BRADENTON CLIMATE NORMALS FOR TOMORROW
                         NORMAL    RECORD    YEAR
 MAXIMUM TEMPERATURE (F)   87        95      2012
                                             1939
                                             1929
 MINIMUM TEMPERATURE (F)   69        55      1971


SUNRISE AND SUNSET
MAY 23 2017...........SUNRISE   638 AM EDT   SUNSET   816 PM EDT
MAY 24 2017...........SUNRISE   637 AM EDT   SUNSET   817 PM EDT


-  INDICATES NEGATIVE NUMBERS.
R  INDICATES RECORD WAS SET OR TIED.
MM INDICATES DATA IS MISSING.
T  INDICATES TRACE AMOUNT.




$$


&&
------------------------------------------------------------------
******************** SUPPLEMENTAL DATA ***************************

...GULF WATER TEMPERATURE AT VENICE 85 DEGREES
