000
CDUS42 KJAX 262232
CLISSI


CLIMATE REPORT
NATIONAL WEATHER SERVICE JACKSONVILLE FL
532 PM EST THU FEB 26 2015


...................................

...THE ST SIMONS ISLAND CLIMATE SUMMARY FOR FEBRUARY 26 2015...
VALID TODAY AS OF 0500 PM LOCAL TIME.

CLIMATE NORMAL PERIOD 1981 TO 2010
CLIMATE RECORD PERIOD 1948 TO 2015


WEATHER ITEM   OBSERVED TIME   RECORD YEAR NORMAL DEPARTURE LAST
                VALUE   (LST)  VALUE       VALUE  FROM      YEAR
                                                  NORMAL
..................................................................
TEMPERATURE (F)
 TODAY
  MAXIMUM         62    230 AM  83    1972  65     -3       60
  MINIMUM         44    933 AM  20    1967  48     -4       47
  AVERAGE         53                        56     -3       54

PRECIPITATION (IN)
  TODAY            0.75          1.39 1958   0.13   0.62     0.44
  MONTH TO DATE    2.68                      3.22  -0.54     1.88
  SINCE DEC 1      7.03                      9.08  -2.05     8.35
  SINCE JAN 1      5.71                      6.44  -0.73     6.47

SNOWFALL (IN)
  TODAY           MM             0.0    MM                   0.0
  MONTH TO DATE    0.0                                       0.0
  SINCE DEC 1      0.0                                        T
  SINCE JUL 1      0.0                                        T

DEGREE DAYS
 HEATING
  TODAY           12                         9      3       11
  MONTH TO DATE  402                       284    118      245
  SINCE DEC 1   1059                      1055      4     1005
  SINCE JUL 1   1345                      1235    110     1195

 COOLING
  TODAY            0                         0      0        0
  MONTH TO DATE    0                         0      0        8
  SINCE DEC 1     12                        16     -4       26
  SINCE JAN 1      6                         3      3        8
..................................................................


WIND (MPH)
  HIGHEST WIND SPEED    18   HIGHEST WIND DIRECTION    SW (240)
  HIGHEST GUST SPEED    31   HIGHEST GUST DIRECTION     S (190)
  AVERAGE WIND SPEED    11.1


SKY COVER
  POSSIBLE SUNSHINE  MM
  AVERAGE SKY COVER 0.8


WEATHER CONDITIONS
 THE FOLLOWING WEATHER WAS RECORDED TODAY.
  THUNDERSTORM
  HEAVY RAIN
  RAIN
  LIGHT RAIN
  FOG


RELATIVE HUMIDITY (PERCENT)
 HIGHEST   100          1200 AM
 LOWEST     59           200 PM
 AVERAGE    80

..........................................................


THE ST SIMONS ISLAND CLIMATE NORMALS FOR TOMORROW
                         NORMAL    RECORD    YEAR
 MAXIMUM TEMPERATURE (F)   65        81      1971
 MINIMUM TEMPERATURE (F)   48        28      1974


SUNRISE AND SUNSET
FEBRUARY 26 2015......SUNRISE   656 AM EST   SUNSET   621 PM EST
FEBRUARY 27 2015......SUNRISE   655 AM EST   SUNSET   622 PM EST


-  INDICATES NEGATIVE NUMBERS.
R  INDICATES RECORD WAS SET OR TIED.
MM INDICATES DATA IS MISSING.
T  INDICATES TRACE AMOUNT.




$$
