000
CDUS42 KJAX 240529
CLISSI


CLIMATE REPORT
NATIONAL WEATHER SERVICE JACKSONVILLE FL
129 AM EDT SAT JUN 24 2017


...................................

...THE ST SIMONS ISLAND CLIMATE SUMMARY FOR JUNE 23 2017...

CLIMATE NORMAL PERIOD 1981 TO 2010
CLIMATE RECORD PERIOD 1948 TO 2017


WEATHER ITEM   OBSERVED TIME   RECORD YEAR NORMAL DEPARTURE LAST
                VALUE   (LST)  VALUE       VALUE  FROM      YEAR
                                                  NORMAL
..................................................................
TEMPERATURE (F)
 YESTERDAY
  MAXIMUM         88    233 PM  96    1950  89     -1       93
  MINIMUM         79    616 AM  65    1972  74      5       73
  AVERAGE         84                        81      3       83

PRECIPITATION (IN)
  YESTERDAY        0.00          1.79 1992   0.17  -0.17     0.00
  MONTH TO DATE    3.44                      3.76  -0.32     3.23
  SINCE JUN 1      3.44                      3.76  -0.32     3.23
  SINCE JAN 1     15.58                     18.68  -3.10    16.26

SNOWFALL (IN)
  YESTERDAY        0.0           0.0    MM                   0.0
  MONTH TO DATE    0.0                                       0.0
  SINCE JUN 1      0.0                                       0.0
  SINCE JUL 1      0.0                                       0.0
  SNOW DEPTH       0

DEGREE DAYS
 HEATING
  YESTERDAY        0                         0      0        0
  MONTH TO DATE    0                         0      0        0
  SINCE JUN 1      0                         0      0        0
  SINCE JUL 1    781                      1488   -707     1021

 COOLING
  YESTERDAY       19                        16      3       18
  MONTH TO DATE  339                       342     -3      387
  SINCE JUN 1    339                       342     -3      387
  SINCE JAN 1   1047                       784    263      911
..................................................................


WIND (MPH)
  HIGHEST WIND SPEED    18   HIGHEST WIND DIRECTION    SE (140)
  HIGHEST GUST SPEED    25   HIGHEST GUST DIRECTION     S (180)
  AVERAGE WIND SPEED    11.5


SKY COVER
  POSSIBLE SUNSHINE  MM
  AVERAGE SKY COVER 0.1


WEATHER CONDITIONS
 THE FOLLOWING WEATHER WAS RECORDED YESTERDAY.
  NO SIGNIFICANT WEATHER WAS OBSERVED.


RELATIVE HUMIDITY (PERCENT)
 HIGHEST    85           300 AM
 LOWEST     65          1000 AM
 AVERAGE    75

..........................................................


THE ST SIMONS ISLAND CLIMATE NORMALS FOR TODAY
                         NORMAL    RECORD    YEAR
 MAXIMUM TEMPERATURE (F)   89       102      1950
 MINIMUM TEMPERATURE (F)   74        63      1990


SUNRISE AND SUNSET
JUNE 24 2017..........SUNRISE   623 AM EDT   SUNSET   833 PM EDT
JUNE 25 2017..........SUNRISE   623 AM EDT   SUNSET   833 PM EDT


-  INDICATES NEGATIVE NUMBERS.
R  INDICATES RECORD WAS SET OR TIED.
MM INDICATES DATA IS MISSING.
T  INDICATES TRACE AMOUNT.




$$
