000
CDUS42 KJAX 070532
CLISSI


CLIMATE REPORT
NATIONAL WEATHER SERVICE JACKSONVILLE FL
132 AM EDT TUE JUL 7 2015


...................................

...THE ST SIMONS ISLAND CLIMATE SUMMARY FOR JULY 6 2015...

CLIMATE NORMAL PERIOD 1981 TO 2010
CLIMATE RECORD PERIOD 1948 TO 2015


WEATHER ITEM   OBSERVED TIME   RECORD YEAR NORMAL DEPARTURE LAST
                VALUE   (LST)  VALUE       VALUE  FROM      YEAR
                                                  NORMAL
..................................................................
TEMPERATURE (F)
 YESTERDAY
  MAXIMUM         86    110 PM  99    1980  90     -4       84
  MINIMUM         70    633 AM  67    1975  75     -5       75
  AVERAGE         78                        82     -4       80

PRECIPITATION (IN)
  YESTERDAY        0.01          1.26 2006   0.13  -0.12      T
  MONTH TO DATE    0.66                      0.77  -0.11     0.18
  SINCE JUN 1      4.68                      5.61  -0.93     4.94
  SINCE JAN 1     18.80                     20.53  -1.73    23.43

SNOWFALL (IN)
  YESTERDAY        0.0           0.0    MM                   0.0
  MONTH TO DATE    0.0                                       0.0
  SINCE JUN 1      0.0                                       0.0
  SINCE JUL 1      0.0                                       0.0
  SNOW DEPTH       0

DEGREE DAYS
 HEATING
  YESTERDAY        0                         0      0        0
  MONTH TO DATE    0                         0      0        0
  SINCE JUN 1      0                         0      0        0
  SINCE JUL 1      0                         0      0        0

 COOLING
  YESTERDAY       13                        18     -5       15
  MONTH TO DATE   99                       103     -4      102
  SINCE JUN 1    594                       562     32      569
  SINCE JAN 1   1142                      1004    138     1012
..................................................................


WIND (MPH)
  HIGHEST WIND SPEED    15   HIGHEST WIND DIRECTION    SE (130)
  HIGHEST GUST SPEED    22   HIGHEST GUST DIRECTION    SW (210)
  AVERAGE WIND SPEED     6.6


SKY COVER
  POSSIBLE SUNSHINE  MM
  AVERAGE SKY COVER 0.2


WEATHER CONDITIONS
 THE FOLLOWING WEATHER WAS RECORDED YESTERDAY.
  THUNDERSTORM
  HAZE


RELATIVE HUMIDITY (PERCENT)
 HIGHEST   100           300 AM
 LOWEST     74           300 PM
 AVERAGE    87

..........................................................


THE ST SIMONS ISLAND CLIMATE NORMALS FOR TODAY
                         NORMAL    RECORD    YEAR
 MAXIMUM TEMPERATURE (F)   90        98      1966
 MINIMUM TEMPERATURE (F)   75        67      1972


SUNRISE AND SUNSET
JULY  7 2015..........SUNRISE   628 AM EDT   SUNSET   833 PM EDT
JULY  8 2015..........SUNRISE   628 AM EDT   SUNSET   833 PM EDT


-  INDICATES NEGATIVE NUMBERS.
R  INDICATES RECORD WAS SET OR TIED.
MM INDICATES DATA IS MISSING.
T  INDICATES TRACE AMOUNT.




$$
