000
CDUS42 KJAX 300531
CLISSI


CLIMATE REPORT
NATIONAL WEATHER SERVICE JACKSONVILLE FL
1230 AM EST FRI JAN 30 2015


...................................

...THE ST SIMONS ISLAND CLIMATE SUMMARY FOR JANUARY 29 2015...

CLIMATE NORMAL PERIOD 1981 TO 2010
CLIMATE RECORD PERIOD 1948 TO 2015


WEATHER ITEM   OBSERVED TIME   RECORD YEAR NORMAL DEPARTURE LAST
                VALUE   (LST)  VALUE       VALUE  FROM      YEAR
                                                  NORMAL
..................................................................
TEMPERATURE (F)
 YESTERDAY
  MAXIMUM         58    240 PM  81    1957  61     -3       36
  MINIMUM         34    547 AM  27    2004  43     -9       32
  AVERAGE         46                        52     -6       34

PRECIPITATION (IN)
  YESTERDAY        0.00          1.27 1994   0.12  -0.12     0.67
  MONTH TO DATE    3.03                      2.99   0.04     4.59
  SINCE DEC 1      4.35                      5.63  -1.28     6.47
  SINCE JAN 1      3.03                      2.99   0.04     4.59

SNOWFALL (IN)
  YESTERDAY        0.0           0.0    MM                    T
  MONTH TO DATE    0.0                                        T
  SINCE DEC 1      0.0                                        T
  SINCE JUL 1      0.0                                        T
  SNOW DEPTH       0

DEGREE DAYS
 HEATING
  YESTERDAY       19                        13      6       31
  MONTH TO DATE  371                       398    -27      481
  SINCE DEC 1    627                       749   -122      710
  SINCE JUL 1    913                       929    -16      900

 COOLING
  YESTERDAY        0                         0      0        0
  MONTH TO DATE    6                         0      6        0
  SINCE DEC 1     12                        13     -1       18
  SINCE JAN 1      6                         0      6        0
..................................................................


WIND (MPH)
  HIGHEST WIND SPEED    12   HIGHEST WIND DIRECTION    SW (220)
  HIGHEST GUST SPEED    22   HIGHEST GUST DIRECTION     W (270)
  AVERAGE WIND SPEED     4.0


SKY COVER
  POSSIBLE SUNSHINE  MM
  AVERAGE SKY COVER 0.0


WEATHER CONDITIONS
 THE FOLLOWING WEATHER WAS RECORDED YESTERDAY.
  NO SIGNIFICANT WEATHER WAS OBSERVED.


RELATIVE HUMIDITY (PERCENT)
 HIGHEST    89           200 AM
 LOWEST     51          1200 PM
 AVERAGE    70

..........................................................


THE ST SIMONS ISLAND CLIMATE NORMALS FOR TODAY
                         NORMAL    RECORD    YEAR
 MAXIMUM TEMPERATURE (F)   61        82      1975
 MINIMUM TEMPERATURE (F)   43        15      1966


SUNRISE AND SUNSET
JANUARY 30 2015.......SUNRISE   719 AM EST   SUNSET   559 PM EST
JANUARY 31 2015.......SUNRISE   718 AM EST   SUNSET   600 PM EST


-  INDICATES NEGATIVE NUMBERS.
R  INDICATES RECORD WAS SET OR TIED.
MM INDICATES DATA IS MISSING.
T  INDICATES TRACE AMOUNT.




$$
