000
CDUS42 KJAX 230548
CLISSI


CLIMATE REPORT
NATIONAL WEATHER SERVICE JACKSONVILLE FL
1246 AM EST THU FEB 23 2017


...................................

...THE ST SIMONS ISLAND CLIMATE SUMMARY FOR FEBRUARY 22 2017...

CLIMATE NORMAL PERIOD 1981 TO 2010
CLIMATE RECORD PERIOD 1948 TO 2017


WEATHER ITEM   OBSERVED TIME   RECORD YEAR NORMAL DEPARTURE LAST
                VALUE   (LST)  VALUE       VALUE  FROM      YEAR
                                                  NORMAL
..................................................................
TEMPERATURE (F)
 YESTERDAY
  MAXIMUM         70    216 PM  81    2011  64      6       72
                                      2001
  MINIMUM         64   1037 PM  29    1970  47     17       57
  AVERAGE         67                        56     11       65

PRECIPITATION (IN)
  YESTERDAY        0.46          2.45 1987   0.13   0.33     0.00
  MONTH TO DATE    0.86                      2.69  -1.83     3.88
  SINCE DEC 1      8.88                      8.55   0.33     8.38
  SINCE JAN 1      5.86                      5.91  -0.05     7.03

SNOWFALL (IN)
  YESTERDAY        0.0           0.0    MM                   0.0
  MONTH TO DATE    0.0                                       0.0
  SINCE DEC 1      0.0                                       0.0
  SINCE JUL 1      0.0                                       0.0
  SNOW DEPTH       0

DEGREE DAYS
 HEATING
  YESTERDAY        0                        10    -10        0
  MONTH TO DATE   98                       248   -150      248
  SINCE DEC 1    501                      1019   -518      780
  SINCE JUL 1    606                      1199   -593      845

 COOLING
  YESTERDAY        2                         0      2        0
  MONTH TO DATE   16                         0     16        0
  SINCE DEC 1     60                        16     44       90
  SINCE JAN 1     35                         3     32        0
..................................................................


WIND (MPH)
  HIGHEST WIND SPEED    10   HIGHEST WIND DIRECTION    NE (60)
  HIGHEST GUST SPEED    31   HIGHEST GUST DIRECTION    SE (130)
  AVERAGE WIND SPEED     6.8


SKY COVER
  POSSIBLE SUNSHINE  MM
  AVERAGE SKY COVER 0.8


WEATHER CONDITIONS
 THE FOLLOWING WEATHER WAS RECORDED YESTERDAY.
  HEAVY RAIN
  RAIN
  LIGHT RAIN
  FOG


RELATIVE HUMIDITY (PERCENT)
 HIGHEST    93           900 AM
 LOWEST     81          1200 AM
 AVERAGE    87

..........................................................


THE ST SIMONS ISLAND CLIMATE NORMALS FOR TODAY
                         NORMAL    RECORD    YEAR
 MAXIMUM TEMPERATURE (F)   65        82      2012
 MINIMUM TEMPERATURE (F)   47        26      1963


SUNRISE AND SUNSET
FEBRUARY 23 2017......SUNRISE   658 AM EST   SUNSET   620 PM EST
FEBRUARY 24 2017......SUNRISE   657 AM EST   SUNSET   620 PM EST


-  INDICATES NEGATIVE NUMBERS.
R  INDICATES RECORD WAS SET OR TIED.
MM INDICATES DATA IS MISSING.
T  INDICATES TRACE AMOUNT.




$$
