000
CDUS42 KJAX 312132
CLISSI


CLIMATE REPORT
NATIONAL WEATHER SERVICE JACKSONVILLE FL
532 PM EDT TUE MAY 31 2016


...................................

...THE ST SIMONS ISLAND CLIMATE SUMMARY FOR MAY 31 2016...
VALID TODAY AS OF 0500 PM LOCAL TIME.

CLIMATE NORMAL PERIOD 1981 TO 2010
CLIMATE RECORD PERIOD 1948 TO 2016


WEATHER ITEM   OBSERVED TIME   RECORD YEAR NORMAL DEPARTURE LAST
                VALUE   (LST)  VALUE       VALUE  FROM      YEAR
                                                  NORMAL
..................................................................
TEMPERATURE (F)
 TODAY
  MAXIMUM         86   1243 PM  95    2004  85      1       83
  MINIMUM         72    619 AM  52    1984  71      1       72
  AVERAGE         79                        78      1       78

PRECIPITATION (IN)
  TODAY            0.00          2.20 1959   0.10  -0.10     0.00
  MONTH TO DATE    1.68                      1.86  -0.18     2.60
  SINCE MAR 1      5.89                      8.23  -2.34     8.40
  SINCE JAN 1     13.03                     14.92  -1.89    14.12

SNOWFALL (IN)
  TODAY            0.0           0.0    MM                  MM
  MONTH TO DATE    0.0                                       0.0
  SINCE MAR 1      0.0                                       0.0
  SINCE JUL 1      0.0                                       0.0

DEGREE DAYS
 HEATING
  TODAY            0                         0      0        0
  MONTH TO DATE    4                         2      2        1
  SINCE MAR 1    115                       237   -122      115
  SINCE JUL 1   1021                      1488   -467     1495

 COOLING
  TODAY           14                        13      1       13
  MONTH TO DATE  317                       299     18      337
  SINCE MAR 1    520                       433     87      542
  SINCE JAN 1    524                       442     82      548
..................................................................


WIND (MPH)
  HIGHEST WIND SPEED    16   HIGHEST WIND DIRECTION     E (100)
  HIGHEST GUST SPEED    23   HIGHEST GUST DIRECTION    SW (240)
  AVERAGE WIND SPEED     9.8


SKY COVER
  POSSIBLE SUNSHINE  MM
  AVERAGE SKY COVER 0.0


WEATHER CONDITIONS
 THE FOLLOWING WEATHER WAS RECORDED TODAY.
  THUNDERSTORM


RELATIVE HUMIDITY (PERCENT)
 HIGHEST    93           500 AM
 LOWEST     61          1000 AM
 AVERAGE    77

..........................................................


THE ST SIMONS ISLAND CLIMATE NORMALS FOR TOMORROW
                         NORMAL    RECORD    YEAR
 MAXIMUM TEMPERATURE (F)   85       101      1953
 MINIMUM TEMPERATURE (F)   71        52      1984


SUNRISE AND SUNSET
MAY 31 2016...........SUNRISE   622 AM EDT   SUNSET   824 PM EDT
JUNE  1 2016..........SUNRISE   622 AM EDT   SUNSET   825 PM EDT


-  INDICATES NEGATIVE NUMBERS.
R  INDICATES RECORD WAS SET OR TIED.
MM INDICATES DATA IS MISSING.
T  INDICATES TRACE AMOUNT.




$$
