000
CDUS43 KMPX 220722
CLISTC


CLIMATE REPORT
NATIONAL WEATHER SERVICE CHANHASSEN MN
121 AM CST SAT NOV 22 2014


...................................

...THE ST CLOUD MN CLIMATE SUMMARY FOR NOVEMBER 21 2014...

CLIMATE NORMAL PERIOD 1981 TO 2010
CLIMATE RECORD PERIOD 1893 TO 2014


WEATHER ITEM   OBSERVED TIME   RECORD YEAR NORMAL DEPARTURE LAST
                VALUE   (LST)  VALUE       VALUE  FROM      YEAR
                                                  NORMAL
..................................................................
TEMPERATURE (F)
 YESTERDAY
  MAXIMUM         30   1159 PM  63    1990  35     -5       37
  MINIMUM         -7R  1242 AM  -3    2000  19    -26       19
  AVERAGE         12                        27    -15       28

PRECIPITATION (IN)
  YESTERDAY        0.00          1.40 1898   0.05  -0.05      T
  MONTH TO DATE    1.63                      1.02   0.61     0.53
  SINCE SEP 1      6.34                      6.97  -0.63     6.74
  SINCE JAN 1     35.71                     26.55   9.16    27.07

SNOWFALL (IN)
  YESTERDAY        0.0           7.0  1989   0.4   -0.4       T
  MONTH TO DATE   15.7                       5.2   10.5      2.8
  SINCE SEP 1     15.7                       6.0    9.7      3.6
  SINCE JUL 1     15.7                       6.0    9.7      3.6
  SNOW DEPTH       6

DEGREE DAYS
 HEATING
  YESTERDAY       53                        38     15       37
  MONTH TO DATE  845                       672    173      662
  SINCE SEP 1   1512                      1499     13     1405
  SINCE JUL 1   1521                      1557    -36     1454

 COOLING
  YESTERDAY        0                         0      0        0
  MONTH TO DATE    0                         0      0        0
  SINCE SEP 1     43                        36      7       74
  SINCE JAN 1    597                       465    132      578
..................................................................


WIND (MPH)
  HIGHEST WIND SPEED    23   HIGHEST WIND DIRECTION     S (180)
  HIGHEST GUST SPEED    29   HIGHEST GUST DIRECTION     S (180)
  AVERAGE WIND SPEED    13.0


SKY COVER
  POSSIBLE SUNSHINE  MM
  AVERAGE SKY COVER 0.0


WEATHER CONDITIONS
 THE FOLLOWING WEATHER WAS RECORDED YESTERDAY.
  NO SIGNIFICANT WEATHER WAS OBSERVED.


RELATIVE HUMIDITY (PERCENT)
 HIGHEST    87           500 AM
 LOWEST     63           100 PM
 AVERAGE    75

..........................................................


THE ST CLOUD MN CLIMATE NORMALS FOR TODAY
                         NORMAL    RECORD    YEAR
 MAXIMUM TEMPERATURE (F)   35        56      1980
 MINIMUM TEMPERATURE (F)   18       -13      1896


SUNRISE AND SUNSET
NOVEMBER 22 2014......SUNRISE   725 AM CST   SUNSET   440 PM CST
NOVEMBER 23 2014......SUNRISE   726 AM CST   SUNSET   439 PM CST


-  INDICATES NEGATIVE NUMBERS.
R  INDICATES RECORD WAS SET OR TIED.
MM INDICATES DATA IS MISSING.
T  INDICATES TRACE AMOUNT.




$$
