000
CDUS43 KMPX 300627
CLISTC


CLIMATE REPORT
NATIONAL WEATHER SERVICE CHANHASSEN MN
124 AM CDT THU JUL 30 2015


...................................

...THE ST CLOUD MN CLIMATE SUMMARY FOR JULY 29 2015...

CLIMATE NORMAL PERIOD 1981 TO 2010
CLIMATE RECORD PERIOD 1893 TO 2015


WEATHER ITEM   OBSERVED TIME   RECORD YEAR NORMAL DEPARTURE LAST
                VALUE   (LST)  VALUE       VALUE  FROM      YEAR
                                                  NORMAL
..................................................................
TEMPERATURE (F)
 YESTERDAY
  MAXIMUM         82    345 PM  99    1935  82      0       82
  MINIMUM         65   1155 PM  43    1992  58      7       56
  AVERAGE         74                        70      4       69

PRECIPITATION (IN)
  YESTERDAY        0.00          1.81 1913   0.11  -0.11     0.00
  MONTH TO DATE    7.18                      3.10   4.08     1.25
  SINCE JUN 1     11.84                      7.27   4.57     7.43
  SINCE JAN 1     20.51                     15.58   4.93    23.78

SNOWFALL (IN)
  YESTERDAY        0.0           0.0    MM   0.0    0.0      0.0
  MONTH TO DATE    0.0                       0.0    0.0      0.0
  SINCE JUN 1      0.0                       0.0    0.0      0.0
  SINCE JUL 1      0.0                       0.0    0.0      0.0
  SNOW DEPTH       0

DEGREE DAYS
 HEATING
  YESTERDAY        0                         1     -1        0
  MONTH TO DATE   12                        15     -3        7
  SINCE JUN 1     40                        93    -53       33
  SINCE JUL 1     12                        15     -3        7

 COOLING
  YESTERDAY        9                         6      3        4
  MONTH TO DATE  183                       173     10      164
  SINCE JUN 1    255                       268    -13      297
  SINCE JAN 1    260                       293    -33      341
..................................................................


WIND (MPH)
  HIGHEST WIND SPEED    32   HIGHEST WIND DIRECTION     W (270)
  HIGHEST GUST SPEED    42   HIGHEST GUST DIRECTION     W (270)
  AVERAGE WIND SPEED    17.5


SKY COVER
  POSSIBLE SUNSHINE  MM
  AVERAGE SKY COVER 0.1


WEATHER CONDITIONS
 THE FOLLOWING WEATHER WAS RECORDED YESTERDAY.
  NO SIGNIFICANT WEATHER WAS OBSERVED.


RELATIVE HUMIDITY (PERCENT)
 HIGHEST    68          1100 PM
 LOWEST     36           200 PM
 AVERAGE    52

..........................................................


THE ST CLOUD MN CLIMATE NORMALS FOR TODAY
                         NORMAL    RECORD    YEAR
 MAXIMUM TEMPERATURE (F)   82       102      1900
 MINIMUM TEMPERATURE (F)   58        44      1971


SUNRISE AND SUNSET
JULY 30 2015..........SUNRISE   557 AM CDT   SUNSET   847 PM CDT
JULY 31 2015..........SUNRISE   559 AM CDT   SUNSET   846 PM CDT


-  INDICATES NEGATIVE NUMBERS.
R  INDICATES RECORD WAS SET OR TIED.
MM INDICATES DATA IS MISSING.
T  INDICATES TRACE AMOUNT.




$$
