000
CDUS43 KMPX 220735
CLISTC


CLIMATE REPORT
NATIONAL WEATHER SERVICE CHANHASSEN MN
235 AM CDT SUN OCT 22 2017


...................................

...THE ST CLOUD MN CLIMATE SUMMARY FOR OCTOBER 21 2017...

CLIMATE NORMAL PERIOD 1981 TO 2010
CLIMATE RECORD PERIOD 1893 TO 2017


WEATHER ITEM   OBSERVED TIME   RECORD YEAR NORMAL DEPARTURE LAST
                VALUE   (LST)  VALUE       VALUE  FROM      YEAR
                                                  NORMAL
..................................................................
TEMPERATURE (F)
 YESTERDAY
  MAXIMUM         66    353 PM  87    1947  54     12       52
  MINIMUM         46   1159 PM  11    1913  33     13       36
  AVERAGE         56                        44     12       44

PRECIPITATION (IN)
  YESTERDAY        0.57          0.83 2009   0.07   0.50     0.00
  MONTH TO DATE    4.84                      1.86   2.98     1.76
  SINCE SEP 1      7.77                      5.32   2.45     4.84
  SINCE JAN 1     28.70                     24.90   3.80    29.66

SNOWFALL (IN)
  YESTERDAY        0.0           3.9  2002   0.0    0.0      0.0
  MONTH TO DATE    0.0                       0.3   -0.3      0.0
  SINCE SEP 1      0.0                       0.3   -0.3      0.0
  SINCE JUL 1      0.0                       0.3   -0.3      0.0
  SNOW DEPTH       0

DEGREE DAYS
 HEATING
  YESTERDAY        9                        21    -12       21
  MONTH TO DATE  286                       363    -77      301
  SINCE SEP 1    425                       591   -166      419
  SINCE JUL 1    465                       649   -184      441

 COOLING
  YESTERDAY        0                         0      0        0
  MONTH TO DATE    0                         0      0        0
  SINCE SEP 1     71                        34     37       28
  SINCE JAN 1    361                       463   -102      506
..................................................................


WIND (MPH)
  HIGHEST WIND SPEED    23   HIGHEST WIND DIRECTION     W (260)
  HIGHEST GUST SPEED    32   HIGHEST GUST DIRECTION    SE (140)
  AVERAGE WIND SPEED    14.1


SKY COVER
  POSSIBLE SUNSHINE  MM
  AVERAGE SKY COVER 0.7


WEATHER CONDITIONS
 THE FOLLOWING WEATHER WAS RECORDED YESTERDAY.
  THUNDERSTORM
  HEAVY RAIN
  RAIN
  LIGHT RAIN
  FOG


RELATIVE HUMIDITY (PERCENT)
 HIGHEST   100           900 AM
 LOWEST     67          1200 AM
 AVERAGE    84

..........................................................


THE ST CLOUD MN CLIMATE NORMALS FOR TODAY
                         NORMAL    RECORD    YEAR
 MAXIMUM TEMPERATURE (F)   54        81      1992
 MINIMUM TEMPERATURE (F)   33        13      1976


SUNRISE AND SUNSET
OCTOBER 22 2017.......SUNRISE   742 AM CDT   SUNSET   618 PM CDT
OCTOBER 23 2017.......SUNRISE   744 AM CDT   SUNSET   617 PM CDT


-  INDICATES NEGATIVE NUMBERS.
R  INDICATES RECORD WAS SET OR TIED.
MM INDICATES DATA IS MISSING.
T  INDICATES TRACE AMOUNT.




$$
