000
CDUS43 KMPX 240629
CLISTC


CLIMATE REPORT
NATIONAL WEATHER SERVICE CHANHASSEN MN
1229 AM CST TUE JAN 24 2017


...................................

...THE ST CLOUD MN CLIMATE SUMMARY FOR JANUARY 23 2017...

CLIMATE NORMAL PERIOD 1981 TO 2010
CLIMATE RECORD PERIOD 1893 TO 2017


WEATHER ITEM   OBSERVED TIME   RECORD YEAR NORMAL DEPARTURE LAST
                VALUE   (LST)  VALUE       VALUE  FROM      YEAR
                                                  NORMAL
..................................................................
TEMPERATURE (F)
 YESTERDAY
  MAXIMUM         33   1156 AM  55    1942  22     11       23
  MINIMUM         31   1159 PM -33    1936   1     30        4
                                      1935
  AVERAGE         32                        12     20       14

PRECIPITATION (IN)
  YESTERDAY        T             0.50 2010   0.02  -0.02     0.00
  MONTH TO DATE    0.50                      0.51  -0.01     0.21
  SINCE DEC 1      2.05                      1.33   0.72     1.23
  SINCE JAN 1      0.50                      0.51  -0.01     0.21

SNOWFALL (IN)
  YESTERDAY        T             4.0  1969   0.3   -0.3      0.0
  MONTH TO DATE    9.0                       6.7    2.3      3.2
  SINCE DEC 1     17.8                      16.1    1.7     11.4
  SINCE JUL 1     25.1                      25.3   -0.2     17.1
  SNOW DEPTH       2

DEGREE DAYS
 HEATING
  YESTERDAY       33                        53    -20       51
  MONTH TO DATE 1170                      1234    -64     1266
  SINCE DEC 1   2634                      2756   -122     2449
  SINCE JUL 1   4008                      4681   -673     3908

 COOLING
  YESTERDAY        0                         0      0        0
  MONTH TO DATE    0                         0      0        0
  SINCE DEC 1      0                         0      0        0
  SINCE JAN 1      0                         0      0        0
..................................................................


WIND (MPH)
  HIGHEST WIND SPEED    13   HIGHEST WIND DIRECTION    NW (300)
  HIGHEST GUST SPEED    14   HIGHEST GUST DIRECTION    NW (300)
  AVERAGE WIND SPEED     5.6


SKY COVER
  POSSIBLE SUNSHINE  MM
  AVERAGE SKY COVER 1.0


WEATHER CONDITIONS
 THE FOLLOWING WEATHER WAS RECORDED YESTERDAY.
  LIGHT SNOW
  FOG


RELATIVE HUMIDITY (PERCENT)
 HIGHEST   100          1200 AM
 LOWEST     78           600 PM
 AVERAGE    89

..........................................................


THE ST CLOUD MN CLIMATE NORMALS FOR TODAY
                         NORMAL    RECORD    YEAR
 MAXIMUM TEMPERATURE (F)   22        56      1981
 MINIMUM TEMPERATURE (F)    2       -42      1904


SUNRISE AND SUNSET
JANUARY 24 2017.......SUNRISE   746 AM CST   SUNSET   512 PM CST
JANUARY 25 2017.......SUNRISE   745 AM CST   SUNSET   513 PM CST


-  INDICATES NEGATIVE NUMBERS.
R  INDICATES RECORD WAS SET OR TIED.
MM INDICATES DATA IS MISSING.
T  INDICATES TRACE AMOUNT.




$$
