000
CDUS43 KMPX 160708
CLISTC


CLIMATE REPORT
NATIONAL WEATHER SERVICE CHANHASSEN MN
107 AM CST SAT DEC 16 2017


...................................

...THE ST CLOUD MN CLIMATE SUMMARY FOR DECEMBER 15 2017...

CLIMATE NORMAL PERIOD 1981 TO 2010
CLIMATE RECORD PERIOD 1893 TO 2017


WEATHER ITEM   OBSERVED TIME   RECORD YEAR NORMAL DEPARTURE LAST
                VALUE   (LST)  VALUE       VALUE  FROM      YEAR
                                                  NORMAL
..................................................................
TEMPERATURE (F)
 YESTERDAY
  MAXIMUM         25    442 PM  52    1939  24      1        2
  MINIMUM         16    859 AM -28    1901   7      9      -14
  AVERAGE         21                        16      5       -6

PRECIPITATION (IN)
  YESTERDAY        0.06          0.69 1984   0.02   0.04     0.02
  MONTH TO DATE    0.25                      0.42  -0.17     0.47
  SINCE DEC 1      0.25                      0.42  -0.17     0.47
  SINCE JAN 1     30.01                     27.33   2.68    32.74

SNOWFALL (IN)
  YESTERDAY        0.6           5.0  1902   0.3    0.3      0.2
  MONTH TO DATE    1.8                       4.6   -2.8      5.6
  SINCE DEC 1      1.8                       4.6   -2.8      5.6
  SINCE JUL 1      8.9                      13.8   -4.9     12.9
  SNOW DEPTH       1

DEGREE DAYS
 HEATING
  YESTERDAY       44                        49     -5       71
  MONTH TO DATE  630                       700    -70      741
  SINCE DEC 1    630                       700    -70      741
  SINCE JUL 1   2396                      2625   -229     2115

 COOLING
  YESTERDAY        0                         0      0        0
  MONTH TO DATE    0                         0      0        0
  SINCE DEC 1      0                         0      0        0
  SINCE JAN 1    361                       465   -104      506
..................................................................


WIND (MPH)
  HIGHEST WIND SPEED    10   HIGHEST WIND DIRECTION     E (80)
  HIGHEST GUST SPEED    13   HIGHEST GUST DIRECTION     E (90)
  AVERAGE WIND SPEED     3.7


SKY COVER
  POSSIBLE SUNSHINE  MM
  AVERAGE SKY COVER 0.8


WEATHER CONDITIONS
 THE FOLLOWING WEATHER WAS RECORDED YESTERDAY.
  LIGHT SNOW
  FOG


RELATIVE HUMIDITY (PERCENT)
 HIGHEST    96           700 PM
 LOWEST     74           300 PM
 AVERAGE    85

..........................................................


THE ST CLOUD MN CLIMATE NORMALS FOR TODAY
                         NORMAL    RECORD    YEAR
 MAXIMUM TEMPERATURE (F)   24        57      1939
 MINIMUM TEMPERATURE (F)    7       -24      2008


SUNRISE AND SUNSET
DECEMBER 16 2017......SUNRISE   751 AM CST   SUNSET   434 PM CST
DECEMBER 17 2017......SUNRISE   751 AM CST   SUNSET   434 PM CST


-  INDICATES NEGATIVE NUMBERS.
R  INDICATES RECORD WAS SET OR TIED.
MM INDICATES DATA IS MISSING.
T  INDICATES TRACE AMOUNT.




$$
