000
CDUS43 KMPX 020806
CLISTC


CLIMATE REPORT
NATIONAL WEATHER SERVICE CHANHASSEN MN
305 AM CDT THU OCT 2 2014


...................................

...THE ST CLOUD MN CLIMATE SUMMARY FOR OCTOBER 1 2014...

CLIMATE NORMAL PERIOD 1981 TO 2010
CLIMATE RECORD PERIOD 1893 TO 2014


WEATHER ITEM   OBSERVED TIME   RECORD YEAR NORMAL DEPARTURE LAST
                VALUE   (LST)  VALUE       VALUE  FROM      YEAR
                                                  NORMAL
..................................................................
TEMPERATURE (F)
 YESTERDAY
  MAXIMUM         59   1159 PM  86    1992  64     -5       73
                                      1963
  MINIMUM         52    842 AM  18    1974  40     12       42
  AVERAGE         56                        52      4       58

PRECIPITATION (IN)
  YESTERDAY        0.01          3.21 1950   0.10  -0.09     0.00
  MONTH TO DATE    0.01                      0.10  -0.09     0.00
  SINCE SEP 1      4.07                      3.56   0.51     1.87
  SINCE JAN 1     33.44                     23.14  10.30    22.20

SNOWFALL (IN)
  YESTERDAY        0.0           T    1974   0.0    0.0      0.0
  MONTH TO DATE    0.0                       0.0    0.0      0.0
  SINCE SEP 1      0.0                       T      0.0      0.0
  SINCE JUL 1      0.0                       T      0.0      0.0
  SNOW DEPTH       0

DEGREE DAYS
 HEATING
  YESTERDAY        9                        13     -4        7
  MONTH TO DATE    9                        13     -4        7
  SINCE SEP 1    161                       241    -80      136
  SINCE JUL 1    170                       299   -129      185

 COOLING
  YESTERDAY        0                         0      0        0
  MONTH TO DATE    0                         0      0        0
  SINCE SEP 1     43                        34      9       74
  SINCE JAN 1    597                       463    134      578
..................................................................


WIND (MPH)
  HIGHEST WIND SPEED    16   HIGHEST WIND DIRECTION    SE (150)
  HIGHEST GUST SPEED    21   HIGHEST GUST DIRECTION    SE (140)
  AVERAGE WIND SPEED     9.4


SKY COVER
  POSSIBLE SUNSHINE  MM
  AVERAGE SKY COVER 0.9


WEATHER CONDITIONS
 THE FOLLOWING WEATHER WAS RECORDED YESTERDAY.
  LIGHT RAIN
  FOG
  HAZE


RELATIVE HUMIDITY (PERCENT)
 HIGHEST    93          1100 AM
 LOWEST     77          1200 AM
 AVERAGE    85

..........................................................


THE ST CLOUD MN CLIMATE NORMALS FOR TODAY
                         NORMAL    RECORD    YEAR
 MAXIMUM TEMPERATURE (F)   63        90      1992
                                             1953
 MINIMUM TEMPERATURE (F)   40        11      1974


SUNRISE AND SUNSET
OCTOBER  2 2014.......SUNRISE   716 AM CDT   SUNSET   655 PM CDT
OCTOBER  3 2014.......SUNRISE   717 AM CDT   SUNSET   653 PM CDT


-  INDICATES NEGATIVE NUMBERS.
R  INDICATES RECORD WAS SET OR TIED.
MM INDICATES DATA IS MISSING.
T  INDICATES TRACE AMOUNT.




$$
