000
CDUS43 KEAX 252140
CLISTJ


CLIMATE REPORT
NATIONAL WEATHER SERVICE KANSAS CITY/PLEASANT HILL MO
440 PM CDT SUN SEP 25 2016


...................................

...THE ST. JOSEPH MO CLIMATE SUMMARY FOR SEPTEMBER 25 2016...
VALID AS OF 0400 PM LOCAL TIME.

CLIMATE NORMAL PERIOD 1981 TO 2010
CLIMATE RECORD PERIOD 1892 TO 2016


WEATHER ITEM   OBSERVED TIME   RECORD YEAR NORMAL DEPARTURE LAST
                VALUE   (LST)  VALUE       VALUE  FROM      YEAR
                                                  NORMAL
..................................................................
TEMPERATURE (F)
 TODAY
  MAXIMUM         69    724 AM  92    1998  76     -7       84
  MINIMUM         59    912 AM  33    1989  50      9       59
  AVERAGE         64                        63      1       72

PRECIPITATION (IN)
  TODAY            0.14          2.49 1976   0.09   0.05      T
  MONTH TO DATE    8.66                      2.98   5.68     2.02
  SINCE SEP 1      8.66                      2.98   5.68     2.02
  SINCE JAN 1     38.78                     29.28   9.50    30.62

DEGREE DAYS
 HEATING
  TODAY            1                         5     -4        0
  MONTH TO DATE    2                        49    -47       21
  SINCE SEP 1      2                        49    -47       21
  SINCE JUL 1      4                        54    -50       25

 COOLING
  TODAY            0                         2     -2        7
  MONTH TO DATE  221                       110    111      225
  SINCE SEP 1    221                       110    111      225
  SINCE JAN 1   1493                      1187    306     1252
..................................................................


WIND (MPH)
  HIGHEST WIND SPEED    20   HIGHEST WIND DIRECTION     N (340)
  HIGHEST GUST SPEED    27   HIGHEST GUST DIRECTION     N (340)
  AVERAGE WIND SPEED     7.8


SKY COVER
  AVERAGE SKY COVER 0.6


WEATHER CONDITIONS
 THE FOLLOWING WEATHER WAS RECORDED TODAY.
  LIGHT RAIN
  FOG


RELATIVE HUMIDITY (PERCENT)
 HIGHEST    93           600 AM
 LOWEST     58           300 PM
 AVERAGE    76

..........................................................


THE ST. JOSEPH MO CLIMATE NORMALS FOR TOMORROW
                         NORMAL    RECORD    YEAR
 MAXIMUM TEMPERATURE (F)   75        95      1938
 MINIMUM TEMPERATURE (F)   50        32      1912


SUNRISE AND SUNSET
SEPTEMBER 25 2016.....SUNRISE   711 AM CDT   SUNSET   711 PM CDT
SEPTEMBER 26 2016.....SUNRISE   712 AM CDT   SUNSET   709 PM CDT


-  INDICATES NEGATIVE NUMBERS.
R  INDICATES RECORD WAS SET OR TIED.
MM INDICATES DATA IS MISSING.
T  INDICATES TRACE AMOUNT.




$$
