221
CDUS43 KEAX 280634
CLISTJ


CLIMATE REPORT
NATIONAL WEATHER SERVICE KANSAS CITY/PLEASANT HILL MO
133 AM CDT SUN AUG 28 2016


...................................

...THE ST. JOSEPH MO CLIMATE SUMMARY FOR AUGUST 27 2016...

CLIMATE NORMAL PERIOD 1981 TO 2010
CLIMATE RECORD PERIOD 1892 TO 2016


WEATHER ITEM   OBSERVED TIME   RECORD YEAR NORMAL DEPARTURE LAST
                VALUE   (LST)  VALUE       VALUE  FROM      YEAR
                                                  NORMAL
..................................................................
TEMPERATURE (F)
 YESTERDAY
  MAXIMUM         86    534 PM 103    1936  85      1       80
  MINIMUM         68    649 AM  43    1967  62      6       60
  AVERAGE         77                        73      4       70

PRECIPITATION (IN)
  YESTERDAY        0.15          2.07 1998   0.14   0.01     0.02
  MONTH TO DATE    6.50                      3.41   3.09     0.20
  SINCE JUN 1     15.75                     12.78   2.97    12.89
  SINCE JAN 1     29.88                     25.73   4.15    28.58

DEGREE DAYS
 HEATING
  YESTERDAY        0                         0      0        0
  MONTH TO DATE    0                         0      0        4
  SINCE JUN 1      2                         9     -7        5
  SINCE JUL 1      2                         1      1        4

 COOLING
  YESTERDAY       12                         9      3        5
  MONTH TO DATE  301                       292      9      227
  SINCE JUN 1   1143                       933    210      926
  SINCE JAN 1   1226                      1046    180      994
..................................................................


WIND (MPH)
  HIGHEST WIND SPEED    12   HIGHEST WIND DIRECTION     W (250)
  HIGHEST GUST SPEED    15   HIGHEST GUST DIRECTION     W (260)
  AVERAGE WIND SPEED     3.2


SKY COVER
  POSSIBLE SUNSHINE  MM
  AVERAGE SKY COVER 0.4


WEATHER CONDITIONS
 THE FOLLOWING WEATHER WAS RECORDED YESTERDAY.
  THUNDERSTORM
  HEAVY RAIN
  RAIN
  LIGHT RAIN
  FOG
  HAZE


RELATIVE HUMIDITY (PERCENT)
 HIGHEST   100           400 AM
 LOWEST     61           400 PM
 AVERAGE    81

..........................................................


THE ST. JOSEPH MO CLIMATE NORMALS FOR TODAY
                         NORMAL    RECORD    YEAR
 MAXIMUM TEMPERATURE (F)   85       104      1984
 MINIMUM TEMPERATURE (F)   61        41      1986


SUNRISE AND SUNSET
AUGUST 28 2016........SUNRISE   644 AM CDT   SUNSET   756 PM CDT
AUGUST 29 2016........SUNRISE   645 AM CDT   SUNSET   755 PM CDT


-  INDICATES NEGATIVE NUMBERS.
R  INDICATES RECORD WAS SET OR TIED.
MM INDICATES DATA IS MISSING.
T  INDICATES TRACE AMOUNT.




$$
