000
CDUS43 KEAX 180637
CLISTJ


CLIMATE REPORT
NATIONAL WEATHER SERVICE KANSAS CITY/PLEASANT HILL MO
1236 AM CST THU DEC 18 2014


...................................

...THE ST. JOSEPH MO CLIMATE SUMMARY FOR DECEMBER 17 2014...

CLIMATE NORMAL PERIOD 1981 TO 2010
CLIMATE RECORD PERIOD 1892 TO 2014


WEATHER ITEM   OBSERVED TIME   RECORD YEAR NORMAL DEPARTURE LAST
                VALUE   (LST)  VALUE       VALUE  FROM      YEAR
                                                  NORMAL
..................................................................
TEMPERATURE (F)
 YESTERDAY
  MAXIMUM         30   1159 PM  68    1939  38     -8       46
  MINIMUM         19    139 AM -15    1981  19      0       21
  AVERAGE         25                        29     -4       34

PRECIPITATION (IN)
  YESTERDAY        0.00          0.25 1990   0.05  -0.05     0.00
  MONTH TO DATE    0.54                      0.86  -0.32     0.09
  SINCE DEC 1      0.54                      0.86  -0.32     0.09
  SINCE JAN 1     31.49                     34.94  -3.45    30.91

DEGREE DAYS
 HEATING
  YESTERDAY       40                        36      4       31
  MONTH TO DATE  495                       574    -79      695
  SINCE DEC 1    495                       574    -79      695
  SINCE JUL 1   1741                      1685     56     1864

 COOLING
  YESTERDAY        0                         0      0        0
  MONTH TO DATE    0                         0      0        0
  SINCE DEC 1      0                         0      0        0
  SINCE JAN 1   1182                      1221    -39     1285
..................................................................


WIND (MPH)
  HIGHEST WIND SPEED     9   HIGHEST WIND DIRECTION    NE (60)
  HIGHEST GUST SPEED    12   HIGHEST GUST DIRECTION     N (20)
  AVERAGE WIND SPEED     5.2


SKY COVER
  POSSIBLE SUNSHINE  MM
  AVERAGE SKY COVER 0.5


WEATHER CONDITIONS
 THE FOLLOWING WEATHER WAS RECORDED YESTERDAY.
  NO SIGNIFICANT WEATHER WAS OBSERVED.


RELATIVE HUMIDITY (PERCENT)
 HIGHEST    84          1200 AM
 LOWEST     63           400 PM
 AVERAGE    74

..........................................................


THE ST. JOSEPH MO CLIMATE NORMALS FOR TODAY
                         NORMAL    RECORD    YEAR
 MAXIMUM TEMPERATURE (F)   38        64      1976
 MINIMUM TEMPERATURE (F)   19       -19      1983


SUNRISE AND SUNSET
DECEMBER 18 2014......SUNRISE   736 AM CST   SUNSET   457 PM CST
DECEMBER 19 2014......SUNRISE   736 AM CST   SUNSET   457 PM CST


-  INDICATES NEGATIVE NUMBERS.
R  INDICATES RECORD WAS SET OR TIED.
MM INDICATES DATA IS MISSING.
T  INDICATES TRACE AMOUNT.




$$
