000
CDUS43 KEAX 210032
CLISTJ


CLIMATE REPORT
NATIONAL WEATHER SERVICE KANSAS CITY/PLEASANT HILL MO
731 PM CDT MON OCT 20 2014


...................................

...THE ST. JOSEPH MO CLIMATE SUMMARY FOR OCTOBER 20 2014...
VALID TODAY AS OF 0700 PM LOCAL TIME.

CLIMATE NORMAL PERIOD 1981 TO 2010
CLIMATE RECORD PERIOD 1892 TO 2014


WEATHER ITEM   OBSERVED TIME   RECORD YEAR NORMAL DEPARTURE LAST
                VALUE   (LST)  VALUE       VALUE  FROM      YEAR
                                                  NORMAL
..................................................................
TEMPERATURE (F)
 TODAY
  MAXIMUM         76    345 PM  90    2003  65     11       68
  MINIMUM         39    707 AM  22    1989  41     -2       37
  AVERAGE         58                        53      5       53

PRECIPITATION (IN)
  TODAY            0.00          2.91 1949   0.09  -0.09      T
  MONTH TO DATE    6.12                      1.86   4.26     2.29
  SINCE SEP 1      7.83                      5.28   2.55     5.84
  SINCE JAN 1     30.38                     31.58  -1.20    25.51

DEGREE DAYS
 HEATING
  TODAY            7                        12     -5       12
  MONTH TO DATE  191                       182      9      164
  SINCE SEP 1    269                       257     12      200
  SINCE JUL 1    275                       262     13      202

 COOLING
  TODAY            0                         0      0        0
  MONTH TO DATE    7                        18    -11       26
  SINCE SEP 1    126                       140    -14      215
  SINCE JAN 1   1175                      1217    -42     1285
..................................................................


WIND (MPH)
  HIGHEST WIND SPEED    10   HIGHEST WIND DIRECTION     N (10)
  HIGHEST GUST SPEED    13   HIGHEST GUST DIRECTION    NW (310)
  AVERAGE WIND SPEED     2.7


SKY COVER
  AVERAGE SKY COVER 0.2


WEATHER CONDITIONS
 THE FOLLOWING WEATHER WAS RECORDED TODAY.
  FOG
  FOG W/VISIBILITY <= 1/4 MILE
  HAZE


RELATIVE HUMIDITY (PERCENT)
 HIGHEST   100           700 AM
 LOWEST     27           300 PM
 AVERAGE    64

..........................................................


THE ST. JOSEPH MO CLIMATE NORMALS FOR TOMORROW
                         NORMAL    RECORD    YEAR
 MAXIMUM TEMPERATURE (F)   65        88      1979
 MINIMUM TEMPERATURE (F)   41        20      1982


SUNRISE AND SUNSET
OCTOBER 20 2014.......SUNRISE   735 AM CDT   SUNSET   633 PM CDT
OCTOBER 21 2014.......SUNRISE   736 AM CDT   SUNSET   632 PM CDT


-  INDICATES NEGATIVE NUMBERS.
R  INDICATES RECORD WAS SET OR TIED.
MM INDICATES DATA IS MISSING.
T  INDICATES TRACE AMOUNT.




$$
