893
CDUS43 KEAX 190649
CLISTJ


CLIMATE REPORT
NATIONAL WEATHER SERVICE KANSAS CITY/PLEASANT HILL MO
1248 AM CST FRI JAN 19 2018


...................................

...THE ST. JOSEPH MO CLIMATE SUMMARY FOR JANUARY 18 2018...

CLIMATE NORMAL PERIOD 1981 TO 2010
CLIMATE RECORD PERIOD 1892 TO 2018


WEATHER ITEM   OBSERVED TIME   RECORD YEAR NORMAL DEPARTURE LAST
                VALUE   (LST)  VALUE       VALUE  FROM      YEAR
                                                  NORMAL
..................................................................
TEMPERATURE (F)
 YESTERDAY
  MAXIMUM         39    319 PM  69    1951  37      2       49
  MINIMUM         11    558 AM -15    1940  17     -6       23
  AVERAGE         25                        27     -2       36

PRECIPITATION (IN)
  YESTERDAY        0.00          0.82 1979   0.01  -0.01     0.00
  MONTH TO DATE    0.18                      0.30  -0.12     0.91
  SINCE DEC 1      0.32                      1.82  -1.50     2.01
  SINCE JAN 1      0.18                      0.30  -0.12     0.91

DEGREE DAYS
 HEATING
  YESTERDAY       40                        38      2       29
  MONTH TO DATE  469                       687   -218      452
  SINCE DEC 1   1559                      1789   -230     1597
  SINCE JUL 1   2534                      2900   -366     2272

 COOLING
  YESTERDAY        0                         0      0        0
  MONTH TO DATE    0                         0      0        0
  SINCE DEC 1      0                         0      0        0
  SINCE JAN 1      0                         0      0        0
..................................................................


WIND (MPH)
  HIGHEST WIND SPEED    21   HIGHEST WIND DIRECTION    SW (210)
  HIGHEST GUST SPEED    27   HIGHEST GUST DIRECTION    SW (210)
  AVERAGE WIND SPEED     9.4


SKY COVER
  POSSIBLE SUNSHINE  MM
  AVERAGE SKY COVER 0.0


WEATHER CONDITIONS
 THE FOLLOWING WEATHER WAS RECORDED YESTERDAY.
  NO SIGNIFICANT WEATHER WAS OBSERVED.


RELATIVE HUMIDITY (PERCENT)
 HIGHEST    92           200 AM
 LOWEST     54           300 PM
 AVERAGE    73

..........................................................


THE ST. JOSEPH MO CLIMATE NORMALS FOR TODAY
                         NORMAL    RECORD    YEAR
 MAXIMUM TEMPERATURE (F)   37        64      2015
 MINIMUM TEMPERATURE (F)   17       -15      1943


SUNRISE AND SUNSET
JANUARY 19 2018.......SUNRISE   737 AM CST   SUNSET   524 PM CST
JANUARY 20 2018.......SUNRISE   737 AM CST   SUNSET   525 PM CST


-  INDICATES NEGATIVE NUMBERS.
R  INDICATES RECORD WAS SET OR TIED.
MM INDICATES DATA IS MISSING.
T  INDICATES TRACE AMOUNT.




$$
