000
CDUS43 KEAX 220638
CLISTJ


CLIMATE REPORT
NATIONAL WEATHER SERVICE KANSAS CITY/PLEASANT HILL MO
1234 AM CST SAT NOV 22 2014


...................................

...THE ST. JOSEPH MO CLIMATE SUMMARY FOR NOVEMBER 21 2014...

CLIMATE NORMAL PERIOD 1981 TO 2010
CLIMATE RECORD PERIOD 1892 TO 2014


WEATHER ITEM   OBSERVED TIME   RECORD YEAR NORMAL DEPARTURE LAST
                VALUE   (LST)  VALUE       VALUE  FROM      YEAR
                                                  NORMAL
..................................................................
TEMPERATURE (F)
 YESTERDAY
  MAXIMUM         42   1147 PM  75    1990  50     -8       44
  MINIMUM         17    105 AM   4    1937  29    -12       27
  AVERAGE         30                        39     -9       36

PRECIPITATION (IN)
  YESTERDAY        T             1.10 1934   0.04  -0.04     0.19
  MONTH TO DATE    0.04                      1.19  -1.15     1.93
  SINCE SEP 1      8.20                      7.42   0.78    11.15
  SINCE JAN 1     30.75                     33.72  -2.97    30.82

DEGREE DAYS
 HEATING
  YESTERDAY       35                        26      9       29
  MONTH TO DATE  641                       439    202      426
  SINCE SEP 1    998                       853    145      829
  SINCE JUL 1   1004                       858    146      831

 COOLING
  YESTERDAY        0                         0      0        0
  MONTH TO DATE    0                         0      0        0
  SINCE SEP 1    133                       143    -10      215
  SINCE JAN 1   1182                      1220    -38     1285
..................................................................


WIND (MPH)
  HIGHEST WIND SPEED    16   HIGHEST WIND DIRECTION    SE (150)
  HIGHEST GUST SPEED    19   HIGHEST GUST DIRECTION    SE (130)
  AVERAGE WIND SPEED     5.3


SKY COVER
  POSSIBLE SUNSHINE  MM
  AVERAGE SKY COVER 0.5


WEATHER CONDITIONS
 THE FOLLOWING WEATHER WAS RECORDED YESTERDAY.
  LIGHT RAIN


RELATIVE HUMIDITY (PERCENT)
 HIGHEST    85           600 PM
 LOWEST     54          1100 AM
 AVERAGE    70

..........................................................


THE ST. JOSEPH MO CLIMATE NORMALS FOR TODAY
                         NORMAL    RECORD    YEAR
 MAXIMUM TEMPERATURE (F)   50        78      1966
 MINIMUM TEMPERATURE (F)   28        10      1929


SUNRISE AND SUNSET
NOVEMBER 22 2014......SUNRISE   712 AM CST   SUNSET   459 PM CST
NOVEMBER 23 2014......SUNRISE   713 AM CST   SUNSET   459 PM CST


-  INDICATES NEGATIVE NUMBERS.
R  INDICATES RECORD WAS SET OR TIED.
MM INDICATES DATA IS MISSING.
T  INDICATES TRACE AMOUNT.




$$
