000
CDUS43 KEAX 061232
CLISTJ


CLIMATE REPORT
NATIONAL WEATHER SERVICE KANSAS CITY/PLEASANT HILL MO
631 AM CST FRI MAR 6 2015


...................................

...THE ST. JOSEPH MO CLIMATE SUMMARY FOR MARCH 6 2015...
VALID AS OF 0600 AM LOCAL TIME.

CLIMATE NORMAL PERIOD 1981 TO 2010
CLIMATE RECORD PERIOD 1892 TO 2015


WEATHER ITEM   OBSERVED TIME   RECORD YEAR NORMAL DEPARTURE LAST
                VALUE   (LST)  VALUE       VALUE  FROM      YEAR
                                                  NORMAL
..................................................................
TEMPERATURE (F)
 TODAY
  MAXIMUM         27    559 AM  75    2000  50    -23       46
                                      1987
  MINIMUM         22   1244 AM  -8    1960  28     -6       16
  AVERAGE         25                        39    -14       31

PRECIPITATION (IN)
  TODAY            0.00          0.85 1900   0.06  -0.06     0.00
  MONTH TO DATE    T                         0.34  -0.34     0.01
  SINCE MAR 1      T                         0.34  -0.34     0.01
  SINCE JAN 1      1.75                      1.83  -0.08     0.83

DEGREE DAYS
 HEATING
  TODAY           40                        26     14       34
  MONTH TO DATE  234                       164     70      281
  SINCE MAR 1    234                       164     70      281
  SINCE JUL 1   4758                      4472    286     5221

 COOLING
  TODAY            0                         0      0        0
  MONTH TO DATE    0                         0      0        0
  SINCE MAR 1      0                         0      0        0
  SINCE JAN 1      0                         0      0        0
..................................................................


WIND (MPH)
  HIGHEST WIND SPEED    17   HIGHEST WIND DIRECTION     S (200)
  HIGHEST GUST SPEED    22   HIGHEST GUST DIRECTION     S (190)
  AVERAGE WIND SPEED    11.0


SKY COVER
  AVERAGE SKY COVER 0.0


WEATHER CONDITIONS
 THE FOLLOWING WEATHER WAS RECORDED TODAY.
  NO SIGNIFICANT WEATHER WAS OBSERVED.


RELATIVE HUMIDITY (PERCENT)
 HIGHEST    68           400 AM
 LOWEST     62           200 AM
 AVERAGE    65

..........................................................


THE ST. JOSEPH MO CLIMATE NORMALS FOR TOMORROW
                         NORMAL    RECORD    YEAR
 MAXIMUM TEMPERATURE (F)   50        82      1974
 MINIMUM TEMPERATURE (F)   28         0      1943


SUNRISE AND SUNSET
MARCH  6 2015.........SUNRISE   646 AM CST   SUNSET   617 PM CST
MARCH  7 2015.........SUNRISE   644 AM CST   SUNSET   618 PM CST


-  INDICATES NEGATIVE NUMBERS.
R  INDICATES RECORD WAS SET OR TIED.
MM INDICATES DATA IS MISSING.
T  INDICATES TRACE AMOUNT.




$$
