000
CDUS43 KEAX 230639
CLISTJ


CLIMATE REPORT
NATIONAL WEATHER SERVICE KANSAS CITY/PLEASANT HILL MO
138 AM CDT WED AUG 23 2017


...................................

...THE ST. JOSEPH MO CLIMATE SUMMARY FOR AUGUST 22 2017...

CLIMATE NORMAL PERIOD 1981 TO 2010
CLIMATE RECORD PERIOD 1892 TO 2017


WEATHER ITEM   OBSERVED TIME   RECORD YEAR NORMAL DEPARTURE LAST
                VALUE   (LST)  VALUE       VALUE  FROM      YEAR
                                                  NORMAL
..................................................................
TEMPERATURE (F)
 YESTERDAY
  MAXIMUM         79    159 PM 101    1936  86     -7       83
  MINIMUM         54   1159 PM  50    1981  63     -9       55
  AVERAGE         67                        74     -7       69

PRECIPITATION (IN)
  YESTERDAY        0.49          1.66 1954   0.13   0.36     0.00
  MONTH TO DATE    2.21                      2.70  -0.49     2.19
  SINCE JUN 1      6.70                     12.07  -5.37    11.44
  SINCE JAN 1     18.78                     25.02  -6.24    25.57

DEGREE DAYS
 HEATING
  YESTERDAY        0                         0      0        0
  MONTH TO DATE    6                         0      6        0
  SINCE JUN 1     10                         9      1        2
  SINCE JUL 1      6                         1      5        2

 COOLING
  YESTERDAY        2                        10     -8        4
  MONTH TO DATE  147                       247   -100      252
  SINCE JUN 1    888                       888      0     1094
  SINCE JAN 1   1007                      1001      6     1177
..................................................................


WIND (MPH)
  HIGHEST WIND SPEED    29   HIGHEST WIND DIRECTION    NE (30)
  HIGHEST GUST SPEED    36   HIGHEST GUST DIRECTION    NE (40)
  AVERAGE WIND SPEED     7.2


SKY COVER
  POSSIBLE SUNSHINE  MM
  AVERAGE SKY COVER 0.4


WEATHER CONDITIONS
 THE FOLLOWING WEATHER WAS RECORDED YESTERDAY.
  THUNDERSTORM
  HEAVY RAIN
  RAIN
  LIGHT RAIN
  FOG


RELATIVE HUMIDITY (PERCENT)
 HIGHEST   100           100 AM
 LOWEST     50           400 PM
 AVERAGE    75

..........................................................


THE ST. JOSEPH MO CLIMATE NORMALS FOR TODAY
                         NORMAL    RECORD    YEAR
 MAXIMUM TEMPERATURE (F)   86       102      1936
 MINIMUM TEMPERATURE (F)   63        46      1966


SUNRISE AND SUNSET
AUGUST 23 2017........SUNRISE   640 AM CDT   SUNSET   804 PM CDT
AUGUST 24 2017........SUNRISE   640 AM CDT   SUNSET   803 PM CDT


-  INDICATES NEGATIVE NUMBERS.
R  INDICATES RECORD WAS SET OR TIED.
MM INDICATES DATA IS MISSING.
T  INDICATES TRACE AMOUNT.




$$
