000
CDUS43 KEAX 230643
CLISTJ


CLIMATE REPORT
NATIONAL WEATHER SERVICE KANSAS CITY/PLEASANT HILL MO
142 AM CDT MON OCT 23 2017


...................................

...THE ST. JOSEPH MO CLIMATE SUMMARY FOR OCTOBER 22 2017...

CLIMATE NORMAL PERIOD 1981 TO 2010
CLIMATE RECORD PERIOD 1892 TO 2017


WEATHER ITEM   OBSERVED TIME   RECORD YEAR NORMAL DEPARTURE LAST
                VALUE   (LST)  VALUE       VALUE  FROM      YEAR
                                                  NORMAL
..................................................................
TEMPERATURE (F)
 YESTERDAY
  MAXIMUM         69    353 PM  87    1927  65      4       74
  MINIMUM         41   1056 PM  23    1982  41      0       39
  AVERAGE         55                        52      3       57

PRECIPITATION (IN)
  YESTERDAY        0.05          2.83 1977   0.09  -0.04     0.00
  MONTH TO DATE    4.12                      2.04   2.08     1.48
  SINCE SEP 1      5.15                      5.46  -0.31    10.14
  SINCE JAN 1     25.40                     31.76  -6.36    40.26

DEGREE DAYS
 HEATING
  YESTERDAY       10                        13     -3        8
  MONTH TO DATE  102                       207   -105      129
  SINCE SEP 1    125                       282   -157      154
  SINCE JUL 1    131                       287   -156      156

 COOLING
  YESTERDAY        0                         0      0        0
  MONTH TO DATE   37                        18     19       34
  SINCE SEP 1    227                       140     87      256
  SINCE JAN 1   1271                      1217     54     1528
..................................................................


WIND (MPH)
  HIGHEST WIND SPEED    13   HIGHEST WIND DIRECTION    NW (330)
  HIGHEST GUST SPEED    17   HIGHEST GUST DIRECTION    NW (310)
  AVERAGE WIND SPEED     3.9


SKY COVER
  POSSIBLE SUNSHINE  MM
  AVERAGE SKY COVER 0.2


WEATHER CONDITIONS
 THE FOLLOWING WEATHER WAS RECORDED YESTERDAY.
  THUNDERSTORM
  LIGHT RAIN
  HAZE


RELATIVE HUMIDITY (PERCENT)
 HIGHEST   100           300 AM
 LOWEST     26           400 PM
 AVERAGE    63

..........................................................


THE ST. JOSEPH MO CLIMATE NORMALS FOR TODAY
                         NORMAL    RECORD    YEAR
 MAXIMUM TEMPERATURE (F)   64        91      1939
 MINIMUM TEMPERATURE (F)   40        24      1937


SUNRISE AND SUNSET
OCTOBER 23 2017.......SUNRISE   739 AM CDT   SUNSET   629 PM CDT
OCTOBER 24 2017.......SUNRISE   740 AM CDT   SUNSET   627 PM CDT


-  INDICATES NEGATIVE NUMBERS.
R  INDICATES RECORD WAS SET OR TIED.
MM INDICATES DATA IS MISSING.
T  INDICATES TRACE AMOUNT.




$$
