000
CDUS43 KLSX 230745
CLISTL


CLIMATE REPORT
NATIONAL WEATHER SERVICE ST LOUIS MO
245 AM CDT THU OCT 23 2014


...................................

...THE ST. LOUIS CLIMATE SUMMARY FOR OCTOBER 22 2014...

CLIMATE NORMAL PERIOD 1981 TO 2010
CLIMATE RECORD PERIOD 1874 TO 2014


WEATHER ITEM   OBSERVED TIME   RECORD YEAR NORMAL DEPARTURE LAST
                VALUE   (LST)  VALUE       VALUE  FROM      YEAR
                                                  NORMAL
..................................................................
TEMPERATURE (F)
 YESTERDAY
  MAXIMUM         63    359 PM  86    1947  67     -4       62
                                      1940
  MINIMUM         43    604 AM  25    1976  47     -4       38
  AVERAGE         53                        57     -4       50

PRECIPITATION (IN)
  YESTERDAY        0.00          1.91 2009   0.11  -0.11     0.10
  MONTH TO DATE    4.59                      2.37   2.22     1.44
  SINCE SEP 1      8.79                      5.50   3.29     4.18
  SINCE JAN 1     37.76                     33.25   4.51    38.79

SNOWFALL (IN)
  YESTERDAY        0.0           T    1937   0.0    0.0      0.0
  MONTH TO DATE    0.0                       0.0    0.0      0.0
  SINCE SEP 1      0.0                       0.0    0.0      0.0
  SINCE JUL 1      0.0                       0.0    0.0      0.0
  SNOW DEPTH       0

DEGREE DAYS
 HEATING
  YESTERDAY       12                         9      3       15
  MONTH TO DATE  129                       140    -11      112
  SINCE SEP 1    168                       180    -12      115
  SINCE JUL 1    168                       181    -13      115

 COOLING
  YESTERDAY        0                         1     -1        0
  MONTH TO DATE   20                        36    -16       63
  SINCE SEP 1    213                       238    -25      342
  SINCE JAN 1   1718                      1637     81     1728
..................................................................


WIND (MPH)
  HIGHEST WIND SPEED    12   HIGHEST WIND DIRECTION    SE (120)
  HIGHEST GUST SPEED    18   HIGHEST GUST DIRECTION     S (170)
  AVERAGE WIND SPEED     5.9


SKY COVER
  AVERAGE SKY COVER 0.1


WEATHER CONDITIONS
 THE FOLLOWING WEATHER WAS RECORDED YESTERDAY.
  NO SIGNIFICANT WEATHER WAS OBSERVED.


RELATIVE HUMIDITY (PERCENT)
 HIGHEST    83           400 AM
 LOWEST     46           400 PM
 AVERAGE    65

..........................................................


THE ST. LOUIS CLIMATE NORMALS FOR TODAY
                         NORMAL    RECORD    YEAR
 MAXIMUM TEMPERATURE (F)   66        86      1939
 MINIMUM TEMPERATURE (F)   47        28      1981


SUNRISE AND SUNSET
OCTOBER 23 2014.......SUNRISE   719 AM CDT   SUNSET   612 PM CDT
OCTOBER 24 2014.......SUNRISE   720 AM CDT   SUNSET   611 PM CDT


-  INDICATES NEGATIVE NUMBERS.
R  INDICATES RECORD WAS SET OR TIED.
MM INDICATES DATA IS MISSING.
T  INDICATES TRACE AMOUNT.




$$
