000
CDUS43 KLSX 270729
CLISTL


CLIMATE REPORT
NATIONAL WEATHER SERVICE ST LOUIS MO
126 AM CST MON FEB 27 2017


...................................

...THE ST. LOUIS CLIMATE SUMMARY FOR FEBRUARY 26 2017...

CLIMATE NORMAL PERIOD 1981 TO 2010
CLIMATE RECORD PERIOD 1874 TO 2017


WEATHER ITEM   OBSERVED TIME   RECORD YEAR NORMAL DEPARTURE LAST
                VALUE   (LST)  VALUE       VALUE  FROM      YEAR
                                                  NORMAL
..................................................................
TEMPERATURE (F)
 YESTERDAY
  MAXIMUM         50    316 PM  78    1996  49      1       42
  MINIMUM         28    131 AM  -3    1934  31     -3       28
  AVERAGE         39                        40     -1       35

PRECIPITATION (IN)
  YESTERDAY        T             2.19 1997   0.08  -0.08     0.00
  MONTH TO DATE    0.47                      2.08  -1.61     0.80
  SINCE DEC 1      3.40                      7.32  -3.92    13.34
  SINCE JAN 1      2.27                      4.48  -2.21     1.60

SNOWFALL (IN)
  YESTERDAY        0.0          12.8  1906   0.1   -0.1      0.0
  MONTH TO DATE    0.2                       4.0   -3.8      7.3
  SINCE DEC 1      1.4                      14.0  -12.6     10.6
  SINCE JUL 1      1.4                      14.7  -13.3     10.6
  SNOW DEPTH       0

DEGREE DAYS
 HEATING
  YESTERDAY       26                        25      1       30
  MONTH TO DATE  468                       755   -287      680
  SINCE DEC 1   2229                      2723   -494     2236
  SINCE JUL 1   2720                      3549   -829     2798

 COOLING
  YESTERDAY        0                         0      0        0
  MONTH TO DATE    1                         0      1        0
  SINCE DEC 1      1                         0      1        0
  SINCE JAN 1      1                         0      1        0
..................................................................


WIND (MPH)
  HIGHEST WIND SPEED    17   HIGHEST WIND DIRECTION     S (200)
  HIGHEST GUST SPEED    25   HIGHEST GUST DIRECTION    SW (210)
  AVERAGE WIND SPEED     9.8


SKY COVER
  AVERAGE SKY COVER 0.7


WEATHER CONDITIONS
 THE FOLLOWING WEATHER WAS RECORDED YESTERDAY.
  LIGHT RAIN


RELATIVE HUMIDITY (PERCENT)
 HIGHEST    70           900 PM
 LOWEST     30          1100 AM
 AVERAGE    50

..........................................................


THE ST. LOUIS CLIMATE NORMALS FOR TODAY
                         NORMAL    RECORD    YEAR
 MAXIMUM TEMPERATURE (F)   49        79      1981
 MINIMUM TEMPERATURE (F)   31        -8      1934


SUNRISE AND SUNSET
FEBRUARY 27 2017......SUNRISE   636 AM CST   SUNSET   553 PM CST
FEBRUARY 28 2017......SUNRISE   635 AM CST   SUNSET   554 PM CST


-  INDICATES NEGATIVE NUMBERS.
R  INDICATES RECORD WAS SET OR TIED.
MM INDICATES DATA IS MISSING.
T  INDICATES TRACE AMOUNT.




$$
