000
CDUS43 KLSX 300745
CLISTL


CLIMATE REPORT
NATIONAL WEATHER SERVICE ST LOUIS MO
245 AM CDT TUE SEP 30 2014


...................................

...THE ST. LOUIS CLIMATE SUMMARY FOR SEPTEMBER 29 2014...

CLIMATE NORMAL PERIOD 1981 TO 2010
CLIMATE RECORD PERIOD 1874 TO 2014


WEATHER ITEM   OBSERVED TIME   RECORD YEAR NORMAL DEPARTURE LAST
                VALUE   (LST)  VALUE       VALUE  FROM      YEAR
                                                  NORMAL
..................................................................
TEMPERATURE (F)
 YESTERDAY
  MAXIMUM         88    155 PM 102    1953  75     13       76
  MINIMUM         61    619 AM  36    1942  55      6       58
  AVERAGE         75                        65     10       67

PRECIPITATION (IN)
  YESTERDAY        0.00          1.64 1906   0.10  -0.10      T
  MONTH TO DATE    4.20                      3.03   1.17     2.74
  SINCE SEP 1      4.20                      3.03   1.17     2.74
  SINCE JAN 1     33.17                     30.78   2.39    37.35

SNOWFALL (IN)
  YESTERDAY        0.0           0.0  2013   0.0    0.0      0.0
  MONTH TO DATE    0.0                       0.0    0.0      0.0
  SINCE SEP 1      0.0                       0.0    0.0      0.0
  SINCE JUL 1      0.0                       0.0    0.0      0.0
  SNOW DEPTH       0

DEGREE DAYS
 HEATING
  YESTERDAY        0                         4     -4        0
  MONTH TO DATE   39                        35      4        3
  SINCE SEP 1     39                        35      4        3
  SINCE JUL 1     39                        36      3        3

 COOLING
  YESTERDAY       10                         3      7        2
  MONTH TO DATE  184                       200    -16      277
  SINCE SEP 1    184                       200    -16      277
  SINCE JAN 1   1689                      1599     90     1663
..................................................................


WIND (MPH)
  HIGHEST WIND SPEED     9   HIGHEST WIND DIRECTION    NW (320)
  HIGHEST GUST SPEED    14   HIGHEST GUST DIRECTION     W (270)
  AVERAGE WIND SPEED     2.6


SKY COVER
  AVERAGE SKY COVER 0.1


WEATHER CONDITIONS
 THE FOLLOWING WEATHER WAS RECORDED YESTERDAY.
  NO SIGNIFICANT WEATHER WAS OBSERVED.


RELATIVE HUMIDITY (PERCENT)
 HIGHEST    90           600 AM
 LOWEST     34           200 PM
 AVERAGE    62

..........................................................


THE ST. LOUIS CLIMATE NORMALS FOR TODAY
                         NORMAL    RECORD    YEAR
 MAXIMUM TEMPERATURE (F)   74        93      1952
 MINIMUM TEMPERATURE (F)   54        36      1949


SUNRISE AND SUNSET
SEPTEMBER 30 2014.....SUNRISE   656 AM CDT   SUNSET   646 PM CDT
OCTOBER  1 2014.......SUNRISE   657 AM CDT   SUNSET   644 PM CDT


-  INDICATES NEGATIVE NUMBERS.
R  INDICATES RECORD WAS SET OR TIED.
MM INDICATES DATA IS MISSING.
T  INDICATES TRACE AMOUNT.




$$
