000
CDUS43 KLSX 070745
CLISTL


CLIMATE REPORT
NATIONAL WEATHER SERVICE ST LOUIS MO
245 AM CDT TUE JUL 7 2015


...................................

...THE ST. LOUIS CLIMATE SUMMARY FOR JULY 6 2015...

CLIMATE NORMAL PERIOD 1981 TO 2010
CLIMATE RECORD PERIOD 1874 TO 2015


WEATHER ITEM   OBSERVED TIME   RECORD YEAR NORMAL DEPARTURE LAST
                VALUE   (LST)  VALUE       VALUE  FROM      YEAR
                                                  NORMAL
..................................................................
TEMPERATURE (F)
 YESTERDAY
  MAXIMUM         90   1152 AM 106    2012  89      1       92
  MINIMUM         74    520 AM  51    1972  71      3       72
  AVERAGE         82                        80      2       82

PRECIPITATION (IN)
  YESTERDAY        0.14          3.10 1987   0.14   0.00      T
  MONTH TO DATE    1.04                      0.78   0.26     0.02
  SINCE JUN 1     14.18                      5.06   9.12     5.28
  SINCE JAN 1     29.17                     21.43   7.74    22.34

SNOWFALL (IN)
  YESTERDAY        0.0           0.0  2013   0.0    0.0      0.0
  MONTH TO DATE    0.0                       0.0    0.0      0.0
  SINCE JUN 1      0.0                       0.0    0.0      0.0
  SINCE JUL 1      0.0                       0.0    0.0      0.0
  SNOW DEPTH       0

DEGREE DAYS
 HEATING
  YESTERDAY        0                         0      0        0
  MONTH TO DATE    0                         0      0        0
  SINCE JUN 1      3                         5     -2        0
  SINCE JUL 1      0                         0      0        0

 COOLING
  YESTERDAY       17                        15      2       17
  MONTH TO DATE   73                        90    -17       61
  SINCE JUN 1    463                       424     39      459
  SINCE JAN 1    687                       598     89      721
..................................................................


WIND (MPH)
  HIGHEST WIND SPEED    24   HIGHEST WIND DIRECTION    SW (230)
  HIGHEST GUST SPEED    30   HIGHEST GUST DIRECTION    SW (230)
  AVERAGE WIND SPEED     8.2


SKY COVER
  AVERAGE SKY COVER 0.7


WEATHER CONDITIONS
 THE FOLLOWING WEATHER WAS RECORDED YESTERDAY.
  THUNDERSTORM
  RAIN
  LIGHT RAIN
  HAZE


RELATIVE HUMIDITY (PERCENT)
 HIGHEST    87           500 AM
 LOWEST     59          1000 AM
 AVERAGE    73

..........................................................


THE ST. LOUIS CLIMATE NORMALS FOR TODAY
                         NORMAL    RECORD    YEAR
 MAXIMUM TEMPERATURE (F)   89       107      2012
 MINIMUM TEMPERATURE (F)   71        54      1983


SUNRISE AND SUNSET
JULY  7 2015..........SUNRISE   543 AM CDT   SUNSET   829 PM CDT
JULY  8 2015..........SUNRISE   544 AM CDT   SUNSET   829 PM CDT


-  INDICATES NEGATIVE NUMBERS.
R  INDICATES RECORD WAS SET OR TIED.
MM INDICATES DATA IS MISSING.
T  INDICATES TRACE AMOUNT.




$$
