000
CDUS43 KLSX 290726
CLISTL


CLIMATE REPORT
NATIONAL WEATHER SERVICE ST LOUIS MO
226 AM CDT MON AUG 29 2016


...................................

...THE ST. LOUIS CLIMATE SUMMARY FOR AUGUST 28 2016...

CLIMATE NORMAL PERIOD 1981 TO 2010
CLIMATE RECORD PERIOD 1874 TO 2016


WEATHER ITEM   OBSERVED TIME   RECORD YEAR NORMAL DEPARTURE LAST
                VALUE   (LST)  VALUE       VALUE  FROM      YEAR
                                                  NORMAL
..................................................................
TEMPERATURE (F)
 YESTERDAY
  MAXIMUM         96    123 PM 101    1990  87      9       83
                                      1913
  MINIMUM         74    353 AM  48    1986  68      6       63
  AVERAGE         85                        77      8       73

PRECIPITATION (IN)
  YESTERDAY        0.00          2.53 1974   0.09  -0.09     0.00
  MONTH TO DATE    5.24                      2.71   2.53     6.67
  SINCE JUN 1     14.90                     11.10   3.80    23.94
  SINCE JAN 1     27.95                     27.47   0.48    38.93

SNOWFALL (IN)
  YESTERDAY        0.0           0.0  2015   0.0    0.0      0.0
  MONTH TO DATE    0.0                       0.0    0.0      0.0
  SINCE JUN 1      0.0                       0.0    0.0      0.0
  SINCE JUL 1      0.0                       0.0    0.0      0.0
  SNOW DEPTH       0

DEGREE DAYS
 HEATING
  YESTERDAY        0                         0      0        0
  MONTH TO DATE    0                         0      0        0
  SINCE JUN 1      0                         5     -5        3
  SINCE JUL 1      0                         0      0        0

 COOLING
  YESTERDAY       20                        12      8        8
  MONTH TO DATE  442                       390     52      356
  SINCE JUN 1   1459                      1191    268     1236
  SINCE JAN 1   1653                      1365    288     1460
..................................................................


WIND (MPH)
  HIGHEST WIND SPEED    14   HIGHEST WIND DIRECTION     S (160)
  HIGHEST GUST SPEED    20   HIGHEST GUST DIRECTION    SE (130)
  AVERAGE WIND SPEED     4.7


SKY COVER
  AVERAGE SKY COVER 0.5


WEATHER CONDITIONS
 THE FOLLOWING WEATHER WAS RECORDED YESTERDAY.
  NO SIGNIFICANT WEATHER WAS OBSERVED.


RELATIVE HUMIDITY (PERCENT)
 HIGHEST    87           400 AM
 LOWEST     39           100 PM
 AVERAGE    63

..........................................................


THE ST. LOUIS CLIMATE NORMALS FOR TODAY
                         NORMAL    RECORD    YEAR
 MAXIMUM TEMPERATURE (F)   86       107      1984
 MINIMUM TEMPERATURE (F)   67        47      1986
                                             1965


SUNRISE AND SUNSET
AUGUST 29 2016........SUNRISE   628 AM CDT   SUNSET   735 PM CDT
AUGUST 30 2016........SUNRISE   629 AM CDT   SUNSET   734 PM CDT


-  INDICATES NEGATIVE NUMBERS.
R  INDICATES RECORD WAS SET OR TIED.
MM INDICATES DATA IS MISSING.
T  INDICATES TRACE AMOUNT.




$$
