000
CDUS46 KMTR 240048
CLISTS


CLIMATE REPORT
NATIONAL WEATHER SERVICE SAN FRANCISCO BAY AREA
547 PM PDT TUE AUG 23 2016


...................................

...THE SANTA ROSA AIRPORT CLIMATE SUMMARY FOR AUGUST 23 2016...
VALID TODAY AS OF 0500 PM LOCAL TIME.

CLIMATE NORMAL PERIOD 1981 TO 2010
CLIMATE RECORD PERIOD 1998 TO 2016


WEATHER ITEM   OBSERVED TIME   RECORD YEAR NORMAL DEPARTURE LAST
                VALUE   (LST)  VALUE       VALUE  FROM      YEAR
                                                  NORMAL
..................................................................
TEMPERATURE (F)
 TODAY
  MAXIMUM         74    237 PM  99    2010  84    -10       76
  MINIMUM         55    656 AM  48    1998  51      4       59
  AVERAGE         65                        67     -2       68

PRECIPITATION (IN)
  TODAY            0.00          0.00 2000   0.00   0.00     0.00
  MONTH TO DATE    T                         0.03  -0.03      T
  SINCE OCT 1     32.14                     35.88  -3.74    24.56
  SINCE JAN 1     23.56                     22.13   1.43     6.01

DEGREE DAYS
 HEATING
  TODAY            0                                         0
  MONTH TO DATE    4                                         3
  SINCE JUN 1     32                                        26
  SINCE JUL 1     11                                         7

 COOLING
  TODAY            0                                         3
  MONTH TO DATE   32                                       109
  SINCE JUN 1    215                                       333
  SINCE JAN 1    244                                       345
..................................................................


WIND (MPH)
  RESULTANT WIND SPEED   4   RESULTANT WIND DIRECTION   S (160)
  HIGHEST WIND SPEED    15   HIGHEST WIND DIRECTION     S (170)
  HIGHEST GUST SPEED    18   HIGHEST GUST DIRECTION     S (160)
  AVERAGE WIND SPEED     4.5


SKY COVER
  POSSIBLE SUNSHINE  MM
  AVERAGE SKY COVER 0.7


WEATHER CONDITIONS
 THE FOLLOWING WEATHER WAS RECORDED TODAY.
  FOG


RELATIVE HUMIDITY (PERCENT)
 HIGHEST   100           700 AM
 LOWEST     57           200 PM
 AVERAGE    79

..........................................................


THE SANTA ROSA AIRPORT CLIMATE NORMALS FOR TOMORROW
                         NORMAL    RECORD    YEAR
 MAXIMUM TEMPERATURE (F)   84       107      2010
 MINIMUM TEMPERATURE (F)   51        47      2012
                                             2006


SUNRISE AND SUNSET
AUGUST 23 2016........SUNRISE   633 AM PDT   SUNSET   754 PM PDT
AUGUST 24 2016........SUNRISE   634 AM PDT   SUNSET   752 PM PDT


-  INDICATES NEGATIVE NUMBERS.
R  INDICATES RECORD WAS SET OR TIED.
MM INDICATES DATA IS MISSING.
T  INDICATES TRACE AMOUNT.




$$
