000
CDUS43 KFSD 230644
CLISUX


CLIMATE REPORT
NATIONAL WEATHER SERVICE SIOUX FALLS SD
1242 AM CST MON JAN 23 2017


...................................

...THE SIOUX CITY IA CLIMATE SUMMARY FOR JANUARY 22 2017...

CLIMATE NORMAL PERIOD 1981 TO 2010
CLIMATE RECORD PERIOD 1889 TO 2017


WEATHER ITEM   OBSERVED TIME   RECORD YEAR NORMAL DEPARTURE LAST
                VALUE   (LST)  VALUE       VALUE  FROM      YEAR
                                                  NORMAL
..................................................................
TEMPERATURE (F)
 YESTERDAY
  MAXIMUM         38    306 PM  62    1989  31      7       27
  MINIMUM         28   1217 AM -21    1936  10     18       17
  AVERAGE         33                        20     13       22

PRECIPITATION (IN)
  YESTERDAY        0.00          1.09 1982   0.02  -0.02     0.00
  MONTH TO DATE    0.37                      0.44  -0.07     0.68
  SINCE DEC 1      1.85                      1.24   0.61     3.54
  SINCE JAN 1      0.37                      0.44  -0.07     0.68

SNOWFALL (IN)
  YESTERDAY        0.0          17.4  1982   0.2   -0.2      0.0
  MONTH TO DATE    1.0                       4.6   -3.6      4.6
  SINCE DEC 1      5.5                      12.4   -6.9     16.4
  SINCE JUL 1      6.5                      17.8  -11.3     28.9
  SNOW DEPTH       0

DEGREE DAYS
 HEATING
  YESTERDAY       32                        45    -13       43
  MONTH TO DATE  917                       990    -73     1011
  SINCE DEC 1   2157                      2306   -149     2056
  SINCE JUL 1   3101                      3782   -681     3162

 COOLING
  YESTERDAY        0                         0      0        0
  MONTH TO DATE    0                         0      0        0
  SINCE DEC 1      0                         0      0        0
  SINCE JAN 1      0                         0      0        0
..................................................................


WIND (MPH)
  HIGHEST WIND SPEED    23   HIGHEST WIND DIRECTION    NW (330)
  HIGHEST GUST SPEED    27   HIGHEST GUST DIRECTION    NW (330)
  AVERAGE WIND SPEED    12.3


SKY COVER
  POSSIBLE SUNSHINE  MM
  AVERAGE SKY COVER 0.8


WEATHER CONDITIONS
 THE FOLLOWING WEATHER WAS RECORDED YESTERDAY.
  FOG
  HAZE


RELATIVE HUMIDITY (PERCENT)
 HIGHEST    92          1200 AM
 LOWEST     82          1000 AM
 AVERAGE    87

..........................................................


THE SIOUX CITY IA CLIMATE NORMALS FOR TODAY
                         NORMAL    RECORD    YEAR
 MAXIMUM TEMPERATURE (F)   31        60      1981
 MINIMUM TEMPERATURE (F)   10       -23      1948


SUNRISE AND SUNSET
JANUARY 23 2017.......SUNRISE   747 AM CST   SUNSET   528 PM CST
JANUARY 24 2017.......SUNRISE   746 AM CST   SUNSET   530 PM CST


-  INDICATES NEGATIVE NUMBERS.
R  INDICATES RECORD WAS SET OR TIED.
MM INDICATES DATA IS MISSING.
T  INDICATES TRACE AMOUNT.




$$
