000
CDUS43 KFSD 142244
CLISUX


CLIMATE REPORT
NATIONAL WEATHER SERVICE SIOUX FALLS SD
444 PM CST SUN FEB 14 2016


...................................

...THE SIOUX CITY IA CLIMATE SUMMARY FOR FEBRUARY 14 2016...
VALID TODAY AS OF 0400 PM LOCAL TIME.

CLIMATE NORMAL PERIOD 1981 TO 2010
CLIMATE RECORD PERIOD 1889 TO 2016


WEATHER ITEM   OBSERVED TIME   RECORD YEAR NORMAL DEPARTURE LAST
                VALUE   (LST)  VALUE       VALUE  FROM      YEAR
                                                  NORMAL
..................................................................
TEMPERATURE (F)
 TODAY
  MAXIMUM         29    359 PM  62    1934  34     -5       36
  MINIMUM         18   1218 AM -22    1936  15      3       12
  AVERAGE         24                        25     -1       24

PRECIPITATION (IN)
  TODAY            T             0.85 2003   0.02  -0.02     0.00
  MONTH TO DATE    0.65                      0.29   0.36     0.18
  SINCE DEC 1      4.24                      1.71   2.53     2.22
  SINCE JAN 1      1.38                      0.91   0.47     0.82

SNOWFALL (IN)
  TODAY            0.1           5.0  1918   0.3   -0.2      0.0
  MONTH TO DATE   13.5                       3.4   10.1      3.5
  SINCE DEC 1     30.2                      17.9   12.3     15.6
  SINCE JUL 1     42.7                      23.3   19.4     20.1
  SNOW DEPTH       9

DEGREE DAYS
 HEATING
  TODAY           41                        40      1       41
  MONTH TO DATE  590                       588      2      601
  SINCE DEC 1   2957                      3288   -331     2988
  SINCE JUL 1   4063                      4764   -701     4483

 COOLING
  TODAY            0                         0      0        0
  MONTH TO DATE    0                         0      0        0
  SINCE DEC 1      0                         0      0        0
  SINCE JAN 1      0                         0      0        0
..................................................................


WIND (MPH)
  HIGHEST WIND SPEED    20   HIGHEST WIND DIRECTION     S (160)
  HIGHEST GUST SPEED    25   HIGHEST GUST DIRECTION     S (170)
  AVERAGE WIND SPEED     9.0


SKY COVER
  POSSIBLE SUNSHINE  MM
  AVERAGE SKY COVER 1.0


WEATHER CONDITIONS
 THE FOLLOWING WEATHER WAS RECORDED TODAY.
  LIGHT SNOW


RELATIVE HUMIDITY (PERCENT)
 HIGHEST    77           900 AM
 LOWEST     56           100 AM
 AVERAGE    67

..........................................................


THE SIOUX CITY IA CLIMATE NORMALS FOR TOMORROW
                         NORMAL    RECORD    YEAR
 MAXIMUM TEMPERATURE (F)   35        67      1921
 MINIMUM TEMPERATURE (F)   15       -20      1936


SUNRISE AND SUNSET
FEBRUARY 14 2016......SUNRISE   724 AM CST   SUNSET   556 PM CST
FEBRUARY 15 2016......SUNRISE   723 AM CST   SUNSET   557 PM CST


-  INDICATES NEGATIVE NUMBERS.
R  INDICATES RECORD WAS SET OR TIED.
MM INDICATES DATA IS MISSING.
T  INDICATES TRACE AMOUNT.




$$
