000
CDUS43 KFSD 312222
CLISUX


CLIMATE REPORT
NATIONAL WEATHER SERVICE SIOUX FALLS SD
521 PM CDT TUE MAY 31 2016


...................................

...THE SIOUX CITY IA CLIMATE SUMMARY FOR MAY 31 2016...
VALID TODAY AS OF 0500 PM LOCAL TIME.

CLIMATE NORMAL PERIOD 1981 TO 2010
CLIMATE RECORD PERIOD 1889 TO 2016


WEATHER ITEM   OBSERVED TIME   RECORD YEAR NORMAL DEPARTURE LAST
                VALUE   (LST)  VALUE       VALUE  FROM      YEAR
                                                  NORMAL
..................................................................
TEMPERATURE (F)
 TODAY
  MAXIMUM         77    357 PM 102    1934  78     -1       70
  MINIMUM         62    732 AM  38    1897  54      8       42
  AVERAGE         70                        66      4       56

PRECIPITATION (IN)
  TODAY            0.14          1.35 1943   0.13   0.01     0.07
  MONTH TO DATE    5.02                      3.74   1.28     3.53
  SINCE MAR 1     13.89                      8.69   5.20     6.94
  SINCE JAN 1     15.73                      9.98   5.75     7.90

SNOWFALL (IN)
  TODAY            0.0           0.0    MM   0.0    0.0      0.0
  MONTH TO DATE    0.0                       0.0    0.0      0.0
  SINCE MAR 1     14.5                       8.3    6.2       T
  SINCE JUL 1     57.6                      34.8   22.8     21.5
  SNOW DEPTH       0

DEGREE DAYS
 HEATING
  TODAY            0                         3     -3        9
  MONTH TO DATE  169                       182    -13      166
  SINCE MAR 1   1196                      1540   -344     1241
  SINCE JUL 1   5655                      6834  -1179     6407

 COOLING
  TODAY            5                         3      2        0
  MONTH TO DATE   54                        53      1       28
  SINCE MAR 1     54                        64    -10       29
  SINCE JAN 1     54                        64    -10       29
..................................................................


WIND (MPH)
  HIGHEST WIND SPEED    20   HIGHEST WIND DIRECTION     W (290)
  HIGHEST GUST SPEED    25   HIGHEST GUST DIRECTION     W (280)
  AVERAGE WIND SPEED     9.7


SKY COVER
  POSSIBLE SUNSHINE  MM
  AVERAGE SKY COVER 0.6


WEATHER CONDITIONS
 THE FOLLOWING WEATHER WAS RECORDED TODAY.
  THUNDERSTORM
  LIGHT RAIN
  FOG


RELATIVE HUMIDITY (PERCENT)
 HIGHEST    93           500 AM
 LOWEST     33           300 PM
 AVERAGE    63

..........................................................


THE SIOUX CITY IA CLIMATE NORMALS FOR TOMORROW
                         NORMAL    RECORD    YEAR
 MAXIMUM TEMPERATURE (F)   78        94      1934
 MINIMUM TEMPERATURE (F)   54        40      1982


SUNRISE AND SUNSET
MAY 31 2016...........SUNRISE   551 AM CDT   SUNSET   856 PM CDT
JUNE  1 2016..........SUNRISE   551 AM CDT   SUNSET   856 PM CDT


-  INDICATES NEGATIVE NUMBERS.
R  INDICATES RECORD WAS SET OR TIED.
MM INDICATES DATA IS MISSING.
T  INDICATES TRACE AMOUNT.




$$
