000
CDUS43 KFSD 040725
CLISUX


CLIMATE REPORT
NATIONAL WEATHER SERVICE SIOUX FALLS SD
124 AM CST SUN DEC 4 2016


...................................

...THE SIOUX CITY IA CLIMATE SUMMARY FOR DECEMBER 3 2016...

CLIMATE NORMAL PERIOD 1981 TO 2010
CLIMATE RECORD PERIOD 1889 TO 2016


WEATHER ITEM   OBSERVED TIME   RECORD YEAR NORMAL DEPARTURE LAST
                VALUE   (LST)  VALUE       VALUE  FROM      YEAR
                                                  NORMAL
..................................................................
TEMPERATURE (F)
 YESTERDAY
  MAXIMUM         37   1237 PM  61    1998  36      1       28
  MINIMUM         23    803 AM  -9    1919  17      6        4
  AVERAGE         30                        26      4       16

PRECIPITATION (IN)
  YESTERDAY        0.05          1.08 1953   0.03   0.02      T
  MONTH TO DATE    0.05                      0.10  -0.05     0.21
  SINCE DEC 1      0.05                      0.10  -0.05     0.21
  SINCE JAN 1     30.82                     27.04   3.78    32.49

SNOWFALL (IN)
  YESTERDAY        0.2           8.4  1897   0.2    0.0       T
  MONTH TO DATE    0.2                       0.7   -0.5      3.2
  SINCE DEC 1      0.2                       0.7   -0.5      3.2
  SINCE JUL 1      1.2                       6.1   -4.9     15.7
  SNOW DEPTH       0

DEGREE DAYS
 HEATING
  YESTERDAY       35                        39     -4       49
  MONTH TO DATE   96                       115    -19      126
  SINCE DEC 1     96                       115    -19      126
  SINCE JUL 1   1040                      1591   -551     1232

 COOLING
  YESTERDAY        0                         0      0        0
  MONTH TO DATE    0                         0      0        0
  SINCE DEC 1      0                         0      0        0
  SINCE JAN 1   1165                       869    296      889
..................................................................


WIND (MPH)
  HIGHEST WIND SPEED    16   HIGHEST WIND DIRECTION     S (190)
  HIGHEST GUST SPEED    20   HIGHEST GUST DIRECTION     S (190)
  AVERAGE WIND SPEED     8.0


SKY COVER
  POSSIBLE SUNSHINE  MM
  AVERAGE SKY COVER 0.6


WEATHER CONDITIONS
 THE FOLLOWING WEATHER WAS RECORDED YESTERDAY.
  SNOW
  LIGHT SNOW
  FOG
  HAZE


RELATIVE HUMIDITY (PERCENT)
 HIGHEST   100           600 PM
 LOWEST     81           200 AM
 AVERAGE    91

..........................................................


THE SIOUX CITY IA CLIMATE NORMALS FOR TODAY
                         NORMAL    RECORD    YEAR
 MAXIMUM TEMPERATURE (F)   36        59      1916
 MINIMUM TEMPERATURE (F)   16        -9      1978
                                             1902


SUNRISE AND SUNSET
DECEMBER  4 2016......SUNRISE   739 AM CST   SUNSET   453 PM CST
DECEMBER  5 2016......SUNRISE   740 AM CST   SUNSET   453 PM CST


-  INDICATES NEGATIVE NUMBERS.
R  INDICATES RECORD WAS SET OR TIED.
MM INDICATES DATA IS MISSING.
T  INDICATES TRACE AMOUNT.




$$
