000
CDUS43 KFSD 270635
CLISUX


CLIMATE REPORT
NATIONAL WEATHER SERVICE SIOUX FALLS SD
1234 AM CST MON FEB 27 2017


...................................

...THE SIOUX CITY IA CLIMATE SUMMARY FOR FEBRUARY 26 2017...

CLIMATE NORMAL PERIOD 1981 TO 2010
CLIMATE RECORD PERIOD 1889 TO 2017


WEATHER ITEM   OBSERVED TIME   RECORD YEAR NORMAL DEPARTURE LAST
                VALUE   (LST)  VALUE       VALUE  FROM      YEAR
                                                  NORMAL
..................................................................
TEMPERATURE (F)
 YESTERDAY
  MAXIMUM         38    259 PM  75    1896  39     -1       50
  MINIMUM         13    627 AM -15    1897  19     -6       22
  AVERAGE         26                        29     -3       36

PRECIPITATION (IN)
  YESTERDAY        0.00          0.79 1958   0.03  -0.03     0.00
  MONTH TO DATE    0.58                      0.61  -0.03     1.11
  SINCE DEC 1      2.73                      2.03   0.70     4.70
  SINCE JAN 1      1.25                      1.23   0.02     1.84

SNOWFALL (IN)
  YESTERDAY        0.0           5.9  1906   0.3   -0.3      0.0
  MONTH TO DATE   12.8                       6.2    6.6     13.9
  SINCE DEC 1     24.5                      20.7    3.8     30.6
  SINCE JUL 1     25.5                      26.1   -0.6     43.1
  SNOW DEPTH       9

DEGREE DAYS
 HEATING
  YESTERDAY       39                        36      3       29
  MONTH TO DATE  767                      1046   -279      921
  SINCE DEC 1   3231                      3746   -515     3288
  SINCE JUL 1   4175                      5222  -1047     4394

 COOLING
  YESTERDAY        0                         0      0        0
  MONTH TO DATE    0                         0      0        0
  SINCE DEC 1      0                         0      0        0
  SINCE JAN 1      0                         0      0        0
..................................................................


WIND (MPH)
  HIGHEST WIND SPEED    10   HIGHEST WIND DIRECTION     W (260)
  HIGHEST GUST SPEED    14   HIGHEST GUST DIRECTION     W (280)
  AVERAGE WIND SPEED     5.9


SKY COVER
  POSSIBLE SUNSHINE  MM
  AVERAGE SKY COVER 0.1


WEATHER CONDITIONS
 THE FOLLOWING WEATHER WAS RECORDED YESTERDAY.
  NO SIGNIFICANT WEATHER WAS OBSERVED.


RELATIVE HUMIDITY (PERCENT)
 HIGHEST    91          1000 PM
 LOWEST     58          1100 AM
 AVERAGE    75

..........................................................


THE SIOUX CITY IA CLIMATE NORMALS FOR TODAY
                         NORMAL    RECORD    YEAR
 MAXIMUM TEMPERATURE (F)   39        73      2016
 MINIMUM TEMPERATURE (F)   19       -15      1897


SUNRISE AND SUNSET
FEBRUARY 27 2017......SUNRISE   704 AM CST   SUNSET   613 PM CST
FEBRUARY 28 2017......SUNRISE   702 AM CST   SUNSET   615 PM CST


-  INDICATES NEGATIVE NUMBERS.
R  INDICATES RECORD WAS SET OR TIED.
MM INDICATES DATA IS MISSING.
T  INDICATES TRACE AMOUNT.




$$
