718
CDUS41 KBGM 270610
CLISYR


CLIMATE REPORT
NATIONAL WEATHER SERVICE BINGHAMTON NY
206 AM EDT MON MAR 27 2017


...................................

...THE SYRACUSE NY CLIMATE SUMMARY FOR MARCH 26 2017...

CLIMATE NORMAL PERIOD 1981 TO 2010
CLIMATE RECORD PERIOD 1902 TO 2017


WEATHER ITEM   OBSERVED TIME   RECORD YEAR NORMAL DEPARTURE LAST
                VALUE   (LST)  VALUE       VALUE  FROM      YEAR
                                                  NORMAL
..................................................................
TEMPERATURE (F)
 YESTERDAY
  MAXIMUM         43    302 PM  81    1945  47     -4       49
  MINIMUM         33    902 AM   5    1960  29      4       27
  AVERAGE         38                        38      0       38

PRECIPITATION (IN)
  YESTERDAY        0.04          1.33 1978   0.11  -0.07     0.00
  MONTH TO DATE    2.57                      2.44   0.13     2.09
  SINCE MAR 1      2.57                      2.44   0.13     2.09
  SINCE JAN 1      9.15                      7.01   2.14     8.61

SNOWFALL (IN)
  YESTERDAY        0.0           3.5  1955   0.4   -0.4      0.0
  MONTH TO DATE   30.7                      16.5   14.2      5.4
  SINCE MAR 1     30.7                      16.5   14.2      5.4
  SINCE JUL 1    134.4                     118.4   16.0     72.2
  SNOW DEPTH       0

DEGREE DAYS
 HEATING
  YESTERDAY       27                        27      0       27
  MONTH TO DATE  947                       828    119      683
  SINCE MAR 1    947                       828    119      683
  SINCE JUL 1   5216                      5659   -443     4782

 COOLING
  YESTERDAY        0                         0      0        0
  MONTH TO DATE    0                         0      0        0
  SINCE MAR 1      0                         0      0        0
  SINCE JAN 1      0                         0      0        0
..................................................................


WIND (MPH)
  HIGHEST WIND SPEED    21   HIGHEST WIND DIRECTION    SE (120)
  HIGHEST GUST SPEED    26   HIGHEST GUST DIRECTION     E (110)
  AVERAGE WIND SPEED    12.9


SKY COVER
  POSSIBLE SUNSHINE  MM
  AVERAGE SKY COVER 1.0


WEATHER CONDITIONS
 THE FOLLOWING WEATHER WAS RECORDED YESTERDAY.
  RAIN
  LIGHT RAIN
  LT FREEZING RAIN
  FOG


RELATIVE HUMIDITY (PERCENT)
 HIGHEST   100          1200 AM
 LOWEST     64          1200 PM
 AVERAGE    82

..........................................................


THE SYRACUSE NY CLIMATE NORMALS FOR TODAY
                         NORMAL    RECORD    YEAR
 MAXIMUM TEMPERATURE (F)   48        80      1989
                                             1921
 MINIMUM TEMPERATURE (F)   29        13      1966


SUNRISE AND SUNSET
MARCH 27 2017.........SUNRISE   655 AM EDT   SUNSET   725 PM EDT
MARCH 28 2017.........SUNRISE   653 AM EDT   SUNSET   727 PM EDT


-  INDICATES NEGATIVE NUMBERS.
R  INDICATES RECORD WAS SET OR TIED.
MM INDICATES DATA IS MISSING.
T  INDICATES TRACE AMOUNT.

$$
