000
CDUS41 KBGM 210320
CLISYR


CLIMATE REPORT
NATIONAL WEATHER SERVICE BINGHAMTON NY
1020 PM EST SAT DEC 20 2014


...................................

...THE SYRACUSE NY CLIMATE SUMMARY FOR DECEMBER 20 2014...
VALID AS OF 1000 PM LOCAL TIME.

CLIMATE NORMAL PERIOD 1981 TO 2010
CLIMATE RECORD PERIOD 1902 TO 2014


WEATHER ITEM   OBSERVED TIME   RECORD YEAR NORMAL DEPARTURE LAST
                VALUE   (LST)  VALUE       VALUE  FROM      YEAR
                                                  NORMAL
..................................................................
TEMPERATURE (F)
 TODAY
  MAXIMUM         28    334 PM  66    1957  35     -7       50
  MINIMUM         21    904 PM -26    1942  21      0       34
  AVERAGE         25                        28     -3       42

PRECIPITATION (IN)
  TODAY            0.00          0.92 1939   0.10  -0.10     0.09
  MONTH TO DATE    2.36                      2.16   0.20     1.44
  SINCE DEC 1      2.36                      2.16   0.20     1.44
  SINCE JAN 1     39.84                     37.41   2.43    38.97

SNOWFALL (IN)
  TODAY            0.0           9.6  2000   1.1   -1.1      0.0
  MONTH TO DATE   16.4                      20.8   -4.4     20.5
  SINCE DEC 1     16.4                      20.8   -4.4     20.5
  SINCE JUL 1     27.4                      30.7   -3.3     34.8
  SNOW DEPTH       0

DEGREE DAYS
 HEATING
  TODAY           40                        37      3       23
  MONTH TO DATE  681                       677      4      742
  SINCE DEC 1    681                       677      4      742
  SINCE JUL 1   1866                      2026   -160     2075

 COOLING
  TODAY            0                         0      0        0
  MONTH TO DATE    0                         0      0        0
  SINCE DEC 1      0                         0      0        0
  SINCE JAN 1    647                       569     78      712
..................................................................


WIND (MPH)
  HIGHEST WIND SPEED     8   HIGHEST WIND DIRECTION    NE (50)
  HIGHEST GUST SPEED    10   HIGHEST GUST DIRECTION    NE (30)
  AVERAGE WIND SPEED     2.1


SKY COVER
  POSSIBLE SUNSHINE  MM
  AVERAGE SKY COVER 0.8


WEATHER CONDITIONS
 THE FOLLOWING WEATHER WAS RECORDED TODAY.
  NO SIGNIFICANT WEATHER WAS OBSERVED.


RELATIVE HUMIDITY (PERCENT)
 HIGHEST    96           700 PM
 LOWEST     75          1200 PM
 AVERAGE    86

..........................................................


THE SYRACUSE NY CLIMATE NORMALS FOR TOMORROW
                         NORMAL    RECORD    YEAR
 MAXIMUM TEMPERATURE (F)   35        58      1988
 MINIMUM TEMPERATURE (F)   21       -20      1955


SUNRISE AND SUNSET
DECEMBER 20 2014......SUNRISE   732 AM EST   SUNSET   432 PM EST
DECEMBER 21 2014......SUNRISE   733 AM EST   SUNSET   432 PM EST


-  INDICATES NEGATIVE NUMBERS.
R  INDICATES RECORD WAS SET OR TIED.
MM INDICATES DATA IS MISSING.
T  INDICATES TRACE AMOUNT.




$$
