000
CDUS41 KBGM 300550
CLISYR


CLIMATE REPORT
NATIONAL WEATHER SERVICE BINGHAMTON NY
150 AM EDT MON MAY 30 2016


...................................

...THE SYRACUSE NY CLIMATE SUMMARY FOR MAY 29 2016...

CLIMATE NORMAL PERIOD 1981 TO 2010
CLIMATE RECORD PERIOD 1902 TO 2016


WEATHER ITEM   OBSERVED TIME   RECORD YEAR NORMAL DEPARTURE LAST
                VALUE   (LST)  VALUE       VALUE  FROM      YEAR
                                                  NORMAL
..................................................................
TEMPERATURE (F)
 YESTERDAY
  MAXIMUM         88   1236 PM  93    2012  73     15       83
  MINIMUM         66   1159 PM  37    1992  51     15       51
  AVERAGE         77                        62     15       67

PRECIPITATION (IN)
  YESTERDAY        2.42R         1.13 2013   0.11   2.31     0.00
  MONTH TO DATE    3.58                      3.00   0.58     1.92
  SINCE MAR 1      8.04                      9.14  -1.10     6.23
  SINCE JAN 1     14.56                     13.71   0.85    10.11

SNOWFALL (IN)
  YESTERDAY        0.0           0.0  2002   0.0    0.0      0.0
                                      2001
  MONTH TO DATE    T                         0.1   -0.1      0.0
  SINCE MAR 1     13.5                      21.9   -8.4     12.9
  SINCE JUL 1     80.3                     123.8  -43.5    119.7
  SNOW DEPTH       0

DEGREE DAYS
 HEATING
  YESTERDAY        0                         5     -5        0
  MONTH TO DATE  261                       245     16      121
  SINCE MAR 1   1699                      1749    -50     1839
  SINCE JUL 1   5798                      6580   -782     7063

 COOLING
  YESTERDAY       12                         2     10        2
  MONTH TO DATE   42                        20     22       93
  SINCE MAR 1     42                        24     18       93
  SINCE JAN 1     42                        24     18       93
..................................................................


WIND (MPH)
  HIGHEST WIND SPEED    43   HIGHEST WIND DIRECTION     N (360)
  HIGHEST GUST SPEED    59   HIGHEST GUST DIRECTION     N (350)
  AVERAGE WIND SPEED     6.4


SKY COVER
  POSSIBLE SUNSHINE  MM
  AVERAGE SKY COVER 0.9


WEATHER CONDITIONS
 THE FOLLOWING WEATHER WAS RECORDED YESTERDAY.
  THUNDERSTORM
  HEAVY RAIN
  RAIN
  LIGHT RAIN
  FOG


RELATIVE HUMIDITY (PERCENT)
 HIGHEST   100           900 PM
 LOWEST     48          1100 AM
 AVERAGE    74

..........................................................


THE SYRACUSE NY CLIMATE NORMALS FOR TODAY
                         NORMAL    RECORD    YEAR
 MAXIMUM TEMPERATURE (F)   73        93      1987
 MINIMUM TEMPERATURE (F)   51        39      1996
                                             1966
                                             1961


SUNRISE AND SUNSET
MAY 30 2016...........SUNRISE   528 AM EDT   SUNSET   836 PM EDT
MAY 31 2016...........SUNRISE   528 AM EDT   SUNSET   837 PM EDT


-  INDICATES NEGATIVE NUMBERS.
R  INDICATES RECORD WAS SET OR TIED.
MM INDICATES DATA IS MISSING.
T  INDICATES TRACE AMOUNT.




$$
