000
CDUS41 KBGM 302126
CLISYR


CLIMATE REPORT
NATIONAL WEATHER SERVICE BINGHAMTON NY
525 PM EDT SAT MAY 30 2015


...................................

...THE SYRACUSE NY CLIMATE SUMMARY FOR MAY 30 2015...
VALID TODAY AS OF 0500 PM LOCAL TIME.

CLIMATE NORMAL PERIOD 1981 TO 2010
CLIMATE RECORD PERIOD 1902 TO 2015


WEATHER ITEM   OBSERVED TIME   RECORD YEAR NORMAL DEPARTURE LAST
                VALUE   (LST)  VALUE       VALUE  FROM      YEAR
                                                  NORMAL
..................................................................
TEMPERATURE (F)
 TODAY
  MAXIMUM         87    230 PM  93    1987  73     14       74
  MINIMUM         74    555 AM  39    1996  51     23       49
                                      1966
                                      1961
  AVERAGE         81                        62     19       62

PRECIPITATION (IN)
  TODAY            T             0.71 1972   0.11  -0.11     0.00
  MONTH TO DATE    1.92                      3.11  -1.19     3.71
  SINCE MAR 1      6.23                      9.25  -3.02    11.83
  SINCE JAN 1     10.11                     13.82  -3.71    17.38

SNOWFALL (IN)
  TODAY            0.0           T    2001   0.0    0.0      0.0
  MONTH TO DATE    0.0                       0.1   -0.1       T
  SINCE MAR 1     12.9                      21.9   -9.0     22.1
  SINCE JUL 1    119.7                     123.8   -4.1    132.0
  SNOW DEPTH       0

DEGREE DAYS
 HEATING
  TODAY            0                         5     -5        3
  MONTH TO DATE  121                       250   -129      186
  SINCE MAR 1   1839                      1754     85     1959
  SINCE JUL 1   7063                      6585    478     7051

 COOLING
  TODAY           16                         2     14        0
  MONTH TO DATE  109                        22     87       55
  SINCE MAR 1    109                        26     83       56
  SINCE JAN 1    109                        26     83       56
..................................................................


WIND (MPH)
  HIGHEST WIND SPEED    23   HIGHEST WIND DIRECTION    SW (210)
  HIGHEST GUST SPEED    27   HIGHEST GUST DIRECTION     S (200)
  AVERAGE WIND SPEED    12.7


SKY COVER
  POSSIBLE SUNSHINE  MM
  AVERAGE SKY COVER 0.7


WEATHER CONDITIONS
 THE FOLLOWING WEATHER WAS RECORDED TODAY.
  THUNDERSTORM
  LIGHT RAIN


RELATIVE HUMIDITY (PERCENT)
 HIGHEST    74           700 AM
 LOWEST     51           100 PM
 AVERAGE    63

..........................................................


THE SYRACUSE NY CLIMATE NORMALS FOR TOMORROW
                         NORMAL    RECORD    YEAR
 MAXIMUM TEMPERATURE (F)   73        92      2011
                                             2010
                                             1999
 MINIMUM TEMPERATURE (F)   51        36      1966


SUNRISE AND SUNSET
MAY 30 2015...........SUNRISE   529 AM EDT   SUNSET   835 PM EDT
MAY 31 2015...........SUNRISE   528 AM EDT   SUNSET   836 PM EDT


-  INDICATES NEGATIVE NUMBERS.
R  INDICATES RECORD WAS SET OR TIED.
MM INDICATES DATA IS MISSING.
T  INDICATES TRACE AMOUNT.




$$
