000
CDUS41 KBGM 230632
CLISYR


CLIMATE REPORT
NATIONAL WEATHER SERVICE BINGHAMTON NY
131 AM EST SUN NOV 23 2014


...................................

...THE SYRACUSE NY CLIMATE SUMMARY FOR NOVEMBER 22 2014...

CLIMATE NORMAL PERIOD 1981 TO 2010
CLIMATE RECORD PERIOD 1902 TO 2014


WEATHER ITEM   OBSERVED TIME   RECORD YEAR NORMAL DEPARTURE LAST
                VALUE   (LST)  VALUE       VALUE  FROM      YEAR
                                                  NORMAL
..................................................................
TEMPERATURE (F)
 YESTERDAY
  MAXIMUM         46   1159 PM  71    1953  46      0       48
                                      1913
  MINIMUM         22   1201 AM  11    2008  31     -9       37
  AVERAGE         34                        38     -4       43

PRECIPITATION (IN)
  YESTERDAY        0.12          0.87 1924   0.12   0.00     0.22
  MONTH TO DATE    1.65                      2.59  -0.94     1.98
  SINCE SEP 1      7.79                      9.72  -1.93     9.09
  SINCE JAN 1     36.83                     34.31   2.52    35.67

SNOWFALL (IN)
  YESTERDAY        0.0           7.2  2000   0.4   -0.4      0.0
  MONTH TO DATE    4.4                       5.1   -0.7      0.5
  SINCE SEP 1      4.4                       5.5   -1.1      0.5
  SINCE JUL 1      4.4                       5.5   -1.1      0.5
  SNOW DEPTH       0

DEGREE DAYS
 HEATING
  YESTERDAY       31                        27      4       22
  MONTH TO DATE  549                       505     44      497
  SINCE SEP 1    971                      1096   -125     1013
  SINCE JUL 1    982                      1122   -140     1019

 COOLING
  YESTERDAY        0                         0      0        0
  MONTH TO DATE    0                         0      0        0
  SINCE SEP 1     88                        56     32       69
  SINCE JAN 1    647                       569     78      712
..................................................................


WIND (MPH)
  HIGHEST WIND SPEED    20   HIGHEST WIND DIRECTION     S (200)
  HIGHEST GUST SPEED    27   HIGHEST GUST DIRECTION    SW (210)
  AVERAGE WIND SPEED     9.6


SKY COVER
  POSSIBLE SUNSHINE  MM
  AVERAGE SKY COVER 0.9


WEATHER CONDITIONS
 THE FOLLOWING WEATHER WAS RECORDED YESTERDAY.
  LIGHT RAIN


RELATIVE HUMIDITY (PERCENT)
 HIGHEST    76           800 PM
 LOWEST     25          1100 AM
 AVERAGE    51

..........................................................


THE SYRACUSE NY CLIMATE NORMALS FOR TODAY
                         NORMAL    RECORD    YEAR
 MAXIMUM TEMPERATURE (F)   45        75      1931
 MINIMUM TEMPERATURE (F)   31         6      2008


SUNRISE AND SUNSET
NOVEMBER 23 2014......SUNRISE   707 AM EST   SUNSET   434 PM EST
NOVEMBER 24 2014......SUNRISE   708 AM EST   SUNSET   434 PM EST


-  INDICATES NEGATIVE NUMBERS.
R  INDICATES RECORD WAS SET OR TIED.
MM INDICATES DATA IS MISSING.
T  INDICATES TRACE AMOUNT.




$$
