000
CDUS41 KBGM 312128
CLISYR


CLIMATE REPORT
NATIONAL WEATHER SERVICE BINGHAMTON NY
527 PM EDT FRI OCT 31 2014


...................................

...THE SYRACUSE NY CLIMATE SUMMARY FOR OCTOBER 31 2014...
VALID TODAY AS OF 0500 PM LOCAL TIME.

CLIMATE NORMAL PERIOD 1981 TO 2010
CLIMATE RECORD PERIOD 1902 TO 2014


WEATHER ITEM   OBSERVED TIME   RECORD YEAR NORMAL DEPARTURE LAST
                VALUE   (LST)  VALUE       VALUE  FROM      YEAR
                                                  NORMAL
..................................................................
TEMPERATURE (F)
 TODAY
  MAXIMUM         51   1205 PM  75    2003  55     -4       63
  MINIMUM         36    706 AM  20    1925  37     -1       39
  AVERAGE         44                        46     -2       51

PRECIPITATION (IN)
  TODAY            T             0.84 1976   0.11  -0.11     0.51
  MONTH TO DATE    4.54                      3.44   1.10     3.91
  SINCE SEP 1      6.14                      7.13  -0.99     7.11
  SINCE JAN 1     35.18                     31.72   3.46    33.69

SNOWFALL (IN)
  TODAY            0.0           0.8  1993   0.1   -0.1      0.0
  MONTH TO DATE    0.0                       0.4   -0.4       T
  SINCE SEP 1      0.0                       0.4   -0.4       T
  SINCE JUL 1      0.0                       0.4   -0.4       T
  SNOW DEPTH       0

DEGREE DAYS
 HEATING
  TODAY           21                        19      2       14
  MONTH TO DATE  319                       452   -133      344
  SINCE SEP 1    422                       591   -169      516
  SINCE JUL 1    433                       617   -184      522

 COOLING
  TODAY            0                         0      0        0
  MONTH TO DATE   13                         4      9        1
  SINCE SEP 1     88                        56     32       69
  SINCE JAN 1    647                       569     78      712
..................................................................


WIND (MPH)
  HIGHEST WIND SPEED    12   HIGHEST WIND DIRECTION    NE (50)
  HIGHEST GUST SPEED    14   HIGHEST GUST DIRECTION    NE (50)
  AVERAGE WIND SPEED     4.5


SKY COVER
  POSSIBLE SUNSHINE  MM
  AVERAGE SKY COVER 0.9


WEATHER CONDITIONS
 THE FOLLOWING WEATHER WAS RECORDED TODAY.
  LIGHT RAIN


RELATIVE HUMIDITY (PERCENT)
 HIGHEST    92           400 AM
 LOWEST     54          1200 PM
 AVERAGE    73

..........................................................


THE SYRACUSE NY CLIMATE NORMALS FOR TOMORROW
                         NORMAL    RECORD    YEAR
 MAXIMUM TEMPERATURE (F)   54        81      1950
 MINIMUM TEMPERATURE (F)   37        24      1938


SUNRISE AND SUNSET
OCTOBER 31 2014.......SUNRISE   738 AM EDT   SUNSET   558 PM EDT
NOVEMBER  1 2014......SUNRISE   739 AM EDT   SUNSET   556 PM EDT


-  INDICATES NEGATIVE NUMBERS.
R  INDICATES RECORD WAS SET OR TIED.
MM INDICATES DATA IS MISSING.
T  INDICATES TRACE AMOUNT.




$$
