000
CDUS41 KBGM 310728
CLISYR


CLIMATE REPORT
NATIONAL WEATHER SERVICE BINGHAMTON NY
328 AM EDT FRI JUL 31 2015


...................................

...THE SYRACUSE NY CLIMATE SUMMARY FOR JULY 30 2015...

CLIMATE NORMAL PERIOD 1981 TO 2010
CLIMATE RECORD PERIOD 1902 TO 2015


WEATHER ITEM   OBSERVED TIME   RECORD YEAR NORMAL DEPARTURE LAST
                VALUE   (LST)  VALUE       VALUE  FROM      YEAR
                                                  NORMAL
..................................................................
TEMPERATURE (F)
 YESTERDAY
  MAXIMUM         85    305 PM  97    1933  82      3       79
  MINIMUM         72    901 AM  47    1968  61     11       52
                                      1965
  AVERAGE         79                        71      8       66

PRECIPITATION (IN)
  YESTERDAY        0.50          2.50 1986   0.11   0.39     0.20
  MONTH TO DATE    3.37                      3.66  -0.29     5.06
  SINCE JUN 1     13.29                      6.97   6.32     7.80
  SINCE JAN 1     25.41                     20.90   4.51    25.18

SNOWFALL (IN)
  YESTERDAY        0.0           0.0  2002   0.0    0.0      0.0
                                      2000
                                      2001
  MONTH TO DATE    0.0                       0.0    0.0      0.0
  SINCE JUN 1      0.0                       0.0    0.0      0.0
  SINCE JUL 1      0.0                       0.0    0.0      0.0
  SNOW DEPTH       0

DEGREE DAYS
 HEATING
  YESTERDAY        0                         0      0        0
  MONTH TO DATE    5                         2      3        2
  SINCE JUN 1     58                        63     -5       25
  SINCE JUL 1      5                         2      3        2

 COOLING
  YESTERDAY       14                         7      7        1
  MONTH TO DATE  187                       202    -15      208
  SINCE JUN 1    276                       315    -39      355
  SINCE JAN 1    381                       345     36      411
..................................................................


WIND (MPH)
  HIGHEST WIND SPEED    20   HIGHEST WIND DIRECTION     W (280)
  HIGHEST GUST SPEED    23   HIGHEST GUST DIRECTION     W (280)
  AVERAGE WIND SPEED    10.1


SKY COVER
  POSSIBLE SUNSHINE  MM
  AVERAGE SKY COVER 0.7


WEATHER CONDITIONS
 THE FOLLOWING WEATHER WAS RECORDED YESTERDAY.
  HEAVY RAIN
  RAIN
  LIGHT RAIN
  FOG


RELATIVE HUMIDITY (PERCENT)
 HIGHEST   100           900 AM
 LOWEST     45           600 PM
 AVERAGE    73

..........................................................


THE SYRACUSE NY CLIMATE NORMALS FOR TODAY
                         NORMAL    RECORD    YEAR
 MAXIMUM TEMPERATURE (F)   82        96      1933
 MINIMUM TEMPERATURE (F)   61        48      1965


SUNRISE AND SUNSET
JULY 31 2015..........SUNRISE   554 AM EDT   SUNSET   827 PM EDT
AUGUST  1 2015........SUNRISE   555 AM EDT   SUNSET   826 PM EDT


-  INDICATES NEGATIVE NUMBERS.
R  INDICATES RECORD WAS SET OR TIED.
MM INDICATES DATA IS MISSING.
T  INDICATES TRACE AMOUNT.




$$
