437
CDKA40 PTYA 100700
CLIT11
DAILY CLIMATE REPORT
NATIONAL WEATHER SERVICE YAP FM
5PM LST WED FEB 10 2016
THE YAP FM CLIMATE SUMMARY FOR FEBRUARY 10 2016
CLIMATE NORMAL PERIOD  1981  TO 2010
CLIMATE RECORD PERIOD  1951  TO 2016
WEATHER ITEM OBSERVED TIME  RECORD YEAR NORMAL DEPARTURE LAST
              VALUE   (LST) VALUE       VALUE    FROM    YEAR
                                                NORMAL
TEMPERATURE   (F)
TODAY
MAXIMUM       86  1145 PM  97  2014     87      -1        87
MINIMUM       71  0245 AM  63  1999     77      -6        77
AVERAGE       78                        82       6        82
PRECIPITATION INCHES
TODAY           0.02   164.24  1996    0.21    -0.19     0.00
MONTH TO DATE   0.57                   2.31    -1.74     1.01
SINCE 01 DEC    7.73                  17.22    -9.49    23.64
SINCE JAN 01    2.80                   9.62    -6.82     6.87
