000
CDKA40 PTYA 071600
CLIT11
DAILY CLIMATE REPORT
NATIONAL WEATHER SERVICE YAP FM
2AM LST THU DEC 08 2016
THE YAP FM CLIMATE SUMMARY FOR DECEMBER 07 2016
CLIMATE NORMAL PERIOD  1981  TO 2010
CLIMATE RECORD PERIOD  1951  TO 2016
WEATHER ITEM OBSERVED TIME  RECORD YEAR NORMAL DEPARTURE LAST
              VALUE   (LST) VALUE       VALUE    FROM    YEAR
                                                NORMAL
TEMPERATURE   (F)
YESTERDAY
MAXIMUM       86  1445   97  2014      87      -1       90
MINIMUM       78  0845   63  1999      78       0       80
AVERAGE       82                       82       0       85
PRECIPITATION INCHES
YESTERDAY       0.09     164.24 1996  0.31    -0.02      0.00
MONTH TO DATE   1.26                  2.12    -0.86      1.00
SINCE 01 DEC    1.26                  2.12    -0.86      1.00
SINCE JAN 01   90.59                113.77    -23.18     89.81
