000
CDKA40 PTYA 310700
CLIT11
DAILY CLIMATE REPORT
NATIONAL WEATHER SERVICE YAP FM
5PM LST MON AUG 31 2015
THE YAP FM CLIMATE SUMMARY FOR AUGUST 10 2015
CLIMATE NORMAL PERIOD  1981  TO 2010
CLIMATE RECORD PERIOD  1951  TO 2015
WEATHER ITEM OBSERVED TIME  RECORD YEAR NORMAL DEPARTURE LAST
              VALUE   (LST) VALUE       VALUE    FROM    YEAR
                                                NORMAL
TEMPERATURE   (F)
TODAY
MAXIMUM       81  1445  PM 97  2014      87      -6        87
MINIMUM       77  0845  AM 63  1999      78      -1        79
AVERAGE       79                         82      -1        83
PRECIPITATION INCHES
TODAY           0.61    164.24  1996    0.46      0.15    0.05
MONTH TO DATE  22.37                   15.46      6.91    9.58
SINCE 01 JUN   45.83                   43.70      2.13   35.95
SINCE JAN 01   71.38                   76.55     -5.17   85.19
