000
CDUS45 KPUB 221036
CLITAD


CLIMATE REPORT
NATIONAL WEATHER SERVICE PUEBLO
436 AM MDT SUN OCT 22 2017


...................................

...THE TRINIDAD CO CLIMATE SUMMARY FOR OCTOBER 21 2017...

CLIMATE NORMAL PERIOD 1981 TO 2010
CLIMATE RECORD PERIOD 9999 TO 9999


WEATHER ITEM   OBSERVED TIME   NORMAL DEPARTURE LAST
                VALUE   (LST)  VALUE  FROM      YEAR
                                      NORMAL
......................................................
TEMPERATURE (F)
 YESTERDAY
  MAXIMUM         63   1228 AM  67     -4       81
  MINIMUM         33   1159 PM  35     -2       40
  AVERAGE         48            51     -3       61

PRECIPITATION (IN)
  YESTERDAY        0.00          0.03  -0.03     0.00
  MONTH TO DATE    0.28          0.58  -0.30      T
  SINCE SEP 1      3.94          1.82   2.12     1.16
  SINCE JAN 1     20.14         12.28   7.86     7.39

DEGREE DAYS
 HEATING
  YESTERDAY       17            14      3        4
  MONTH TO DATE  174           231    -57      145
  SINCE SEP 1    264           331    -67      190
  SINCE JUL 1    267           341    -74      197

 COOLING
  YESTERDAY        0             0      0        0
  MONTH TO DATE    0             0      0       14
  SINCE SEP 1    111            74     37      144
  SINCE JAN 1    796           716     80      559
......................................................


WIND (MPH)
  HIGHEST WIND SPEED    26   HIGHEST WIND DIRECTION    SW (240)
  HIGHEST GUST SPEED    34   HIGHEST GUST DIRECTION    SW (240)
  AVERAGE WIND SPEED     9.2


SKY COVER
  POSSIBLE SUNSHINE  MM
  AVERAGE SKY COVER 0.0


WEATHER CONDITIONS
 THE FOLLOWING WEATHER WAS RECORDED YESTERDAY.
  NO SIGNIFICANT WEATHER WAS OBSERVED.


RELATIVE HUMIDITY (PERCENT)
 HIGHEST    70           800 PM
 LOWEST     24           400 PM
 AVERAGE    47

..........................................................




SUNRISE AND SUNSET
OCTOBER 22 2017.......SUNRISE   712 AM MDT   SUNSET   611 PM MDT
OCTOBER 23 2017.......SUNRISE   713 AM MDT   SUNSET   610 PM MDT


-  INDICATES NEGATIVE NUMBERS.
R  INDICATES RECORD WAS SET OR TIED.
MM INDICATES DATA IS MISSING.
T  INDICATES TRACE AMOUNT.




$$
