000
CDUS45 KPUB 251033
CLITAD


CLIMATE REPORT
NATIONAL WEATHER SERVICE PUEBLO
433 AM MDT SUN JUN 25 2017


...................................

...THE TRINIDAD CO CLIMATE SUMMARY FOR JUNE 24 2017...

CLIMATE NORMAL PERIOD 1981 TO 2010
CLIMATE RECORD PERIOD 9999 TO 9999


WEATHER ITEM   OBSERVED TIME   NORMAL DEPARTURE LAST
                VALUE   (LST)  VALUE  FROM      YEAR
                                      NORMAL
......................................................
TEMPERATURE (F)
 YESTERDAY
  MAXIMUM         78    254 PM  87     -9       93
  MINIMUM         57    546 AM  55      2       56
  AVERAGE         68            71     -3       75

PRECIPITATION (IN)
  YESTERDAY        0.00          0.05  -0.05     0.00
  MONTH TO DATE    0.39          1.13  -0.74     1.70
  SINCE JUN 1      0.39          1.13  -0.74     1.70
  SINCE JAN 1      8.80          5.65   3.15     5.93

DEGREE DAYS
 HEATING
  YESTERDAY        0             0      0        0
  MONTH TO DATE    7            38    -31        4
  SINCE JUN 1      7            38    -31        4
  SINCE JUL 1   4607          5533   -926     4880

 COOLING
  YESTERDAY        3             6     -3       10
  MONTH TO DATE  148            98     50      177
  SINCE JUN 1    148            98     50      177
  SINCE JAN 1    163           126     37      189
......................................................


WIND (MPH)
  HIGHEST WIND SPEED    18   HIGHEST WIND DIRECTION     W (270)
  HIGHEST GUST SPEED    26   HIGHEST GUST DIRECTION    SW (240)
  AVERAGE WIND SPEED     7.1


SKY COVER
  POSSIBLE SUNSHINE  MM
  AVERAGE SKY COVER 0.7


WEATHER CONDITIONS
 THE FOLLOWING WEATHER WAS RECORDED YESTERDAY.
  NO SIGNIFICANT WEATHER WAS OBSERVED.


RELATIVE HUMIDITY (PERCENT)
 HIGHEST    72           200 AM
 LOWEST     32           300 PM
 AVERAGE    52

..........................................................




SUNRISE AND SUNSET
JUNE 25 2017..........SUNRISE   538 AM MDT   SUNSET   822 PM MDT
JUNE 26 2017..........SUNRISE   539 AM MDT   SUNSET   822 PM MDT


-  INDICATES NEGATIVE NUMBERS.
R  INDICATES RECORD WAS SET OR TIED.
MM INDICATES DATA IS MISSING.
T  INDICATES TRACE AMOUNT.




$$
