254
CDUS44 KBMX 070818
CLITCL


CLIMATE REPORT
NATIONAL WEATHER SERVICE BIRMINGHAM, AL
218 AM CST SUN FEB 7 2016


...................................

...THE TUSCALOOSA CLIMATE SUMMARY FOR FEBRUARY 6 2016...

CLIMATE NORMAL PERIOD 1994 TO 1994
CLIMATE RECORD PERIOD 1948 TO 2016


WEATHER ITEM   OBSERVED TIME   RECORD YEAR NORMAL DEPARTURE LAST
                VALUE   (LST)  VALUE       VALUE  FROM      YEAR
                                                  NORMAL
..................................................................
TEMPERATURE (F)
 YESTERDAY
  MAXIMUM         55    203 PM  77    1999  58     -3       56
  MINIMUM         28    709 AM  18    1988  35     -7       22
  AVERAGE         42                        47     -5       39

PRECIPITATION (IN)
  YESTERDAY        0.00          1.83 1955   0.17  -0.17     0.00
  MONTH TO DATE    1.35                      1.08   0.27     0.29
  SINCE DEC 1     13.76                     11.05   2.71    13.46
  SINCE JAN 1      5.49                      6.43  -0.94     6.46

SNOWFALL (IN)
  YESTERDAY        0.0                       0.0    0.0
  MONTH TO DATE    0.0                       0.0    0.0
  SINCE DEC 1      T                         0.3   -0.3
  SINCE JUL 1      T                         0.3   -0.3

DEGREE DAYS
 HEATING
  YESTERDAY       23                        18      5
  MONTH TO DATE   79                       113    -34
  SINCE DEC 1   1058                      1308   -250
  SINCE JUL 1   1321                      1745   -424
..................................................................


WIND (MPH)
  HIGHEST WIND SPEED    16   HIGHEST WIND DIRECTION     N (360)
  HIGHEST GUST SPEED    21   HIGHEST GUST DIRECTION     N (20)
  AVERAGE WIND SPEED     3.8


SKY COVER
  AVERAGE SKY COVER 0.0


WEATHER CONDITIONS
 THE FOLLOWING WEATHER WAS RECORDED YESTERDAY.
  NO SIGNIFICANT WEATHER WAS OBSERVED.


RELATIVE HUMIDITY (PERCENT)
 HIGHEST    85           200 AM
 LOWEST     22           200 PM
 AVERAGE    54

..........................................................


THE TUSCALOOSA CLIMATE NORMALS FOR TODAY
                         NORMAL    RECORD    YEAR
 MAXIMUM TEMPERATURE (F)   58        79      1999
 MINIMUM TEMPERATURE (F)   36        13      1988


SUNRISE AND SUNSET
FEBRUARY  7 2016......SUNRISE   642 AM CST   SUNSET   528 PM CST
FEBRUARY  8 2016......SUNRISE   641 AM CST   SUNSET   529 PM CST


-  INDICATES NEGATIVE NUMBERS.
R  INDICATES RECORD WAS SET OR TIED.
MM INDICATES DATA IS MISSING.
T  INDICATES TRACE AMOUNT.




$$
