000
CDUS44 KBMX 190842
CLITCL


CLIMATE REPORT
NATIONAL WEATHER SERVICE BIRMINGHAM, AL
240 AM CST SUN NOV 19 2017


...................................

...THE TUSCALOOSA CLIMATE SUMMARY FOR NOVEMBER 18 2017...

CLIMATE NORMAL PERIOD 1981 TO 2010
CLIMATE RECORD PERIOD 1948 TO 2017


WEATHER ITEM   OBSERVED TIME   RECORD YEAR NORMAL DEPARTURE LAST
                VALUE   (LST)  VALUE       VALUE  FROM      YEAR
                                                  NORMAL
..................................................................
TEMPERATURE (F)
 YESTERDAY
  MAXIMUM         76    156 PM  82    1985  66     10       78
  MINIMUM         51   1159 PM  20    1959  42      9       42
  AVERAGE         64                        54     10       60

PRECIPITATION (IN)
  YESTERDAY        0.19          2.29 2015   0.19   0.00     0.00
  MONTH TO DATE    0.86                      2.68  -1.82      T
  SINCE SEP 1      6.97                      9.71  -2.74     0.33
  SINCE JAN 1     55.26                     45.58   9.68    32.07

SNOWFALL (IN)
  YESTERDAY        0.0                       0.0    0.0
  MONTH TO DATE    0.0                       0.0    0.0
  SINCE SEP 1      0.0                       0.0    0.0
  SINCE JUL 1      0.0                       0.0    0.0

DEGREE DAYS
 HEATING
  YESTERDAY        1                        11    -10
  MONTH TO DATE   92                       160    -68
  SINCE SEP 1    207                       277    -70
  SINCE JUL 1    207                       277    -70
..................................................................


WIND (MPH)
  HIGHEST WIND SPEED    31   HIGHEST WIND DIRECTION    NW (310)
  HIGHEST GUST SPEED    40   HIGHEST GUST DIRECTION    NW (330)
  AVERAGE WIND SPEED    13.0


SKY COVER
  AVERAGE SKY COVER 0.8


WEATHER CONDITIONS
 THE FOLLOWING WEATHER WAS RECORDED YESTERDAY.
  THUNDERSTORM
  LIGHT RAIN
  FOG


RELATIVE HUMIDITY (PERCENT)
 HIGHEST   100           500 AM
 LOWEST     68          1100 PM
 AVERAGE    84

..........................................................


THE TUSCALOOSA CLIMATE NORMALS FOR TODAY
                         NORMAL    RECORD    YEAR
 MAXIMUM TEMPERATURE (F)   66        80      1981
 MINIMUM TEMPERATURE (F)   42        21      2014


SUNRISE AND SUNSET
NOVEMBER 19 2017......SUNRISE   625 AM CST   SUNSET   446 PM CST
NOVEMBER 20 2017......SUNRISE   626 AM CST   SUNSET   446 PM CST


-  INDICATES NEGATIVE NUMBERS.
R  INDICATES RECORD WAS SET OR TIED.
MM INDICATES DATA IS MISSING.
T  INDICATES TRACE AMOUNT.




$$
