000
CDUS44 KBMX 210858
CLITCL


CLIMATE REPORT
NATIONAL WEATHER SERVICE BIRMINGHAM, AL
257 AM CST SUN JAN 21 2018


...................................

...THE TUSCALOOSA CLIMATE SUMMARY FOR JANUARY 20 2018...

CLIMATE NORMAL PERIOD 1981 TO 2010
CLIMATE RECORD PERIOD 1948 TO 2018


WEATHER ITEM   OBSERVED TIME   RECORD YEAR NORMAL DEPARTURE LAST
                VALUE   (LST)  VALUE       VALUE  FROM      YEAR
                                                  NORMAL
..................................................................
TEMPERATURE (F)
 YESTERDAY
  MAXIMUM         66    343 PM  75    2017  56     10       75
  MINIMUM         41   1147 PM   1    1985  34      7       54
  AVERAGE         54                        45      9       65

PRECIPITATION (IN)
  YESTERDAY        0.00          3.15 1979   0.17  -0.17     0.00
  MONTH TO DATE    1.04                      3.25  -2.21     4.76
  SINCE DEC 1      3.41                      7.87  -4.46     7.67
  SINCE JAN 1      1.04                      3.25  -2.21     4.76

SNOWFALL (IN)
  YESTERDAY        0.0                       0.0    0.0
  MONTH TO DATE    0.0                       0.2   -0.2
  SINCE DEC 1      0.0                       0.2   -0.2
  SINCE JUL 1      0.0                       0.2   -0.2

DEGREE DAYS
 HEATING
  YESTERDAY       11                        20     -9
  MONTH TO DATE  543                       414    129
  SINCE DEC 1   1118                       978    140
  SINCE JUL 1   1502                      1415     87
..................................................................


WIND (MPH)
  HIGHEST WIND SPEED    14   HIGHEST WIND DIRECTION     S (190)
  HIGHEST GUST SPEED    19   HIGHEST GUST DIRECTION    SE (150)
  AVERAGE WIND SPEED     3.8


SKY COVER
  AVERAGE SKY COVER 0.5


WEATHER CONDITIONS
 THE FOLLOWING WEATHER WAS RECORDED YESTERDAY.
  NO SIGNIFICANT WEATHER WAS OBSERVED.


RELATIVE HUMIDITY (PERCENT)
 HIGHEST    82          1100 PM
 LOWEST     30          1100 AM
 AVERAGE    56

..........................................................


THE TUSCALOOSA CLIMATE NORMALS FOR TODAY
                         NORMAL    RECORD    YEAR
 MAXIMUM TEMPERATURE (F)   56        76      1959
 MINIMUM TEMPERATURE (F)   34        -1      1985


SUNRISE AND SUNSET
JANUARY 21 2018.......SUNRISE   652 AM CST   SUNSET   512 PM CST
JANUARY 22 2018.......SUNRISE   652 AM CST   SUNSET   513 PM CST


-  INDICATES NEGATIVE NUMBERS.
R  INDICATES RECORD WAS SET OR TIED.
MM INDICATES DATA IS MISSING.
T  INDICATES TRACE AMOUNT.




$$
