000
CDUS44 KBMX 220942
CLITCL


CLIMATE REPORT
NATIONAL WEATHER SERVICE BIRMINGHAM, AL
441 AM CDT FRI AUG 22 2014


...................................

...THE TUSCALOOSA CLIMATE SUMMARY FOR AUGUST 21 2014...

CLIMATE NORMAL PERIOD 1981 TO 2010
CLIMATE RECORD PERIOD 1948 TO 2014


WEATHER ITEM   OBSERVED TIME   RECORD YEAR NORMAL DEPARTURE LAST
                VALUE   (LST)  VALUE       VALUE  FROM      YEAR
                                                  NORMAL
..................................................................
TEMPERATURE (F)
 YESTERDAY
  MAXIMUM         97    402 PM 103    1951  92      5       90
  MINIMUM         72    513 AM  59    1991  71      1       73
  AVERAGE         85                        81      4       82

PRECIPITATION (IN)
  YESTERDAY        0.00          2.50 1970   0.11  -0.11     0.00
  MONTH TO DATE    2.44                      2.30   0.14     3.87
  SINCE JUN 1      8.51                     11.47  -2.96    16.71
  SINCE JAN 1     33.55                     34.87  -1.32    38.67

..................................................................


WIND (MPH)
  HIGHEST WIND SPEED    16   HIGHEST WIND DIRECTION     W (250)
  HIGHEST GUST SPEED    24   HIGHEST GUST DIRECTION    SW (240)
  AVERAGE WIND SPEED     2.8


SKY COVER
  AVERAGE SKY COVER 0.1


WEATHER CONDITIONS
 THE FOLLOWING WEATHER WAS RECORDED YESTERDAY.
  FOG
  HAZE


RELATIVE HUMIDITY (PERCENT)
 HIGHEST    94           100 AM
 LOWEST     40           400 PM
 AVERAGE    67

..........................................................


THE TUSCALOOSA CLIMATE NORMALS FOR TODAY
                         NORMAL    RECORD    YEAR
 MAXIMUM TEMPERATURE (F)   92       103      2007
 MINIMUM TEMPERATURE (F)   70        53      1956


SUNRISE AND SUNSET
AUGUST 22 2014........SUNRISE   618 AM CDT   SUNSET   728 PM CDT
AUGUST 23 2014........SUNRISE   619 AM CDT   SUNSET   727 PM CDT


-  INDICATES NEGATIVE NUMBERS.
R  INDICATES RECORD WAS SET OR TIED.
MM INDICATES DATA IS MISSING.
T  INDICATES TRACE AMOUNT.




$$
