556
CDUS44 KBMX 250747
CLITCL


CLIMATE REPORT
NATIONAL WEATHER SERVICE BIRMINGHAM, AL
246 AM CDT MON SEP 25 2017


...................................

...THE TUSCALOOSA CLIMATE SUMMARY FOR SEPTEMBER 24 2017...

CLIMATE NORMAL PERIOD 1981 TO 2010
CLIMATE RECORD PERIOD 1948 TO 2017


WEATHER ITEM   OBSERVED TIME   RECORD YEAR NORMAL DEPARTURE LAST
                VALUE   (LST)  VALUE       VALUE  FROM      YEAR
                                                  NORMAL
..................................................................
TEMPERATURE (F)
 YESTERDAY
  MAXIMUM         90    247 PM  99    2016  85      5       99
  MINIMUM         67    553 AM  45    1990  61      6       68
                                      1983
  AVERAGE         79                        72      7       84

PRECIPITATION (IN)
  YESTERDAY        0.00          3.61 2006   0.11  -0.11     0.00
  MONTH TO DATE    1.63                      2.79  -1.16     0.33
  SINCE SEP 1      1.63                      2.79  -1.16     0.33
  SINCE JAN 1     49.92                     38.66  11.26    32.07

DEGREE DAYS
 HEATING
  YESTERDAY        0                         0      0
  MONTH TO DATE    4                         0      4
  SINCE SEP 1      4                         0      4
  SINCE JUL 1      4                         0      4
..................................................................


WIND (MPH)
  HIGHEST WIND SPEED    13   HIGHEST WIND DIRECTION     E (70)
  HIGHEST GUST SPEED    19   HIGHEST GUST DIRECTION     E (80)
  AVERAGE WIND SPEED     3.6


SKY COVER
  AVERAGE SKY COVER 0.1


WEATHER CONDITIONS
 THE FOLLOWING WEATHER WAS RECORDED YESTERDAY.
  FOG


RELATIVE HUMIDITY (PERCENT)
 HIGHEST   100           300 AM
 LOWEST     47           300 PM
 AVERAGE    74

..........................................................


THE TUSCALOOSA CLIMATE NORMALS FOR TODAY
                         NORMAL    RECORD    YEAR
 MAXIMUM TEMPERATURE (F)   84        98      2016
 MINIMUM TEMPERATURE (F)   60        43      1990


SUNRISE AND SUNSET
SEPTEMBER 25 2017.....SUNRISE   641 AM CDT   SUNSET   643 PM CDT
SEPTEMBER 26 2017.....SUNRISE   641 AM CDT   SUNSET   641 PM CDT


-  INDICATES NEGATIVE NUMBERS.
R  INDICATES RECORD WAS SET OR TIED.
MM INDICATES DATA IS MISSING.
T  INDICATES TRACE AMOUNT.




$$
