000
CDUS44 KBMX 270808
CLITCL


CLIMATE REPORT
NATIONAL WEATHER SERVICE BIRMINGHAM, AL
252 AM CDT WED MAY 27 2015


...................................

...THE TUSCALOOSA CLIMATE SUMMARY FOR MAY 26 2015...

CLIMATE NORMAL PERIOD 1994 TO 1994
CLIMATE RECORD PERIOD 1994 TO 2015


WEATHER ITEM   OBSERVED TIME   RECORD YEAR NORMAL DEPARTURE LAST
                VALUE   (LST)  VALUE       VALUE  FROM      YEAR
                                                  NORMAL
..................................................................
TEMPERATURE (F)
 YESTERDAY
  MAXIMUM         79    519 PM  95    2012  86     -7       91
                                      1996
  MINIMUM         69    246 AM  46    1979  63      6       66
  AVERAGE         74                        74      0       79

PRECIPITATION (IN)
  YESTERDAY        0.30          1.68 1973   0.12   0.18     0.00
  MONTH TO DATE    0.96                      3.33  -2.37     0.71
  SINCE MAR 1     13.47                     12.08   1.39    16.45
  SINCE JAN 1     24.22                     22.75   1.47    24.17

..................................................................


WIND (MPH)
  HIGHEST WIND SPEED    15   HIGHEST WIND DIRECTION    SE (150)
  HIGHEST GUST SPEED    22   HIGHEST GUST DIRECTION    SE (150)
  AVERAGE WIND SPEED     7.2


SKY COVER
  AVERAGE SKY COVER 0.6


WEATHER CONDITIONS
 THE FOLLOWING WEATHER WAS RECORDED YESTERDAY.
  THUNDERSTORM
  HEAVY RAIN
  LIGHT RAIN
  FOG
  HAZE


RELATIVE HUMIDITY (PERCENT)
 HIGHEST    93          1100 AM
 LOWEST     71           300 PM
 AVERAGE    82

..........................................................


THE TUSCALOOSA CLIMATE NORMALS FOR TODAY
                         NORMAL    RECORD    YEAR
 MAXIMUM TEMPERATURE (F)   86        97      1964
 MINIMUM TEMPERATURE (F)   63        44      1961


SUNRISE AND SUNSET
MAY 27 2015...........SUNRISE   544 AM CDT   SUNSET   751 PM CDT
MAY 28 2015...........SUNRISE   544 AM CDT   SUNSET   752 PM CDT


-  INDICATES NEGATIVE NUMBERS.
R  INDICATES RECORD WAS SET OR TIED.
MM INDICATES DATA IS MISSING.
T  INDICATES TRACE AMOUNT.




$$
