000
CDUS44 KBMX 272217
CLITCL


CLIMATE REPORT
NATIONAL WEATHER SERVICE BIRMINGHAM, AL
516 PM CDT THU JUL 27 2017


...................................

...THE TUSCALOOSA CLIMATE SUMMARY FOR JULY 27 2017...
VALID TODAY AS OF 0500 PM LOCAL TIME.

CLIMATE NORMAL PERIOD 1981 TO 2010
CLIMATE RECORD PERIOD 1948 TO 2017


WEATHER ITEM   OBSERVED TIME   RECORD YEAR NORMAL DEPARTURE LAST
                VALUE   (LST)  VALUE       VALUE  FROM      YEAR
                                                  NORMAL
..................................................................
TEMPERATURE (F)
 TODAY
  MAXIMUM         95    342 PM 104    1952  92      3       89
  MINIMUM         76    543 AM  64    1962  72      4       75
  AVERAGE         86                        82      4       82

PRECIPITATION (IN)
  TODAY            0.00          1.40 1985   0.13  -0.13      T
  MONTH TO DATE    0.96                      3.90  -2.94     4.14
  SINCE JUN 1     13.38                      8.67   4.71     8.44
  SINCE JAN 1     39.37                     32.07   7.30    28.85

DEGREE DAYS
 COOLING
  TODAY           21                        17      4
  MONTH TO DATE  476                       452     24
  SINCE JUN 1    840                       855    -15
  SINCE JAN 1   1237                      1166     71
..................................................................


WIND (MPH)
  HIGHEST WIND SPEED    10   HIGHEST WIND DIRECTION     W (260)
  HIGHEST GUST SPEED    14   HIGHEST GUST DIRECTION     W (250)
  AVERAGE WIND SPEED     3.1


SKY COVER
  AVERAGE SKY COVER 0.0


WEATHER CONDITIONS
 THE FOLLOWING WEATHER WAS RECORDED TODAY.
  FOG


RELATIVE HUMIDITY (PERCENT)
 HIGHEST   100          1200 AM
 LOWEST     49           100 PM
 AVERAGE    75

..........................................................


THE TUSCALOOSA CLIMATE NORMALS FOR TOMORROW
                         NORMAL    RECORD    YEAR
 MAXIMUM TEMPERATURE (F)   92       107      1952
 MINIMUM TEMPERATURE (F)   72        62      1994


SUNRISE AND SUNSET
JULY 27 2017..........SUNRISE   600 AM CDT   SUNSET   753 PM CDT
JULY 28 2017..........SUNRISE   601 AM CDT   SUNSET   753 PM CDT


-  INDICATES NEGATIVE NUMBERS.
R  INDICATES RECORD WAS SET OR TIED.
MM INDICATES DATA IS MISSING.
T  INDICATES TRACE AMOUNT.




$$
