000
CDUS42 KTAE 290637
CLITLH


CLIMATE REPORT
NATIONAL WEATHER SERVICE TALLAHASSEE FL
235 AM EDT FRI AUG 29 2014


...................................

...THE TALLAHASSEE CLIMATE SUMMARY FOR AUGUST 28 2014...

CLIMATE NORMAL PERIOD 1981 TO 2010
CLIMATE RECORD PERIOD 1896 TO 2014


WEATHER ITEM   OBSERVED TIME   RECORD YEAR NORMAL DEPARTURE LAST
                VALUE   (LST)  VALUE       VALUE  FROM      YEAR
                                                  NORMAL
..................................................................
TEMPERATURE (F)
 YESTERDAY
  MAXIMUM         96    127 PM 100    2011  91      5
  MINIMUM         68    636 AM  61    1927  72     -4
  AVERAGE         82                        81      1

PRECIPITATION (IN)
  YESTERDAY        0.00          3.54 1898   0.20  -0.20     0.00
  MONTH TO DATE    1.93                      6.80  -4.87     7.52
  SINCE JUN 1      8.66                     21.70 -13.04    29.80
  SINCE JAN 1     40.75                     43.36  -2.61    52.19

SNOWFALL (IN)
  YESTERDAY        0.0                       0.0    0.0

DEGREE DAYS
 HEATING
  YESTERDAY        0                                0
  MONTH TO DATE    0                                0
  SINCE JUN 1      0                                0
  SINCE JUL 1      0                                0

 COOLING
  YESTERDAY       17                                1
  MONTH TO DATE  559                               86
  SINCE JUN 1   1625                              166
  SINCE JAN 1   2114                              209
..................................................................


WIND (MPH)
  HIGHEST WIND SPEED    12   HIGHEST WIND DIRECTION     S (160)
  HIGHEST GUST SPEED    MM   HIGHEST GUST DIRECTION    MM
  AVERAGE WIND SPEED     3.0




RELATIVE HUMIDITY (PERCENT)
 HIGHEST    84
 LOWEST     31
 AVERAGE    58

..........................................................


THE TALLAHASSEE CLIMATE NORMALS FOR TODAY
                         NORMAL    RECORD    YEAR
 MAXIMUM TEMPERATURE (F)   91       102      2011
 MINIMUM TEMPERATURE (F)   72        61      1986
                                             1927


SUNRISE AND SUNSET
AUGUST 29 2014........SUNRISE   712 AM EDT   SUNSET   804 PM EDT
AUGUST 30 2014........SUNRISE   713 AM EDT   SUNSET   803 PM EDT


-  INDICATES NEGATIVE NUMBERS.
R  INDICATES RECORD WAS SET OR TIED.
MM INDICATES DATA IS MISSING.
T  INDICATES TRACE AMOUNT.




$$
