000
CDUS42 KTAE 050635
CLITLH


CLIMATE REPORT
NATIONAL WEATHER SERVICE TALLAHASSEE FL
234 AM EDT THU MAY 5 2016


...................................

...THE TALLAHASSEE CLIMATE SUMMARY FOR MAY 4 2016...

CLIMATE NORMAL PERIOD 1981 TO 2010
CLIMATE RECORD PERIOD 1896 TO 2016


WEATHER ITEM   OBSERVED TIME   RECORD YEAR NORMAL DEPARTURE LAST
                VALUE   (LST)  VALUE       VALUE  FROM      YEAR
                                                  NORMAL
..................................................................
TEMPERATURE (F)
 YESTERDAY
  MAXIMUM         81    315 PM  96    1930  84     -3       87
  MINIMUM         57   1159 PM  34    1971  57      0       55
  AVERAGE         69                        71     -2       71

PRECIPITATION (IN)
  YESTERDAY        0.00          1.75 1974   0.08  -0.08     0.00
  MONTH TO DATE    0.03                      0.33  -0.30     0.00
  SINCE MAR 1     13.02                      9.33   3.69     7.42
  SINCE JAN 1     21.72                     18.52   3.20    16.61

SNOWFALL (IN)
  YESTERDAY        0.0                       0.0    0.0

DEGREE DAYS
 HEATING
  YESTERDAY        0                                0
  MONTH TO DATE    0                               -3
  SINCE MAR 1     98                             -152
  SINCE JUL 1    943                             -650

 COOLING
  YESTERDAY        4                               -2
  MONTH TO DATE   45                               21
  SINCE MAR 1    300                              137
  SINCE JAN 1    303                              126
..................................................................


WIND (MPH)
  HIGHEST WIND SPEED    18   HIGHEST WIND DIRECTION     N (340)
  HIGHEST GUST SPEED    30   HIGHEST GUST DIRECTION     N (340)
  AVERAGE WIND SPEED     8.1




RELATIVE HUMIDITY (PERCENT)
 HIGHEST    97
 LOWEST     30
 AVERAGE    64

..........................................................


THE TALLAHASSEE CLIMATE NORMALS FOR TODAY
                         NORMAL    RECORD    YEAR
 MAXIMUM TEMPERATURE (F)   85        95      1947
 MINIMUM TEMPERATURE (F)   58        36      1971


SUNRISE AND SUNSET
MAY  5 2016...........SUNRISE   650 AM EDT   SUNSET   818 PM EDT
MAY  6 2016...........SUNRISE   649 AM EDT   SUNSET   819 PM EDT


-  INDICATES NEGATIVE NUMBERS.
R  INDICATES RECORD WAS SET OR TIED.
MM INDICATES DATA IS MISSING.
T  INDICATES TRACE AMOUNT.




$$
