000
CDUS42 KTAE 220636
CLITLH


CLIMATE REPORT
NATIONAL WEATHER SERVICE TALLAHASSEE FL
135 AM EST WED FEB 22 2017


...................................

...THE TALLAHASSEE CLIMATE SUMMARY FOR FEBRUARY 21 2017...

CLIMATE NORMAL PERIOD 1981 TO 2010
CLIMATE RECORD PERIOD 1896 TO 2017


WEATHER ITEM   OBSERVED TIME   RECORD YEAR NORMAL DEPARTURE LAST
                VALUE   (LST)  VALUE       VALUE  FROM      YEAR
                                                  NORMAL
..................................................................
TEMPERATURE (F)
 YESTERDAY
  MAXIMUM         76    157 PM  82    1994  69      7       78
  MINIMUM         54    200 AM  23    2009  43     11       48
                                      1977
  AVERAGE         65                        56      9       63

PRECIPITATION (IN)
  YESTERDAY        T             4.99 2008   0.20  -0.20     0.00
  MONTH TO DATE    1.52                      3.50  -1.98     3.83
  SINCE DEC 1     12.93                     11.74   1.19    12.85
  SINCE JAN 1      8.73                      7.84   0.89     8.08

SNOWFALL (IN)
  YESTERDAY        0.0                       0.0    0.0

DEGREE DAYS
 HEATING
  YESTERDAY        0                               -9
  MONTH TO DATE   90                             -146
  SINCE DEC 1    520                             -526
  SINCE JUL 1    633                             -649

 COOLING
  YESTERDAY        0                                0
  MONTH TO DATE   15                               15
  SINCE DEC 1     88                               70
  SINCE JAN 1     45                               40
..................................................................


WIND (MPH)
  HIGHEST WIND SPEED    22   HIGHEST WIND DIRECTION    SE (150)
  HIGHEST GUST SPEED    30   HIGHEST GUST DIRECTION    SE (150)
  AVERAGE WIND SPEED     9.0




RELATIVE HUMIDITY (PERCENT)
 HIGHEST   100
 LOWEST     60
 AVERAGE    80

..........................................................


THE TALLAHASSEE CLIMATE NORMALS FOR TODAY
                         NORMAL    RECORD    YEAR
 MAXIMUM TEMPERATURE (F)   69        82      2011
                                             1962
 MINIMUM TEMPERATURE (F)   43        22      1970


SUNRISE AND SUNSET
FEBRUARY 22 2017......SUNRISE   711 AM EST   SUNSET   631 PM EST
FEBRUARY 23 2017......SUNRISE   710 AM EST   SUNSET   632 PM EST


-  INDICATES NEGATIVE NUMBERS.
R  INDICATES RECORD WAS SET OR TIED.
MM INDICATES DATA IS MISSING.
T  INDICATES TRACE AMOUNT.




$$
