000
CDUS42 KTAE 240637
CLITLH


CLIMATE REPORT
NATIONAL WEATHER SERVICE TALLAHASSEE FL
237 AM EDT SUN JUL 24 2016


...................................

...THE TALLAHASSEE CLIMATE SUMMARY FOR JULY 23 2016...

CLIMATE NORMAL PERIOD 1981 TO 2010
CLIMATE RECORD PERIOD 1896 TO 2016


WEATHER ITEM   OBSERVED TIME   RECORD YEAR NORMAL DEPARTURE LAST
                VALUE   (LST)  VALUE       VALUE  FROM      YEAR
                                                  NORMAL
..................................................................
TEMPERATURE (F)
 YESTERDAY
  MAXIMUM         95        MM 100    1932  92      3       98
  MINIMUM         74        MM  64    1947  72      2       75
  AVERAGE         85                        82      3       87

PRECIPITATION (IN)
  YESTERDAY        0.00          2.35 1986   0.24  -0.24     1.40
  MONTH TO DATE    6.86                      5.24   1.62     4.80
  SINCE JUN 1     15.24                     12.97   2.27    11.79
  SINCE JAN 1     38.64                     34.63   4.01    30.32

SNOWFALL (IN)
  YESTERDAY        0.0                       0.0    0.0

DEGREE DAYS
 HEATING
  YESTERDAY        0                                0
  MONTH TO DATE    0                                0
  SINCE JUN 1      0                                0
  SINCE JUL 1      0                                0

 COOLING
  YESTERDAY       20                                3
  MONTH TO DATE  463                               72
  SINCE JUN 1   1011                              163
  SINCE JAN 1   1621                              327
..................................................................


WIND (MPH)
  HIGHEST WIND SPEED    15   HIGHEST WIND DIRECTION     S (190)
  HIGHEST GUST SPEED    MM   HIGHEST GUST DIRECTION    MM
  AVERAGE WIND SPEED     2.7




RELATIVE HUMIDITY (PERCENT)
 HIGHEST   100
 LOWEST     46
 AVERAGE    73

..........................................................


THE TALLAHASSEE CLIMATE NORMALS FOR TODAY
                         NORMAL    RECORD    YEAR
 MAXIMUM TEMPERATURE (F)   92        98      1954
                                             1952
                                             1932
 MINIMUM TEMPERATURE (F)   72        67      1929


SUNRISE AND SUNSET
JULY 24 2016..........SUNRISE   651 AM EDT   SUNSET   836 PM EDT
JULY 25 2016..........SUNRISE   652 AM EDT   SUNSET   836 PM EDT


-  INDICATES NEGATIVE NUMBERS.
R  INDICATES RECORD WAS SET OR TIED.
MM INDICATES DATA IS MISSING.
T  INDICATES TRACE AMOUNT.




$$
