000
CDUS42 KTAE 230632
CLITLH


CLIMATE REPORT
NATIONAL WEATHER SERVICE TALLAHASSEE FL
132 AM EST MON JAN 23 2017


...................................

...THE TALLAHASSEE CLIMATE SUMMARY FOR JANUARY 22 2017...

CLIMATE NORMAL PERIOD 1981 TO 2010
CLIMATE RECORD PERIOD 1896 TO 2017


WEATHER ITEM   OBSERVED TIME   RECORD YEAR NORMAL DEPARTURE LAST
                VALUE   (LST)  VALUE       VALUE  FROM      YEAR
                                                  NORMAL
..................................................................
TEMPERATURE (F)
 YESTERDAY
  MAXIMUM         78    111 PM  81    1937  64     14       70
  MINIMUM         55   1155 PM  10    1985  39     16       42
  AVERAGE         67                        51     16       56

PRECIPITATION (IN)
  YESTERDAY        0.29          2.05 1904   0.14   0.15     1.03
  MONTH TO DATE    7.07                      2.95   4.12     4.17
  SINCE DEC 1     11.27                      6.85   4.42     8.94
  SINCE JAN 1      7.07                      2.95   4.12     4.17

SNOWFALL (IN)
  YESTERDAY        0.0                       0.0    0.0

DEGREE DAYS
 HEATING
  YESTERDAY        0                              -14
  MONTH TO DATE  141                             -167
  SINCE DEC 1    332                             -355
  SINCE JUL 1    445                             -478

 COOLING
  YESTERDAY        2                                2
  MONTH TO DATE   30                               30
  SINCE DEC 1     73                               60
  SINCE JAN 1     30                               30
..................................................................


WIND (MPH)
  HIGHEST WIND SPEED    36   HIGHEST WIND DIRECTION     S (200)
  HIGHEST GUST SPEED    47   HIGHEST GUST DIRECTION    SW (210)
  AVERAGE WIND SPEED    15.6




RELATIVE HUMIDITY (PERCENT)
 HIGHEST   100
 LOWEST     52
 AVERAGE    76

..........................................................


THE TALLAHASSEE CLIMATE NORMALS FOR TODAY
                         NORMAL    RECORD    YEAR
 MAXIMUM TEMPERATURE (F)   64        80      1929
                                             1927
 MINIMUM TEMPERATURE (F)   39        20      2011


SUNRISE AND SUNSET
JANUARY 23 2017.......SUNRISE   733 AM EST   SUNSET   606 PM EST
JANUARY 24 2017.......SUNRISE   732 AM EST   SUNSET   607 PM EST


-  INDICATES NEGATIVE NUMBERS.
R  INDICATES RECORD WAS SET OR TIED.
MM INDICATES DATA IS MISSING.
T  INDICATES TRACE AMOUNT.




$$
