000
CDUS42 KTAE 050631
CLITLH


CLIMATE REPORT
NATIONAL WEATHER SERVICE TALLAHASSEE FL
131 AM EST THU MAR 5 2015


...................................

...THE TALLAHASSEE CLIMATE SUMMARY FOR MARCH 4 2015...

CLIMATE NORMAL PERIOD 1981 TO 2010
CLIMATE RECORD PERIOD 1896 TO 2015


WEATHER ITEM   OBSERVED TIME   RECORD YEAR NORMAL DEPARTURE LAST
                VALUE   (LST)  VALUE       VALUE  FROM      YEAR
                                                  NORMAL
..................................................................
TEMPERATURE (F)
 YESTERDAY
  MAXIMUM         82    204 PM  83    1992  71     11       56
  MINIMUM         46    151 PM  21    1980  45      1       46
  AVERAGE         64                        58      6       51

PRECIPITATION (IN)
  YESTERDAY        0.00          3.19 1981   0.22  -0.22     0.00
  MONTH TO DATE    0.00                      0.87  -0.87      T
  SINCE MAR 1      0.00                      0.87  -0.87      T
  SINCE JAN 1      9.19                     10.06  -0.87     8.05

SNOWFALL (IN)
  YESTERDAY        0.0                       0.0    0.0

DEGREE DAYS
 HEATING
  YESTERDAY        1                               -7
  MONTH TO DATE    9                              -23
  SINCE MAR 1      9                              -23
  SINCE JUL 1   1375                                0

 COOLING
  YESTERDAY        0                               -1
  MONTH TO DATE    6                                2
  SINCE MAR 1      6                                2
  SINCE JAN 1     13                               -5
..................................................................


WIND (MPH)
  HIGHEST WIND SPEED    22   HIGHEST WIND DIRECTION     S (170)
  HIGHEST GUST SPEED    26   HIGHEST GUST DIRECTION     S (180)
  AVERAGE WIND SPEED     7.4




RELATIVE HUMIDITY (PERCENT)
 HIGHEST   100
 LOWEST     54
 AVERAGE    77

..........................................................


THE TALLAHASSEE CLIMATE NORMALS FOR TODAY
                         NORMAL    RECORD    YEAR
 MAXIMUM TEMPERATURE (F)   72        85      1955
 MINIMUM TEMPERATURE (F)   45        21      2002


SUNRISE AND SUNSET
MARCH  5 2015.........SUNRISE   659 AM EST   SUNSET   639 PM EST
MARCH  6 2015.........SUNRISE   658 AM EST   SUNSET   640 PM EST


-  INDICATES NEGATIVE NUMBERS.
R  INDICATES RECORD WAS SET OR TIED.
MM INDICATES DATA IS MISSING.
T  INDICATES TRACE AMOUNT.




$$
