000
CDUS42 KTAE 210635
CLITLH


CLIMATE REPORT
NATIONAL WEATHER SERVICE TALLAHASSEE FL
233 AM EDT FRI JUL 21 2017

...................................

...THE TALLAHASSEE CLIMATE SUMMARY FOR JULY 20 2017...

CLIMATE NORMAL PERIOD 1981 TO 2010
CLIMATE RECORD PERIOD 1896 TO 2017


WEATHER ITEM   OBSERVED TIME   RECORD YEAR NORMAL DEPARTURE LAST
                VALUE   (LST)  VALUE       VALUE  FROM      YEAR
                                                  NORMAL
..................................................................
TEMPERATURE (F)
 YESTERDAY
  MAXIMUM         96    327 PM 102    2007  92      4       98
  MINIMUM         74    619 AM  62    1923  72      2       74
  AVERAGE         85                        82      3       86

PRECIPITATION (IN)
  YESTERDAY        T             2.50 2013   0.23  -0.23     0.00
  MONTH TO DATE    2.96                      4.56  -1.60     6.33
  SINCE JUN 1     15.70                     12.29   3.41    14.71
  SINCE JAN 1     35.50                     33.95   1.55    38.11

SNOWFALL (IN)
  YESTERDAY        0.0                       0.0    0.0

DEGREE DAYS
 HEATING
  YESTERDAY        0                                0
  MONTH TO DATE    0                                0
  SINCE JUN 1      0                                0
  SINCE JUL 1      0                                0

 COOLING
  YESTERDAY       20                                3
  MONTH TO DATE  362                               22
  SINCE JUN 1    800                                3
  SINCE JAN 1   1427                              184
..................................................................


WIND (MPH)
  HIGHEST WIND SPEED    16   HIGHEST WIND DIRECTION     S (180)
  HIGHEST GUST SPEED    19   HIGHEST GUST DIRECTION    SE (150)
  AVERAGE WIND SPEED     3.4




RELATIVE HUMIDITY (PERCENT)
 HIGHEST   100
 LOWEST     49
 AVERAGE    75

..........................................................


THE TALLAHASSEE CLIMATE NORMALS FOR TODAY
                         NORMAL    RECORD    YEAR
 MAXIMUM TEMPERATURE (F)   92       100      1942
 MINIMUM TEMPERATURE (F)   72        60      2009


SUNRISE AND SUNSET
JULY 21 2017..........SUNRISE   649 AM EDT   SUNSET   838 PM EDT
JULY 22 2017..........SUNRISE   650 AM EDT   SUNSET   838 PM EDT


-  INDICATES NEGATIVE NUMBERS.
R  INDICATES RECORD WAS SET OR TIED.
MM INDICATES DATA IS MISSING.
T  INDICATES TRACE AMOUNT.

$$
