000
CDUS42 KTAE 030636
CLITLH


CLIMATE REPORT
NATIONAL WEATHER SERVICE TALLAHASSEE FL
236 AM EDT FRI JUL 3 2015


...................................

...THE TALLAHASSEE CLIMATE SUMMARY FOR JULY 2 2015...

CLIMATE NORMAL PERIOD 1981 TO 2010
CLIMATE RECORD PERIOD 1896 TO 2015


WEATHER ITEM   OBSERVED TIME   RECORD YEAR NORMAL DEPARTURE LAST
                VALUE   (LST)  VALUE       VALUE  FROM      YEAR
                                                  NORMAL
..................................................................
TEMPERATURE (F)
 YESTERDAY
  MAXIMUM         89   1050 AM 101    1931  92     -3       97
  MINIMUM         74    207 PM  64    1975  72      2       78
  AVERAGE         82                        82      0       88

PRECIPITATION (IN)
  YESTERDAY        0.44          1.68 1933   0.23   0.21      T
  MONTH TO DATE    0.74                      0.46   0.28      T
  SINCE JUN 1      7.28                      8.19  -0.91     4.40
  SINCE JAN 1     25.81                     29.85  -4.04    36.49

SNOWFALL (IN)
  YESTERDAY        0.0                       0.0    0.0

DEGREE DAYS
 HEATING
  YESTERDAY        0                                0
  MONTH TO DATE    0                                0
  SINCE JUN 1      0                                0
  SINCE JUL 1      0                                0

 COOLING
  YESTERDAY       17                                0
  MONTH TO DATE   33                               -1
  SINCE JUN 1    537                               46
  SINCE JAN 1   1358                              421
..................................................................


WIND (MPH)
  HIGHEST WIND SPEED    25   HIGHEST WIND DIRECTION     W (250)
  HIGHEST GUST SPEED    34   HIGHEST GUST DIRECTION    SW (220)
  AVERAGE WIND SPEED     5.6




RELATIVE HUMIDITY (PERCENT)
 HIGHEST   100
 LOWEST     59
 AVERAGE    80

..........................................................


THE TALLAHASSEE CLIMATE NORMALS FOR TODAY
                         NORMAL    RECORD    YEAR
 MAXIMUM TEMPERATURE (F)   92       104      1931
 MINIMUM TEMPERATURE (F)   72        62      1975


SUNRISE AND SUNSET
JULY  3 2015..........SUNRISE   640 AM EDT   SUNSET   843 PM EDT
JULY  4 2015..........SUNRISE   640 AM EDT   SUNSET   843 PM EDT


-  INDICATES NEGATIVE NUMBERS.
R  INDICATES RECORD WAS SET OR TIED.
MM INDICATES DATA IS MISSING.
T  INDICATES TRACE AMOUNT.




$$
