000
CDUS44 KBMX 280735
CLITOI


CLIMATE REPORT
NATIONAL WEATHER SERVICE BIRMINGHAM, AL
235 AM CDT SAT MAY 28 2016


...................................

...THE TROY CLIMATE SUMMARY FOR MAY 27 2016...

CLIMATE NORMAL PERIOD 1981 TO 2010
CLIMATE RECORD PERIOD 9999 TO 9999


WEATHER ITEM   OBSERVED TIME   RECORD YEAR NORMAL DEPARTURE LAST
                VALUE   (LST)  VALUE       VALUE  FROM      YEAR
                                                  NORMAL
..................................................................
TEMPERATURE (F)
 YESTERDAY
  MAXIMUM         90    121 PM  MM      MM  86      4       88
  MINIMUM         64    431 AM  MM      MM  62      2       64
  AVERAGE         77                        74      3       76

PRECIPITATION (IN)
  YESTERDAY        0.00                      0.16  -0.16     0.11
  MONTH TO DATE    2.40                      2.84  -0.44     1.79
  SINCE MAR 1     12.98                     12.86   0.12    11.61
  SINCE JAN 1     19.33                     21.99  -2.66    18.52

DEGREE DAYS
 COOLING
  YESTERDAY       12                         9      3       11
  MONTH TO DATE  186                       171     15      230
  SINCE MAR 1    345                       243    102      434
  SINCE JAN 1    352                       248    104      436
..................................................................


WIND (MPH)
  HIGHEST WIND SPEED    16   HIGHEST WIND DIRECTION     E (110)
  HIGHEST GUST SPEED    21   HIGHEST GUST DIRECTION    SE (130)
  AVERAGE WIND SPEED     4.5


SKY COVER
  AVERAGE SKY COVER 0.1


WEATHER CONDITIONS
 THE FOLLOWING WEATHER WAS RECORDED YESTERDAY.
  FOG


RELATIVE HUMIDITY (PERCENT)
 HIGHEST    93           200 AM
 LOWEST     41           100 PM
 AVERAGE    67

..........................................................


THE TROY CLIMATE NORMALS FOR TODAY
                         NORMAL    RECORD    YEAR
 MAXIMUM TEMPERATURE (F)   87        MM        MM
 MINIMUM TEMPERATURE (F)   62        MM        MM


SUNRISE AND SUNSET
MAY 28 2016...........SUNRISE   540 AM CDT   SUNSET   743 PM CDT
MAY 29 2016...........SUNRISE   540 AM CDT   SUNSET   743 PM CDT


-  INDICATES NEGATIVE NUMBERS.
R  INDICATES RECORD WAS SET OR TIED.
MM INDICATES DATA IS MISSING.
T  INDICATES TRACE AMOUNT.




$$
