000
CDUS44 KBMX 302135
CLITOI


CLIMATE REPORT
NATIONAL WEATHER SERVICE BIRMINGHAM, AL
435 PM CDT THU MAR 30 2017


...................................

...THE TROY CLIMATE SUMMARY FOR MARCH 30 2017...
VALID TODAY AS OF 0400 PM LOCAL TIME.

CLIMATE NORMAL PERIOD 1981 TO 2010
CLIMATE RECORD PERIOD 9999 TO 9999


WEATHER ITEM   OBSERVED TIME   RECORD YEAR NORMAL DEPARTURE LAST
                VALUE   (LST)  VALUE       VALUE  FROM      YEAR
                                                  NORMAL
..................................................................
TEMPERATURE (F)
 TODAY
  MAXIMUM         81   1227 PM  MM      MM  73      8       78
  MINIMUM         53    458 AM  MM      MM  46      7       46
  AVERAGE         67                        59      8       62

PRECIPITATION (IN)
  TODAY            T                         0.21  -0.21     0.00
  MONTH TO DATE    2.20                      5.82  -3.62     4.82
  SINCE MAR 1      2.20                      5.82  -3.62     4.82
  SINCE JAN 1     20.83                     14.95   5.88    11.17

SNOWFALL (IN)
  TODAY            0.0                      MM     MM        0.0
  MONTH TO DATE    0.0                      MM     MM        0.0
  SINCE MAR 1      0.0                      MM     MM        0.0
  SINCE JUL 1      0.0                      MM     MM         T
  SNOW DEPTH       0

DEGREE DAYS
 HEATING
  TODAY            0                         6     -6        3
  MONTH TO DATE  217                       276    -59      133
  SINCE MAR 1    217                       276    -59      133
  SINCE JUL 1   1378                      2195   -817     1438

 COOLING
  TODAY            2                         1      1        0
  MONTH TO DATE   52                        10     42       75
  SINCE MAR 1     52                        10     42       75
  SINCE JAN 1     74                        15     59       82
..................................................................


WIND (MPH)
  HIGHEST WIND SPEED    17   HIGHEST WIND DIRECTION     S (170)
  HIGHEST GUST SPEED    24   HIGHEST GUST DIRECTION    SE (150)
  AVERAGE WIND SPEED     3.4


SKY COVER
  AVERAGE SKY COVER 0.3


WEATHER CONDITIONS
 THE FOLLOWING WEATHER WAS RECORDED TODAY.
  THUNDERSTORM
  LIGHT RAIN


RELATIVE HUMIDITY (PERCENT)
 HIGHEST   100           300 AM
 LOWEST     54           100 PM
 AVERAGE    77

..........................................................


THE TROY CLIMATE NORMALS FOR TOMORROW
                         NORMAL    RECORD    YEAR
 MAXIMUM TEMPERATURE (F)   73        MM        MM
 MINIMUM TEMPERATURE (F)   46        MM        MM


SUNRISE AND SUNSET
MARCH 30 2017.........SUNRISE   635 AM CDT   SUNSET   703 PM CDT
MARCH 31 2017.........SUNRISE   633 AM CDT   SUNSET   703 PM CDT


-  INDICATES NEGATIVE NUMBERS.
R  INDICATES RECORD WAS SET OR TIED.
MM INDICATES DATA IS MISSING.
T  INDICATES TRACE AMOUNT.




$$
