000
CDUS44 KBMX 060724
CLITOI


CLIMATE REPORT
NATIONAL WEATHER SERVICE BIRMINGHAM, AL
224 AM CDT MON JUL 6 2015


...................................

...THE TROY CLIMATE SUMMARY FOR JULY 5 2015...

CLIMATE NORMAL PERIOD 1981 TO 2010
CLIMATE RECORD PERIOD 9999 TO 9999


WEATHER ITEM   OBSERVED TIME   RECORD YEAR NORMAL DEPARTURE LAST
                VALUE   (LST)  VALUE       VALUE  FROM      YEAR
                                                  NORMAL
..................................................................
TEMPERATURE (F)
 YESTERDAY
  MAXIMUM         83    255 PM  MM      MM  91     -8       93
  MINIMUM         69   1159 PM  MM      MM  69      0       62
  AVERAGE         76                        80     -4       78

PRECIPITATION (IN)
  YESTERDAY        0.31                      0.19   0.12     0.00
  MONTH TO DATE    1.24                      0.97   0.27     0.00
  SINCE JUN 1      5.35                      5.80  -0.45     2.79
  SINCE JAN 1     25.17                     28.63  -3.46    32.85

DEGREE DAYS
 COOLING
  YESTERDAY       11                        15     -4       13
  MONTH TO DATE   76                        75      1       73
  SINCE JUN 1    535                       463     72      506
  SINCE JAN 1   1018                       750    268      828
..................................................................


WIND (MPH)
  HIGHEST WIND SPEED    15   HIGHEST WIND DIRECTION     W (250)
  HIGHEST GUST SPEED    29   HIGHEST GUST DIRECTION     S (170)
  AVERAGE WIND SPEED     3.5


SKY COVER
  AVERAGE SKY COVER 0.4


WEATHER CONDITIONS
 THE FOLLOWING WEATHER WAS RECORDED YESTERDAY.
  HEAVY RAIN
  RAIN
  LIGHT RAIN
  FOG


RELATIVE HUMIDITY (PERCENT)
 HIGHEST   100          1200 AM
 LOWEST     69           300 PM
 AVERAGE    85

..........................................................


THE TROY CLIMATE NORMALS FOR TODAY
                         NORMAL    RECORD    YEAR
 MAXIMUM TEMPERATURE (F)   91        MM        MM
 MINIMUM TEMPERATURE (F)   70        MM        MM


SUNRISE AND SUNSET
JULY  6 2015..........SUNRISE   544 AM CDT   SUNSET   753 PM CDT
JULY  7 2015..........SUNRISE   545 AM CDT   SUNSET   753 PM CDT


-  INDICATES NEGATIVE NUMBERS.
R  INDICATES RECORD WAS SET OR TIED.
MM INDICATES DATA IS MISSING.
T  INDICATES TRACE AMOUNT.




$$
