000
CDUS44 KBMX 200952
CLITOI


CLIMATE REPORT
NATIONAL WEATHER SERVICE BIRMINGHAM, AL
452 AM CDT SAT SEP 20 2014


...................................

...THE TROY CLIMATE SUMMARY FOR SEPTEMBER 19 2014...

CLIMATE NORMAL PERIOD 1981 TO 2010
CLIMATE RECORD PERIOD 9999 TO 9999


WEATHER ITEM   OBSERVED TIME   RECORD YEAR NORMAL DEPARTURE LAST
                VALUE   (LST)  VALUE       VALUE  FROM      YEAR
                                                  NORMAL
..................................................................
TEMPERATURE (F)
 YESTERDAY
  MAXIMUM         92    207 PM  MM      MM  86      6       89
  MINIMUM         64    443 AM  MM      MM  63      1       65
  AVERAGE         78                        74      4       77

PRECIPITATION (IN)
  YESTERDAY        0.29                      0.13   0.16     0.00
  MONTH TO DATE    2.76                      2.71   0.05     0.85
  SINCE SEP 1      2.76                      2.71   0.05     0.85
  SINCE JAN 1     40.76                     40.66   0.10    46.46

DEGREE DAYS
 HEATING
  YESTERDAY        0                         0      0        0
  MONTH TO DATE    0                         0      0        0
  SINCE SEP 1      0                         0      0        0
  SINCE JUL 1      0                         0      0        0

 COOLING
  YESTERDAY       13                        10      3       12
  MONTH TO DATE  308                       230     78      288
  SINCE SEP 1    308                       230     78      288
  SINCE JAN 1   2020                      1864    156     1935
..................................................................


WIND (MPH)
  HIGHEST WIND SPEED    23   HIGHEST WIND DIRECTION    SE (120)
  HIGHEST GUST SPEED    30   HIGHEST GUST DIRECTION    SE (120)
  AVERAGE WIND SPEED     3.5


SKY COVER
  AVERAGE SKY COVER 0.1


WEATHER CONDITIONS
 THE FOLLOWING WEATHER WAS RECORDED YESTERDAY.
  THUNDERSTORM
  HEAVY RAIN
  RAIN
  LIGHT RAIN
  FOG


RELATIVE HUMIDITY (PERCENT)
 HIGHEST    93           100 AM
 LOWEST     41          1200 PM
 AVERAGE    67

..........................................................


THE TROY CLIMATE NORMALS FOR TODAY
                         NORMAL    RECORD    YEAR
 MAXIMUM TEMPERATURE (F)   86        MM        MM
 MINIMUM TEMPERATURE (F)   63        MM        MM


SUNRISE AND SUNSET
SEPTEMBER 20 2014.....SUNRISE   631 AM CDT   SUNSET   643 PM CDT
SEPTEMBER 21 2014.....SUNRISE   632 AM CDT   SUNSET   642 PM CDT


-  INDICATES NEGATIVE NUMBERS.
R  INDICATES RECORD WAS SET OR TIED.
MM INDICATES DATA IS MISSING.
T  INDICATES TRACE AMOUNT.




$$
