000
CDUS44 KBMX 262134
CLITOI


CLIMATE REPORT
NATIONAL WEATHER SERVICE BIRMINGHAM, AL
434 PM CDT WED JUL 26 2017


...................................

...THE TROY CLIMATE SUMMARY FOR JULY 26 2017...
VALID TODAY AS OF 0400 PM LOCAL TIME.

CLIMATE NORMAL PERIOD 1981 TO 2010
CLIMATE RECORD PERIOD 9999 TO 9999


WEATHER ITEM   OBSERVED TIME   RECORD YEAR NORMAL DEPARTURE LAST
                VALUE   (LST)  VALUE       VALUE  FROM      YEAR
                                                  NORMAL
..................................................................
TEMPERATURE (F)
 TODAY
  MAXIMUM         95    257 PM  MM      MM  92      3       89
  MINIMUM         72    326 AM  MM      MM  70      2       72
  AVERAGE         84                        81      3       81

PRECIPITATION (IN)
  TODAY            0.00                      0.20  -0.20     0.22
  MONTH TO DATE    3.06                      4.79  -1.73     3.81
  SINCE JUN 1     11.57                      9.62   1.95     9.81
  SINCE JAN 1     44.07                     32.45  11.62    29.15

DEGREE DAYS
 COOLING
  TODAY           19                        16      3       16
  MONTH TO DATE  417                       409      8      432
  SINCE JUN 1    772                       797    -25      873
  SINCE JAN 1   1176                      1084     92     1288
..................................................................


WIND (MPH)
  HIGHEST WIND SPEED    12   HIGHEST WIND DIRECTION     N (340)
  HIGHEST GUST SPEED    14   HIGHEST GUST DIRECTION     N (360)
  AVERAGE WIND SPEED     2.6


SKY COVER
  AVERAGE SKY COVER 0.7


WEATHER CONDITIONS
 THE FOLLOWING WEATHER WAS RECORDED TODAY.
  THUNDERSTORM
  FOG
  FOG W/VISIBILITY <= 1/4 MILE


RELATIVE HUMIDITY (PERCENT)
 HIGHEST   100          1200 AM
 LOWEST     53           300 PM
 AVERAGE    77

..........................................................


THE TROY CLIMATE NORMALS FOR TOMORROW
                         NORMAL    RECORD    YEAR
 MAXIMUM TEMPERATURE (F)   92        MM        MM
 MINIMUM TEMPERATURE (F)   70        MM        MM


SUNRISE AND SUNSET
JULY 26 2017..........SUNRISE   556 AM CDT   SUNSET   745 PM CDT
JULY 27 2017..........SUNRISE   557 AM CDT   SUNSET   744 PM CDT


-  INDICATES NEGATIVE NUMBERS.
R  INDICATES RECORD WAS SET OR TIED.
MM INDICATES DATA IS MISSING.
T  INDICATES TRACE AMOUNT.




$$
