000
CDUS44 KBMX 290049
CLITOI


CLIMATE REPORT
NATIONAL WEATHER SERVICE BIRMINGHAM, AL
749 PM CDT WED SEP 28 2016


...................................

...THE TROY CLIMATE SUMMARY FOR SEPTEMBER 28 2016...
VALID TODAY AS OF 0700 PM LOCAL TIME.

CLIMATE NORMAL PERIOD 1981 TO 2010
CLIMATE RECORD PERIOD 9999 TO 9999


WEATHER ITEM   OBSERVED TIME   RECORD YEAR NORMAL DEPARTURE LAST
                VALUE   (LST)  VALUE       VALUE  FROM      YEAR
                                                  NORMAL
..................................................................
TEMPERATURE (F)
 TODAY
  MAXIMUM         89    243 PM  MM      MM  83      6       76
  MINIMUM         66    618 AM  MM      MM  60      6       70
  AVERAGE         78                        71      7       73

PRECIPITATION (IN)
  TODAY            0.00                      0.11  -0.11     2.26
  MONTH TO DATE    1.48                      3.72  -2.24     3.15
  SINCE SEP 1      1.48                      3.72  -2.24     3.15
  SINCE JAN 1     34.22                     41.67  -7.45    33.16

DEGREE DAYS
 HEATING
  TODAY            0                         1     -1        0
  MONTH TO DATE    0                         1     -1        0
  SINCE SEP 1      0                         1     -1        0
  SINCE JUL 1      0                         1     -1        0

 COOLING
  TODAY           13                         7      6        8
  MONTH TO DATE  411                       302    109      317
  SINCE SEP 1    411                       302    109      317
  SINCE JAN 1   2317                      1936    381     2339
..................................................................


WIND (MPH)
  HIGHEST WIND SPEED    14   HIGHEST WIND DIRECTION    SW (230)
  HIGHEST GUST SPEED    19   HIGHEST GUST DIRECTION    SW (220)
  AVERAGE WIND SPEED     3.5


SKY COVER
  AVERAGE SKY COVER 0.2


WEATHER CONDITIONS
 THE FOLLOWING WEATHER WAS RECORDED TODAY.
  FOG
  FOG W/VISIBILITY <= 1/4 MILE


RELATIVE HUMIDITY (PERCENT)
 HIGHEST   100          1200 AM
 LOWEST     46          1200 PM
 AVERAGE    73

..........................................................


THE TROY CLIMATE NORMALS FOR TOMORROW
                         NORMAL    RECORD    YEAR
 MAXIMUM TEMPERATURE (F)   83        MM        MM
 MINIMUM TEMPERATURE (F)   59        MM        MM


SUNRISE AND SUNSET
SEPTEMBER 28 2016.....SUNRISE   636 AM CDT   SUNSET   632 PM CDT
SEPTEMBER 29 2016.....SUNRISE   637 AM CDT   SUNSET   631 PM CDT


-  INDICATES NEGATIVE NUMBERS.
R  INDICATES RECORD WAS SET OR TIED.
MM INDICATES DATA IS MISSING.
T  INDICATES TRACE AMOUNT.




$$
