099
CDUS44 KBMX 260857
CLITOI


CLIMATE REPORT
NATIONAL WEATHER SERVICE BIRMINGHAM, AL
255 AM CST SUN FEB 26 2017


...................................

...THE TROY CLIMATE SUMMARY FOR FEBRUARY 25 2017...

CLIMATE NORMAL PERIOD 1981 TO 2010
CLIMATE RECORD PERIOD 9999 TO 9999


WEATHER ITEM   OBSERVED TIME   RECORD YEAR NORMAL DEPARTURE LAST
                VALUE   (LST)  VALUE       VALUE  FROM      YEAR
                                                  NORMAL
..................................................................
TEMPERATURE (F)
 YESTERDAY
  MAXIMUM         70   1217 PM  MM      MM  65      5       62
  MINIMUM         44   1159 PM  MM      MM  39      5       38
  AVERAGE         57                        52      5       50

PRECIPITATION (IN)
  YESTERDAY        T                         0.16  -0.16     0.00
  MONTH TO DATE    3.82                      4.05  -0.23     3.45
  SINCE DEC 1     21.93                     13.44   8.49    20.27
  SINCE JAN 1     17.26                      8.60   8.66     6.35

SNOWFALL (IN)
  YESTERDAY       MM                        MM     MM        0.0
  MONTH TO DATE    0.0                      MM     MM        0.0
  SINCE DEC 1      0.0                      MM     MM         T
  SINCE JUL 1      0.0                      MM     MM         T
  SNOW DEPTH       0

DEGREE DAYS
 HEATING
  YESTERDAY        8                        13     -5       15
  MONTH TO DATE  193                       388   -195      294
  SINCE DEC 1    889                      1487   -598     1063
  SINCE JUL 1   1141                      1880   -739     1248
..................................................................


WIND (MPH)
  HIGHEST WIND SPEED    21   HIGHEST WIND DIRECTION    NW (320)
  HIGHEST GUST SPEED    27   HIGHEST GUST DIRECTION    NW (320)
  AVERAGE WIND SPEED     9.1


SKY COVER
  AVERAGE SKY COVER 0.3


WEATHER CONDITIONS
 THE FOLLOWING WEATHER WAS RECORDED YESTERDAY.
  NO SIGNIFICANT WEATHER WAS OBSERVED.


RELATIVE HUMIDITY (PERCENT)
 HIGHEST   100          1200 AM
 LOWEST     18           200 PM
 AVERAGE    59

..........................................................


THE TROY CLIMATE NORMALS FOR TODAY
                         NORMAL    RECORD    YEAR
 MAXIMUM TEMPERATURE (F)   65        MM        MM
 MINIMUM TEMPERATURE (F)   39        MM        MM


SUNRISE AND SUNSET
FEBRUARY 26 2017......SUNRISE   614 AM CST   SUNSET   540 PM CST
FEBRUARY 27 2017......SUNRISE   613 AM CST   SUNSET   541 PM CST


-  INDICATES NEGATIVE NUMBERS.
R  INDICATES RECORD WAS SET OR TIED.
MM INDICATES DATA IS MISSING.
T  INDICATES TRACE AMOUNT.




$$
