000
CDUS44 KBMX 230936
CLITOI


CLIMATE REPORT
NATIONAL WEATHER SERVICE BIRMINGHAM, AL
435 AM CDT SAT AUG 23 2014


...................................

...THE TROY CLIMATE SUMMARY FOR AUGUST 22 2014...

CLIMATE NORMAL PERIOD 1981 TO 2010
CLIMATE RECORD PERIOD 9999 TO 9999


WEATHER ITEM   OBSERVED TIME   RECORD YEAR NORMAL DEPARTURE LAST
                VALUE   (LST)  VALUE       VALUE  FROM      YEAR
                                                  NORMAL
..................................................................
TEMPERATURE (F)
 YESTERDAY
  MAXIMUM         97    332 PM  MM      MM  91      6       90
  MINIMUM         72    503 AM  MM      MM  69      3       70
  AVERAGE         85                        80      5       80

PRECIPITATION (IN)
  YESTERDAY        0.00                      0.12  -0.12     0.18
  MONTH TO DATE    2.87                      3.62  -0.75     3.13
  SINCE JUN 1      7.78                     14.12  -6.34    22.45
  SINCE JAN 1     37.84                     36.95   0.89    45.61

DEGREE DAYS
 COOLING
  YESTERDAY       20                        15      5       15
  MONTH TO DATE  351                       345      6      338
  SINCE JUN 1   1244                      1218     26     1231
  SINCE JAN 1   1566                      1505     61     1523
..................................................................


WIND (MPH)
  HIGHEST WIND SPEED    14   HIGHEST WIND DIRECTION    NW (330)
  HIGHEST GUST SPEED    18   HIGHEST GUST DIRECTION     N (340)
  AVERAGE WIND SPEED     3.0


SKY COVER
  AVERAGE SKY COVER 0.1


WEATHER CONDITIONS
 THE FOLLOWING WEATHER WAS RECORDED YESTERDAY.
  FOG


RELATIVE HUMIDITY (PERCENT)
 HIGHEST    94          1200 AM
 LOWEST     42           300 PM
 AVERAGE    68

..........................................................


THE TROY CLIMATE NORMALS FOR TODAY
                         NORMAL    RECORD    YEAR
 MAXIMUM TEMPERATURE (F)   91        MM        MM
 MINIMUM TEMPERATURE (F)   69        MM        MM


SUNRISE AND SUNSET
AUGUST 23 2014........SUNRISE   614 AM CDT   SUNSET   719 PM CDT
AUGUST 24 2014........SUNRISE   615 AM CDT   SUNSET   718 PM CDT


-  INDICATES NEGATIVE NUMBERS.
R  INDICATES RECORD WAS SET OR TIED.
MM INDICATES DATA IS MISSING.
T  INDICATES TRACE AMOUNT.




$$
