000
CDUS41 KCLE 220536
CLITOL


CLIMATE REPORT
NATIONAL WEATHER SERVICE CLEVELAND OH
1235 AM EST MON JAN 22 2018


...................................

...THE TOLEDO OH CLIMATE SUMMARY FOR JANUARY 21 2018...

CLIMATE NORMAL PERIOD 1981 TO 2010
CLIMATE RECORD PERIOD 1873 TO 2018


WEATHER ITEM   OBSERVED TIME   RECORD YEAR NORMAL DEPARTURE LAST
                VALUE   (LST)  VALUE       VALUE  FROM      YEAR
                                                  NORMAL
..................................................................
TEMPERATURE (F)
 YESTERDAY
  MAXIMUM         45   1159 PM  70    1906  32     13       59
  MINIMUM         35    720 AM -20    1984  18     17       42
  AVERAGE         40                        25     15       51

PRECIPITATION (IN)
  YESTERDAY        0.01                      0.06  -0.05     0.00
  MONTH TO DATE    0.86                      1.44  -0.58     3.69
  SINCE DEC 1      1.98                      4.12  -2.14     6.17
  SINCE JAN 1      0.86                      1.44  -0.58     3.69

SNOWFALL (IN)
  YESTERDAY        0.0                       0.4   -0.4      0.0
  MONTH TO DATE    5.3                       7.7   -2.4      1.1
  SINCE DEC 1     19.2                      15.1    4.1     14.3
  SINCE JUL 1     19.2                      17.2    2.0     14.3
  SNOW DEPTH       0

DEGREE DAYS
 HEATING
  YESTERDAY       25                        40    -15       14
  MONTH TO DATE  935                       831    104      730
  SINCE DEC 1   2122                      1923    199     1888
  SINCE JUL 1   3170                      3156     14     2812

 COOLING
  YESTERDAY        0                         0      0        0
  MONTH TO DATE    0                         0      0        0
  SINCE DEC 1      0                         0      0        0
  SINCE JAN 1      0                         0      0        0
..................................................................


WIND (MPH)
  HIGHEST WIND SPEED    10   HIGHEST WIND DIRECTION    SW (230)
  HIGHEST GUST SPEED    14   HIGHEST GUST DIRECTION    SW (240)
  AVERAGE WIND SPEED     2.4


SKY COVER
  POSSIBLE SUNSHINE  MM
  AVERAGE SKY COVER 1.0


WEATHER CONDITIONS
 THE FOLLOWING WEATHER WAS RECORDED YESTERDAY.
  LIGHT RAIN
  FOG
  FOG W/VISIBILITY <= 1/4 MILE


RELATIVE HUMIDITY (PERCENT)
 HIGHEST   100          1200 AM
 LOWEST     92           100 AM
 AVERAGE    96

..........................................................


THE TOLEDO OH CLIMATE NORMALS FOR TODAY
                         NORMAL    RECORD    YEAR
 MAXIMUM TEMPERATURE (F)   33        65      1933
 MINIMUM TEMPERATURE (F)   18       -12      1936


SUNRISE AND SUNSET
JANUARY 22 2018.......SUNRISE   756 AM EST   SUNSET   538 PM EST
JANUARY 23 2018.......SUNRISE   755 AM EST   SUNSET   540 PM EST


-  INDICATES NEGATIVE NUMBERS.
R  INDICATES RECORD WAS SET OR TIED.
MM INDICATES DATA IS MISSING.
T  INDICATES TRACE AMOUNT.




$$
