000
CDUS41 KCLE 050527
CLITOL


CLIMATE REPORT
NATIONAL WEATHER SERVICE CLEVELAND OH
1227 AM EST THU MAR 5 2015


...................................

...THE TOLEDO OH CLIMATE SUMMARY FOR MARCH 4 2015...

CLIMATE NORMAL PERIOD 1981 TO 2010
CLIMATE RECORD PERIOD 1873 TO 2015


WEATHER ITEM   OBSERVED TIME   RECORD YEAR NORMAL DEPARTURE LAST
                VALUE   (LST)  VALUE       VALUE  FROM      YEAR
                                                  NORMAL
..................................................................
TEMPERATURE (F)
 YESTERDAY
  MAXIMUM         34    205 AM  76    1983  42     -8       21
  MINIMUM         16   1159 PM  -4    2014  25     -9       -4
  AVERAGE         25                        33     -8        9

PRECIPITATION (IN)
  YESTERDAY        0.00                      0.07  -0.07     0.00
  MONTH TO DATE    0.40                      0.30   0.10     0.26
  SINCE MAR 1      0.40                      0.30   0.10     0.26
  SINCE JAN 1      4.02                      4.42  -0.40     7.44

SNOWFALL (IN)
  YESTERDAY        0.0                       0.3   -0.3      0.0
  MONTH TO DATE    4.3                       1.0    3.3      3.0
  SINCE MAR 1      4.3                       1.0    3.3      3.0
  SINCE JUL 1     44.6                      31.5   13.1     76.5
  SNOW DEPTH       6

DEGREE DAYS
 HEATING
  YESTERDAY       40                        32      8       56
  MONTH TO DATE  171                       130     41      207
  SINCE MAR 1    171                       130     41      207
  SINCE JUL 1   5427                      4706    721     5533

 COOLING
  YESTERDAY        0                         0      0        0
  MONTH TO DATE    0                         0      0        0
  SINCE MAR 1      0                         0      0        0
  SINCE JAN 1      0                         0      0        0
..................................................................


WIND (MPH)
  HIGHEST WIND SPEED    22   HIGHEST WIND DIRECTION    NW (310)
  HIGHEST GUST SPEED    29   HIGHEST GUST DIRECTION    NW (320)
  AVERAGE WIND SPEED    11.4


SKY COVER
  POSSIBLE SUNSHINE  MM
  AVERAGE SKY COVER 0.7


WEATHER CONDITIONS
 THE FOLLOWING WEATHER WAS RECORDED YESTERDAY.
  NO SIGNIFICANT WEATHER WAS OBSERVED.


RELATIVE HUMIDITY (PERCENT)
 HIGHEST    82          1200 AM
 LOWEST     49          1100 PM
 AVERAGE    66

..........................................................


THE TOLEDO OH CLIMATE NORMALS FOR TODAY
                         NORMAL    RECORD    YEAR
 MAXIMUM TEMPERATURE (F)   42        70      2004
 MINIMUM TEMPERATURE (F)   25        -1      1873


SUNRISE AND SUNSET
MARCH  5 2015.........SUNRISE   704 AM EST   SUNSET   630 PM EST
MARCH  6 2015.........SUNRISE   702 AM EST   SUNSET   631 PM EST


-  INDICATES NEGATIVE NUMBERS.
R  INDICATES RECORD WAS SET OR TIED.
MM INDICATES DATA IS MISSING.
T  INDICATES TRACE AMOUNT.




$$
