000
CDUS41 KCLE 260528
CLITOL


CLIMATE REPORT
NATIONAL WEATHER SERVICE CLEVELAND OH
127 AM EDT THU MAY 26 2016


...................................

...THE TOLEDO OH CLIMATE SUMMARY FOR MAY 25 2016...

CLIMATE NORMAL PERIOD 1981 TO 2010
CLIMATE RECORD PERIOD 1873 TO 2016


WEATHER ITEM   OBSERVED TIME   RECORD YEAR NORMAL DEPARTURE LAST
                VALUE   (LST)  VALUE       VALUE  FROM      YEAR
                                                  NORMAL
..................................................................
TEMPERATURE (F)
 YESTERDAY
  MAXIMUM         84    230 PM  92    2012  74     10       81
  MINIMUM         56    603 AM  33    1963  51      5       65
  AVERAGE         70                        63      7       73

PRECIPITATION (IN)
  YESTERDAY        0.00                      0.12  -0.12      T
  MONTH TO DATE    1.43                      2.85  -1.42     1.54
  SINCE MAR 1     10.53                      8.52   2.01     5.57
  SINCE JAN 1     13.75                     12.64   1.11     9.19

SNOWFALL (IN)
  YESTERDAY        0.0                       0.0    0.0      0.0
  MONTH TO DATE    0.0                       0.1   -0.1      0.0
  SINCE MAR 1     11.4                       7.1    4.3      5.4
  SINCE JUL 1     26.4                      37.6  -11.2     45.7
  SNOW DEPTH       0

DEGREE DAYS
 HEATING
  YESTERDAY        0                         5     -5        0
  MONTH TO DATE  224                       185     39      119
  SINCE MAR 1   1446                      1511    -65     1592
  SINCE JUL 1   5344                      6087   -743     6848

 COOLING
  YESTERDAY        5                         2      3        8
  MONTH TO DATE    8                        29    -21       62
  SINCE MAR 1      8                        37    -29       62
  SINCE JAN 1      8                        37    -29       62
..................................................................


WIND (MPH)
  HIGHEST WIND SPEED    18   HIGHEST WIND DIRECTION     S (190)
  HIGHEST GUST SPEED    24   HIGHEST GUST DIRECTION     S (190)
  AVERAGE WIND SPEED     6.9


SKY COVER
  POSSIBLE SUNSHINE  MM
  AVERAGE SKY COVER 0.2


WEATHER CONDITIONS
 THE FOLLOWING WEATHER WAS RECORDED YESTERDAY.
  NO SIGNIFICANT WEATHER WAS OBSERVED.


RELATIVE HUMIDITY (PERCENT)
 HIGHEST    77           500 AM
 LOWEST     40          1100 AM
 AVERAGE    59

..........................................................


THE TOLEDO OH CLIMATE NORMALS FOR TODAY
                         NORMAL    RECORD    YEAR
 MAXIMUM TEMPERATURE (F)   74        93      1911
 MINIMUM TEMPERATURE (F)   52        36      1983
                                             1969


SUNRISE AND SUNSET
MAY 26 2016...........SUNRISE   606 AM EDT   SUNSET   859 PM EDT
MAY 27 2016...........SUNRISE   606 AM EDT   SUNSET   859 PM EDT


-  INDICATES NEGATIVE NUMBERS.
R  INDICATES RECORD WAS SET OR TIED.
MM INDICATES DATA IS MISSING.
T  INDICATES TRACE AMOUNT.




$$
