000
CDUS41 KCLE 220534
CLITOL


CLIMATE REPORT
NATIONAL WEATHER SERVICE CLEVELAND OH
133 AM EDT MON SEP 22 2014


...................................

...THE TOLEDO OH CLIMATE SUMMARY FOR SEPTEMBER 21 2014...

CLIMATE NORMAL PERIOD 1981 TO 2010
CLIMATE RECORD PERIOD 1873 TO 2014


WEATHER ITEM   OBSERVED TIME   RECORD YEAR NORMAL DEPARTURE LAST
                VALUE   (LST)  VALUE       VALUE  FROM      YEAR
                                                  NORMAL
..................................................................
TEMPERATURE (F)
 YESTERDAY
  MAXIMUM         69   1142 AM  93    1970  73     -4       71
                                      1895
  MINIMUM         49   1148 PM  30    1962  51     -2       51
  AVERAGE         59                        62     -3       61

PRECIPITATION (IN)
  YESTERDAY        0.05                      0.10  -0.05     0.21
  MONTH TO DATE    5.27                      1.98   3.29     1.67
  SINCE SEP 1      5.27                      1.98   3.29     1.67
  SINCE JAN 1     26.46                     25.30   1.16    28.46

SNOWFALL (IN)
  YESTERDAY        0.0                       0.0    0.0      0.0
  MONTH TO DATE    0.0                       0.0    0.0      0.0
  SINCE SEP 1      0.0                       0.0    0.0      0.0
  SINCE JUL 1      0.0                       0.0    0.0      0.0
  SNOW DEPTH       0

DEGREE DAYS
 HEATING
  YESTERDAY        6                         5      1        4
  MONTH TO DATE   87                        52     35       59
  SINCE SEP 1     87                        52     35       59
  SINCE JUL 1    101                        66     35       88

 COOLING
  YESTERDAY        0                         2     -2        0
  MONTH TO DATE   55                        71    -16       90
  SINCE SEP 1     55                        71    -16       90
  SINCE JAN 1    653                       773   -120      772
..................................................................


WIND (MPH)
  HIGHEST WIND SPEED    30   HIGHEST WIND DIRECTION     W (270)
  HIGHEST GUST SPEED    37   HIGHEST GUST DIRECTION     W (270)
  AVERAGE WIND SPEED    15.0


SKY COVER
  POSSIBLE SUNSHINE  MM
  AVERAGE SKY COVER 0.7


WEATHER CONDITIONS
 THE FOLLOWING WEATHER WAS RECORDED YESTERDAY.
  HEAVY RAIN
  RAIN
  LIGHT RAIN
  FOG


RELATIVE HUMIDITY (PERCENT)
 HIGHEST   100           500 AM
 LOWEST     52          1200 PM
 AVERAGE    76

..........................................................


THE TOLEDO OH CLIMATE NORMALS FOR TODAY
                         NORMAL    RECORD    YEAR
 MAXIMUM TEMPERATURE (F)   73        93      1895
 MINIMUM TEMPERATURE (F)   50        29      1974


SUNRISE AND SUNSET
SEPTEMBER 22 2014.....SUNRISE   723 AM EDT   SUNSET   732 PM EDT
SEPTEMBER 23 2014.....SUNRISE   724 AM EDT   SUNSET   731 PM EDT


-  INDICATES NEGATIVE NUMBERS.
R  INDICATES RECORD WAS SET OR TIED.
MM INDICATES DATA IS MISSING.
T  INDICATES TRACE AMOUNT.




$$
