000
CDUS41 KCLE 240528
CLITOL


CLIMATE REPORT
NATIONAL WEATHER SERVICE CLEVELAND OH
1227 AM EST FRI FEB 24 2017


...................................

...THE TOLEDO OH CLIMATE SUMMARY FOR FEBRUARY 23 2017...

CLIMATE NORMAL PERIOD 1981 TO 2010
CLIMATE RECORD PERIOD 1873 TO 2017


WEATHER ITEM   OBSERVED TIME   RECORD YEAR NORMAL DEPARTURE LAST
                VALUE   (LST)  VALUE       VALUE  FROM      YEAR
                                                  NORMAL
..................................................................
TEMPERATURE (F)
 YESTERDAY
  MAXIMUM         68R   248 PM  65    2000  38     30       42
  MINIMUM         44   1159 PM  -8    1978  22     22       23
  AVERAGE         56                        30     26       33

PRECIPITATION (IN)
  YESTERDAY        0.02                      0.08  -0.06     0.00
  MONTH TO DATE    1.20                      1.66  -0.46     0.51
  SINCE DEC 1      7.83                      6.39   1.44     4.96
  SINCE JAN 1      5.35                      3.71   1.64     1.98

SNOWFALL (IN)
  YESTERDAY        0.0                       0.4   -0.4      0.0
  MONTH TO DATE    1.0                       8.0   -7.0      2.4
  SINCE DEC 1     17.0                      27.0  -10.0      8.3
  SINCE JUL 1     17.0                      29.1  -12.1     11.8
  SNOW DEPTH       0

DEGREE DAYS
 HEATING
  YESTERDAY        9                        35    -26       32
  MONTH TO DATE  619                       859   -240      802
  SINCE DEC 1   2809                      3175   -366     2724
  SINCE JUL 1   3733                      4408   -675     3734

 COOLING
  YESTERDAY        0                         0      0        0
  MONTH TO DATE    0                         0      0        0
  SINCE DEC 1      0                         0      0        0
  SINCE JAN 1      0                         0      0        0
..................................................................


WIND (MPH)
  HIGHEST WIND SPEED    24   HIGHEST WIND DIRECTION    NE (60)
  HIGHEST GUST SPEED    27   HIGHEST GUST DIRECTION    NE (60)
  AVERAGE WIND SPEED    10.4


SKY COVER
  POSSIBLE SUNSHINE  MM
  AVERAGE SKY COVER 0.4


WEATHER CONDITIONS
 THE FOLLOWING WEATHER WAS RECORDED YESTERDAY.
  LIGHT RAIN
  FOG


RELATIVE HUMIDITY (PERCENT)
 HIGHEST   100          1200 AM
 LOWEST     48           200 PM
 AVERAGE    74

..........................................................


THE TOLEDO OH CLIMATE NORMALS FOR TODAY
                         NORMAL    RECORD    YEAR
 MAXIMUM TEMPERATURE (F)   39        61      2000
 MINIMUM TEMPERATURE (F)   23        -4      1914


SUNRISE AND SUNSET
FEBRUARY 24 2017......SUNRISE   717 AM EST   SUNSET   620 PM EST
FEBRUARY 25 2017......SUNRISE   716 AM EST   SUNSET   621 PM EST


-  INDICATES NEGATIVE NUMBERS.
R  INDICATES RECORD WAS SET OR TIED.
MM INDICATES DATA IS MISSING.
T  INDICATES TRACE AMOUNT.




$$
