000
CDUS45 KCYS 250728
CLITOR


CLIMATE REPORT
NATIONAL WEATHER SERVICE CHEYENNE WY
128 AM MDT MON MAY 25 2015


...................................

...THE TORRINGTON WY AIRPORT CLIMATE SUMMARY FOR MAY 24 2015...

CLIMATE NORMAL PERIOD 1981 TO 2010
CLIMATE RECORD PERIOD 1998 TO 2015


WEATHER ITEM   OBSERVED TIME   RECORD YEAR NORMAL DEPARTURE LAST
                VALUE   (LST)  VALUE       VALUE  FROM      YEAR
                                                  NORMAL
..................................................................
TEMPERATURE (F)
 YESTERDAY
  MAXIMUM         68    255 PM  84    2013  73     -5       72
  MINIMUM         49    455 AM  32    2002  45      4       53
  AVERAGE         59                        59      0       63

PRECIPITATION (IN)
  YESTERDAY        0.15          0.82 2011   0.10   0.05     0.01
  MONTH TO DATE    5.09                      1.69   3.40     4.84
  SINCE JAN 1      9.19                      4.70   4.49     7.58

DEGREE DAYS
 HEATING
  YESTERDAY        6                         7     -1        2
  MONTH TO DATE  343                       238    105      297
  SINCE MAR 1   1501                      1626   -125     1691
  SINCE JUL 1   6215                      6470   -255     6806

 COOLING
  YESTERDAY        0                         1     -1        0
  MONTH TO DATE    0                         2     -2        0
  SINCE MAR 1      0                         3     -3        0
  SINCE JAN 1      0                         3     -3        0
..................................................................


WIND (MPH)
  HIGHEST WIND SPEED    17   HIGHEST WIND DIRECTION     W (270)
  HIGHEST GUST SPEED    22   HIGHEST GUST DIRECTION     W (270)
  AVERAGE WIND SPEED     5.9


SKY COVER
  AVERAGE SKY COVER 0.7


WEATHER CONDITIONS
 THE FOLLOWING WEATHER WAS RECORDED YESTERDAY.
  THUNDERSTORM
  LIGHT RAIN


RELATIVE HUMIDITY (PERCENT)
 HIGHEST   100           200 AM
 LOWEST     42           300 PM
 AVERAGE    71

..........................................................


THE TORRINGTON WY AIRPORT CLIMATE NORMALS FOR TODAY
                         NORMAL    RECORD    YEAR
 MAXIMUM TEMPERATURE (F)   74        87      2013
                                             2006
 MINIMUM TEMPERATURE (F)   45        33      2002
                                             2001


SUNRISE AND SUNSET
MAY 25 2015...........SUNRISE   528 AM MDT   SUNSET   820 PM MDT
MAY 26 2015...........SUNRISE   527 AM MDT   SUNSET   821 PM MDT


-  INDICATES NEGATIVE NUMBERS.
R  INDICATES RECORD WAS SET OR TIED.
MM INDICATES DATA IS MISSING.
T  INDICATES TRACE AMOUNT.




$$
