000
CDUS45 KCYS 230322
CLITOR


CLIMATE REPORT
NATIONAL WEATHER SERVICE CHEYENNE WY
922 PM MDT TUE JUL 22 2014


...................................

...THE TORRINGTON WY AIRPORT CLIMATE SUMMARY FOR JULY 22 2014...
VALID TODAY AS OF 0900 PM LOCAL TIME.

CLIMATE NORMAL PERIOD 1981 TO 2010
CLIMATE RECORD PERIOD 1998 TO 2014


WEATHER ITEM   OBSERVED TIME   RECORD YEAR NORMAL DEPARTURE LAST
                VALUE   (LST)  VALUE       VALUE  FROM      YEAR
                                                  NORMAL
..................................................................
TEMPERATURE (F)
 TODAY
  MAXIMUM         93    349 PM 104    2007  91      2       90
  MINIMUM         63    529 AM  52    2000  59      4       62
  AVERAGE         78                        75      3       76

PRECIPITATION (IN)
  TODAY            0.00          0.09 2007   0.08  -0.08     0.00
  MONTH TO DATE    1.17                      1.25  -0.08     0.42
  SINCE JAN 1     11.28                      9.14   2.14     5.84

DEGREE DAYS
 HEATING
  TODAY            0                         0      0        0
  MONTH TO DATE    7                         0      7        0
  SINCE JUN 1     85                        75     10       34
  SINCE JUL 1      7                         0      7        0

 COOLING
  TODAY           13                        10      3       11
  MONTH TO DATE  173                       193    -20      230
  SINCE JUN 1    235                       309    -74      390
  SINCE JAN 1    251                       327    -76      429
..................................................................


WIND (MPH)
  HIGHEST WIND SPEED    20   HIGHEST WIND DIRECTION     E (110)
  HIGHEST GUST SPEED    25   HIGHEST GUST DIRECTION    SE (120)
  AVERAGE WIND SPEED     9.3


SKY COVER
  AVERAGE SKY COVER 0.0


WEATHER CONDITIONS
 THE FOLLOWING WEATHER WAS RECORDED TODAY.
  HAZE


RELATIVE HUMIDITY (PERCENT)
 HIGHEST    87           600 AM
 LOWEST     32           100 PM
 AVERAGE    60

..........................................................


THE TORRINGTON WY AIRPORT CLIMATE NORMALS FOR TOMORROW
                         NORMAL    RECORD    YEAR
 MAXIMUM TEMPERATURE (F)   91       103      2005
 MINIMUM TEMPERATURE (F)   59        50      2004


SUNRISE AND SUNSET
JULY 22 2014..........SUNRISE   540 AM MDT   SUNSET   825 PM MDT
JULY 23 2014..........SUNRISE   541 AM MDT   SUNSET   824 PM MDT


-  INDICATES NEGATIVE NUMBERS.
R  INDICATES RECORD WAS SET OR TIED.
MM INDICATES DATA IS MISSING.
T  INDICATES TRACE AMOUNT.




$$
