007
CDUS42 KTBW 222117
CLITPA


CLIMATE REPORT
NATIONAL WEATHER SERVICE TAMPA BAY FL
515 PM EDT THU JUN 22 2017


...................................

...THE TAMPA CLIMATE SUMMARY FOR JUNE 22 2017...
VALID TODAY AS OF 0500 PM LOCAL TIME.

CLIMATE NORMAL PERIOD 1981 TO 2010
CLIMATE RECORD PERIOD 1890 TO 2017


WEATHER ITEM   OBSERVED TIME   RECORD YEAR NORMAL DEPARTURE LAST
                VALUE   (LST)  VALUE       VALUE  FROM      YEAR
                                                  NORMAL
..................................................................
TEMPERATURE (F)
 TODAY
  MAXIMUM         95    221 PM  96    1948  90      5       94
  MINIMUM         79    634 AM  67    1913  75      4       74
  AVERAGE         87                        82      5       84

PRECIPITATION (IN)
  TODAY            0.00          3.04 1938   0.26  -0.26     0.00
  MONTH TO DATE    6.26                      4.45   1.81     9.50
  SINCE JUN 1      6.26                      4.45   1.81     9.50
  SINCE JAN 1     12.28                     16.65  -4.37    25.40

DEGREE DAYS
 HEATING
  TODAY            0                         0      0        0
  MONTH TO DATE    0                         0      0        0
  SINCE JUN 1      0                         0      0        0
  SINCE JUL 1    164                       538   -374      323

 COOLING
  TODAY           22                        18      4       19
  MONTH TO DATE  378                       372      6      399
  SINCE JUN 1    378                       372      6      399
  SINCE JAN 1   1694                      1249    445     1419
..................................................................


WIND (MPH)
  RESULTANT WIND SPEED   7   RESULTANT WIND DIRECTION  SE (130)
  HIGHEST WIND SPEED    13   HIGHEST WIND DIRECTION    SE (140)
  HIGHEST GUST SPEED    19   HIGHEST GUST DIRECTION     S (160)
  AVERAGE WIND SPEED     7.5


SKY COVER
  POSSIBLE SUNSHINE  MM
  AVERAGE SKY COVER 0.6


WEATHER CONDITIONS
 THE FOLLOWING WEATHER WAS RECORDED TODAY.
  NO SIGNIFICANT WEATHER WAS OBSERVED.


RELATIVE HUMIDITY (PERCENT)
 HIGHEST    91           500 AM
 LOWEST     49           200 PM

..........................................................


THE TAMPA CLIMATE NORMALS FOR TOMORROW
                         NORMAL    RECORD    YEAR
 MAXIMUM TEMPERATURE (F)   90        97      2009
                                             1944
 MINIMUM TEMPERATURE (F)   75        68      1910


SUNRISE AND SUNSET
JUNE 22 2017..........SUNRISE   635 AM EDT   SUNSET   830 PM EDT
JUNE 23 2017..........SUNRISE   635 AM EDT   SUNSET   830 PM EDT


-  INDICATES NEGATIVE NUMBERS.
R  INDICATES RECORD WAS SET OR TIED.
MM INDICATES DATA IS MISSING.
T  INDICATES TRACE AMOUNT.




$$


&&
------------------------------------------------------------------
******************** SUPPLEMENTAL DATA ***************************

...RUSKIN                HIGH 93    LOW 76    PCPN 0.00
...SARASOTA/BRADENTON    HIGH 92    LOW 76    PCPN 0.00
...LAKELAND*             HIGH MM    LOW MM    PCPN MM
...ST. PETERSBURG        HIGH 92    LOW 79    PCPN 0.00
...GULF WATER TEMPERATURE AT CLEARWATER BEACH 85 DEGREES

*LAKELAND DATA IS FROM 4:30 PM WEDNESDAY TO 4:30 PM THURSDAY
AND MAY REFLECT YESTERDAYS RAINFALL AND HIGH TEMPERATURE.
