000
CDUS42 KTBW 010832
CLITPA


CLIMATE REPORT
NATIONAL WEATHER SERVICE TAMPA BAY FL
429 AM EDT SAT AUG 1 2015


...................................

...THE TAMPA CLIMATE SUMMARY FOR JULY 31 2015...

CLIMATE NORMAL PERIOD 1981 TO 2010
CLIMATE RECORD PERIOD 1890 TO 2015


WEATHER ITEM   OBSERVED TIME   RECORD YEAR NORMAL DEPARTURE LAST
                VALUE   (LST)  VALUE       VALUE  FROM      YEAR
                                                  NORMAL
..................................................................
TEMPERATURE (F)
 YESTERDAY
  MAXIMUM         87    411 PM  96    1958  90     -3       90
  MINIMUM         76    957 AM  70    1952  76      0       76
                                      1947
  AVERAGE         82                        83     -1       83

PRECIPITATION (IN)
  YESTERDAY        0.25          3.31 2007   0.22   0.03     0.00
  MONTH TO DATE   11.84                      7.07   4.77    12.68
  SINCE JUN 1     18.07                     13.75   4.32    14.45
  SINCE JAN 1     38.96                     25.95  13.01    33.78

DEGREE DAYS
 HEATING
  YESTERDAY        0                         0      0        0
  MONTH TO DATE    0                         0      0        0
  SINCE JUN 1      0                         0      0        0
  SINCE JUL 1      0                         0      0        0

 COOLING
  YESTERDAY       17                        18     -1       18
  MONTH TO DATE  573                       558     15      564
  SINCE JUN 1   1116                      1074     42     1090
  SINCE JAN 1   2337                      1951    386     1913
..................................................................


WIND (MPH)
  RESULTANT WIND SPEED   8   RESULTANT WIND DIRECTION   S (200)
  HIGHEST WIND SPEED    28   HIGHEST WIND DIRECTION     S (200)
  HIGHEST GUST SPEED    36   HIGHEST GUST DIRECTION    SW (220)
  AVERAGE WIND SPEED     9.3


SKY COVER
  POSSIBLE SUNSHINE  MM
  AVERAGE SKY COVER 0.8


WEATHER CONDITIONS
 THE FOLLOWING WEATHER WAS RECORDED YESTERDAY.
  RAIN
  LIGHT RAIN
  FOG
  HAZE


RELATIVE HUMIDITY (PERCENT)
 HIGHEST    91          1200 AM
 LOWEST     63           400 PM
 AVERAGE    77

..........................................................


THE TAMPA CLIMATE NORMALS FOR TODAY
                         NORMAL    RECORD    YEAR
 MAXIMUM TEMPERATURE (F)   90        95      1993
                                             1986
                                             1961
 MINIMUM TEMPERATURE (F)   76        69      1916
                                             1909


SUNRISE AND SUNSET
AUGUST  1 2015........SUNRISE   653 AM EDT   SUNSET   820 PM EDT
AUGUST  2 2015........SUNRISE   653 AM EDT   SUNSET   819 PM EDT


-  INDICATES NEGATIVE NUMBERS.
R  INDICATES RECORD WAS SET OR TIED.
MM INDICATES DATA IS MISSING.
T  INDICATES TRACE AMOUNT.




$$


&&
------------------------------------------------------------------
******************** SUPPLEMENTAL DATA ***************************

...RUSKIN                HIGH 86    LOW 74    PCPN 0.33
...SARASOTA/BRADENTON    HIGH 89    LOW 76    PCPN 0.19
...ST. PETERSBURG        HIGH 86    LOW 75    PCPN 0.90
...GULF WATER TEMPERATURE AT CLEARWATER BEACH 83
