000
CDUS42 KTBW 282116
CLITPA


CLIMATE REPORT
NATIONAL WEATHER SERVICE TAMPA BAY FL
514 PM EDT THU AUG 28 2014


...................................

...THE TAMPA CLIMATE SUMMARY FOR AUGUST 28 2014...
VALID TODAY AS OF 0500 PM LOCAL TIME.

CLIMATE NORMAL PERIOD 1981 TO 2010
CLIMATE RECORD PERIOD 1890 TO 2014


WEATHER ITEM   OBSERVED TIME   RECORD YEAR NORMAL DEPARTURE LAST
                VALUE   (LST)  VALUE       VALUE  FROM      YEAR
                                                  NORMAL
..................................................................
TEMPERATURE (F)
 TODAY
  MAXIMUM         95    355 PM  97    1960  90      5       91
  MINIMUM         76    637 AM  68    1984  76      0       75
  AVERAGE         86                        83      3       83

PRECIPITATION (IN)
  TODAY            0.00          4.65 1925   0.25  -0.25      T
  MONTH TO DATE    5.42                      7.03  -1.61    11.45
  SINCE JUN 1     19.87                     20.78  -0.91    32.94
  SINCE JAN 1     39.20                     32.98   6.22    42.06

DEGREE DAYS
 HEATING
  TODAY            0                         0      0        0
  MONTH TO DATE    0                         0      0        0
  SINCE JUN 1      0                         0      0        0
  SINCE JUL 1      0                         0      0        0

 COOLING
  TODAY           21                        18      3       18
  MONTH TO DATE  543                       504     39      536
  SINCE JUN 1   1633                      1578     55     1608
  SINCE JAN 1   2456                      2455      1     2583
..................................................................


WIND (MPH)
  RESULTANT WIND SPEED   5   RESULTANT WIND DIRECTION   E (90)
  HIGHEST WIND SPEED     9   HIGHEST WIND DIRECTION     E (80)
  HIGHEST GUST SPEED    13   HIGHEST GUST DIRECTION     E (100)
  AVERAGE WIND SPEED     4.7


SKY COVER
  POSSIBLE SUNSHINE  MM
  AVERAGE SKY COVER 0.5


WEATHER CONDITIONS
 THE FOLLOWING WEATHER WAS RECORDED TODAY.
  NO SIGNIFICANT WEATHER WAS OBSERVED.


RELATIVE HUMIDITY (PERCENT)
 HIGHEST    82           600 AM
 LOWEST     39           200 PM

..........................................................


THE TAMPA CLIMATE NORMALS FOR TOMORROW
                         NORMAL    RECORD    YEAR
 MAXIMUM TEMPERATURE (F)   90        97      1951
 MINIMUM TEMPERATURE (F)   76        69      1969


SUNRISE AND SUNSET
AUGUST 28 2014........SUNRISE   707 AM EDT   SUNSET   755 PM EDT
AUGUST 29 2014........SUNRISE   707 AM EDT   SUNSET   754 PM EDT


-  INDICATES NEGATIVE NUMBERS.
R  INDICATES RECORD WAS SET OR TIED.
MM INDICATES DATA IS MISSING.
T  INDICATES TRACE AMOUNT.




$$


&&
------------------------------------------------------------------
******************** SUPPLEMENTAL DATA ***************************

...RUSKIN                HIGH 96    LOW 75    PCPN 0.00
...SARASOTA/BRADENTON    HIGH 96    LOW 75    PCPN 0.00
...LAKELAND              HIGH 95    LOW 75    PCPN 0.00
...ST. PETERSBURG        HIGH MM    LOW MM    PCPN MMMM
...GULF WATER TEMPERATURE AT CLEARWATER BEACH 86
