000
CDUS42 KTBW 292116
CLITPA


CLIMATE REPORT
NATIONAL WEATHER SERVICE TAMPA BAY FL
514 PM EDT FRI APR 29 2016


...................................

...THE TAMPA CLIMATE SUMMARY FOR APRIL 29 2016...
VALID TODAY AS OF 0500 PM LOCAL TIME.

CLIMATE NORMAL PERIOD 1981 TO 2010
CLIMATE RECORD PERIOD 1890 TO 2016


WEATHER ITEM   OBSERVED TIME   RECORD YEAR NORMAL DEPARTURE LAST
                VALUE   (LST)  VALUE       VALUE  FROM      YEAR
                                                  NORMAL
..................................................................
TEMPERATURE (F)
 TODAY
  MAXIMUM         90    257 PM  91    1991  84      6       84
                                      1984
  MINIMUM         71    500 AM  44    1992  66      5       72
  AVERAGE         81                        75      6       78

PRECIPITATION (IN)
  TODAY            0.00          0.90 1920   0.06  -0.06     0.01
  MONTH TO DATE    1.67                      1.98  -0.31     4.82
  SINCE MAR 1      3.43                      5.01  -1.58     5.85
  SINCE JAN 1     12.14                     10.05   2.09    14.15

DEGREE DAYS
 HEATING
  TODAY            0                         0      0        0
  MONTH TO DATE    0                         9     -9        0
  SINCE MAR 1     15                        65    -50       12
  SINCE JUL 1    323                       536   -213      467

 COOLING
  TODAY           16                        10      6       13
  MONTH TO DATE  277                       211     66      390
  SINCE MAR 1    492                       337    155      656
  SINCE JAN 1    570                       450    120      723
..................................................................


WIND (MPH)
  RESULTANT WIND SPEED   3   RESULTANT WIND DIRECTION   W (250)
  HIGHEST WIND SPEED    16   HIGHEST WIND DIRECTION     W (270)
  HIGHEST GUST SPEED    20   HIGHEST GUST DIRECTION     W (270)
  AVERAGE WIND SPEED     5.0


SKY COVER
  POSSIBLE SUNSHINE  MM
  AVERAGE SKY COVER 0.1


WEATHER CONDITIONS
 THE FOLLOWING WEATHER WAS RECORDED TODAY.
  NO SIGNIFICANT WEATHER WAS OBSERVED.


RELATIVE HUMIDITY (PERCENT)
 HIGHEST    84           400 AM
 LOWEST     38           300 PM

..........................................................


THE TAMPA CLIMATE NORMALS FOR TOMORROW
                         NORMAL    RECORD    YEAR
 MAXIMUM TEMPERATURE (F)   84        93      1975
 MINIMUM TEMPERATURE (F)   66        48      1965


SUNRISE AND SUNSET
APRIL 29 2016.........SUNRISE   652 AM EDT   SUNSET   804 PM EDT
APRIL 30 2016.........SUNRISE   651 AM EDT   SUNSET   804 PM EDT


-  INDICATES NEGATIVE NUMBERS.
R  INDICATES RECORD WAS SET OR TIED.
MM INDICATES DATA IS MISSING.
T  INDICATES TRACE AMOUNT.




$$


&&
------------------------------------------------------------------
******************** SUPPLEMENTAL DATA ***************************

...RUSKIN                HIGH 93    LOW 67    PCPN 0.00
...SARASOTA/BRADENTON    HIGH 92    LOW 68    PCPN 0.00
...LAKELAND              HIGH 92    LOW 68    PCPN 0.00
...ST. PETERSBURG        HIGH 92    LOW 74    PCPN 0.00
...GULF WATER TEMPERATURE AT CLEARWATER BEACH 81 DEGREES
