000
CDUS42 KTBW 150932
CLITPA


CLIMATE REPORT
NATIONAL WEATHER SERVICE TAMPA BAY FL
430 AM EST FRI DEC 15 2017


...................................

...THE TAMPA CLIMATE SUMMARY FOR DECEMBER 14 2017...

CLIMATE NORMAL PERIOD 1981 TO 2010
CLIMATE RECORD PERIOD 1890 TO 2017


WEATHER ITEM   OBSERVED TIME   RECORD YEAR NORMAL DEPARTURE LAST
                VALUE   (LST)  VALUE       VALUE  FROM      YEAR
                                                  NORMAL
..................................................................
TEMPERATURE (F)
 YESTERDAY
  MAXIMUM         74    246 PM  86    1972  72      2       78
  MINIMUM         54    705 AM  28    1962  55     -1       64
  AVERAGE         64                        63      1       71

PRECIPITATION (IN)
  YESTERDAY        0.00          2.20 1905   0.08  -0.08     0.00
  MONTH TO DATE    0.74                      1.06  -0.32     0.37
  SINCE DEC 1      0.74                      1.06  -0.32     0.37
  SINCE JAN 1     44.21                     44.89  -0.68    52.50

DEGREE DAYS
 HEATING
  YESTERDAY        1                         4     -3        0
  MONTH TO DATE   43                        49     -6       12
  SINCE DEC 1     43                        49     -6       12
  SINCE JUL 1     51                        93    -42       27

 COOLING
  YESTERDAY        0                         3     -3        6
  MONTH TO DATE   66                        43     23       76
  SINCE DEC 1     66                        43     23       76
  SINCE JAN 1   4351                      3573    778     4049
..................................................................


WIND (MPH)
  RESULTANT WIND SPEED   7   RESULTANT WIND DIRECTION   S (170)
  HIGHEST WIND SPEED    17   HIGHEST WIND DIRECTION     S (190)
  HIGHEST GUST SPEED    23   HIGHEST GUST DIRECTION     S (190)
  AVERAGE WIND SPEED     7.6


SKY COVER
  POSSIBLE SUNSHINE  MM
  AVERAGE SKY COVER 0.5


WEATHER CONDITIONS
 THE FOLLOWING WEATHER WAS RECORDED YESTERDAY.
  NO SIGNIFICANT WEATHER WAS OBSERVED.


RELATIVE HUMIDITY (PERCENT)
 HIGHEST    93           700 AM
 LOWEST     49           300 PM
 AVERAGE    71

..........................................................


THE TAMPA CLIMATE NORMALS FOR TODAY
                         NORMAL    RECORD    YEAR
 MAXIMUM TEMPERATURE (F)   72        85      1961
 MINIMUM TEMPERATURE (F)   54        33      1968
                                             1966
                                             1944


SUNRISE AND SUNSET
DECEMBER 15 2017......SUNRISE   714 AM EST   SUNSET   537 PM EST
DECEMBER 16 2017......SUNRISE   715 AM EST   SUNSET   537 PM EST


-  INDICATES NEGATIVE NUMBERS.
R  INDICATES RECORD WAS SET OR TIED.
MM INDICATES DATA IS MISSING.
T  INDICATES TRACE AMOUNT.




$$


&&
------------------------------------------------------------------
******************** SUPPLEMENTAL DATA ***************************

...RUSKIN                HIGH 74    LOW 45    PCPN 0.00
...SARASOTA/BRADENTON    HIGH 72    LOW 46    PCPN 0.00
...ST. PETERSBURG        HIGH 72    LOW 54    PCPN 0.00
...GULF WATER TEMPERATURE AT CLEARWATER BEACH 64 DEGREES
