000
CDUS42 KTBW 230828
CLITPA


CLIMATE REPORT
NATIONAL WEATHER SERVICE TAMPA BAY FL
426 AM EDT WED JUL 23 2014


...................................

...THE TAMPA CLIMATE SUMMARY FOR JULY 22 2014...

CLIMATE NORMAL PERIOD 1981 TO 2010
CLIMATE RECORD PERIOD 1890 TO 2014


WEATHER ITEM   OBSERVED TIME   RECORD YEAR NORMAL DEPARTURE LAST
                VALUE   (LST)  VALUE       VALUE  FROM      YEAR
                                                  NORMAL
..................................................................
TEMPERATURE (F)
 YESTERDAY
  MAXIMUM         89    459 PM  97    1942  90     -1       91
  MINIMUM         74    615 AM  68    1907  76     -2       80
  AVERAGE         82                        83     -1       86

PRECIPITATION (IN)
  YESTERDAY        0.00          1.97 1951   0.21  -0.21     0.00
  MONTH TO DATE   12.43                      5.07   7.36     4.76
  SINCE JUN 1     14.20                     11.75   2.45    16.06
  SINCE JAN 1     33.53                     23.95   9.58    25.18

DEGREE DAYS
 HEATING
  YESTERDAY        0                         0      0        0
  MONTH TO DATE    0                         0      0        0
  SINCE JUN 1      0                         0      0        0
  SINCE JUL 1      0                         0      0        0

 COOLING
  YESTERDAY       17                        18     -1       21
  MONTH TO DATE  386                       396    -10      381
  SINCE JUN 1    912                       912      0      904
  SINCE JAN 1   1735                      1789    -54     1879
..................................................................


WIND (MPH)
  RESULTANT WIND SPEED   1   RESULTANT WIND DIRECTION  SW (220)
  HIGHEST WIND SPEED    13   HIGHEST WIND DIRECTION     W (250)
  HIGHEST GUST SPEED    19   HIGHEST GUST DIRECTION     W (270)
  AVERAGE WIND SPEED     4.4


SKY COVER
  POSSIBLE SUNSHINE  MM
  AVERAGE SKY COVER 0.5


WEATHER CONDITIONS
 THE FOLLOWING WEATHER WAS RECORDED YESTERDAY.
  NO SIGNIFICANT WEATHER WAS OBSERVED.


RELATIVE HUMIDITY (PERCENT)
 HIGHEST    87          1200 AM
 LOWEST     56           500 PM
 AVERAGE    72

..........................................................


THE TAMPA CLIMATE NORMALS FOR TODAY
                         NORMAL    RECORD    YEAR
 MAXIMUM TEMPERATURE (F)   90        95      1959
 MINIMUM TEMPERATURE (F)   76        68      1921


SUNRISE AND SUNSET
JULY 23 2014..........SUNRISE   648 AM EDT   SUNSET   825 PM EDT
JULY 24 2014..........SUNRISE   648 AM EDT   SUNSET   825 PM EDT


-  INDICATES NEGATIVE NUMBERS.
R  INDICATES RECORD WAS SET OR TIED.
MM INDICATES DATA IS MISSING.
T  INDICATES TRACE AMOUNT.




$$


&&
------------------------------------------------------------------
******************** SUPPLEMENTAL DATA ***************************

...RUSKIN                HIGH 91    LOW 73    PCPN 0.00
...SARASOTA/BRADENTON    HIGH 90    LOW 73    PCPN 0.00
...ST. PETERSBURG        HIGH 89    LOW 78    PCPN 0.00
...GULF WATER TEMPERATURE AT CLEARWATER BEACH 88 DEGREES.
