000
CDUS42 KTBW 102214
CLITPA


CLIMATE REPORT
NATIONAL WEATHER SERVICE TAMPA BAY FL
513 PM EST SAT DEC 10 2016


...................................

...THE TAMPA CLIMATE SUMMARY FOR DECEMBER 10 2016...
VALID TODAY AS OF 0500 PM LOCAL TIME.

CLIMATE NORMAL PERIOD 1981 TO 2010
CLIMATE RECORD PERIOD 1890 TO 2016


WEATHER ITEM   OBSERVED TIME   RECORD YEAR NORMAL DEPARTURE LAST
                VALUE   (LST)  VALUE       VALUE  FROM      YEAR
                                                  NORMAL
..................................................................
TEMPERATURE (F)
 TODAY
  MAXIMUM         73    428 PM  85    1986  73      0       80
  MINIMUM         50    743 AM  34    1917  55     -5       62
  AVERAGE         62                        64     -2       71

PRECIPITATION (IN)
  TODAY            0.00          3.76 1907   0.07  -0.07     0.00
  MONTH TO DATE    0.37                      0.74  -0.37     0.03
  SINCE DEC 1      0.37                      0.74  -0.37     0.03
  SINCE JAN 1     52.50                     44.57   7.93    63.04

DEGREE DAYS
 HEATING
  TODAY            3                         4     -1        0
  MONTH TO DATE   12                        33    -21        0
  SINCE DEC 1     12                        33    -21        0
  SINCE JUL 1     27                        77    -50        5

 COOLING
  TODAY            0                         3     -3        6
  MONTH TO DATE   50                        31     19       67
  SINCE DEC 1     50                        31     19       67
  SINCE JAN 1   4023                      3561    462     4283
..................................................................


WIND (MPH)
  RESULTANT WIND SPEED   9   RESULTANT WIND DIRECTION  NE (30)
  HIGHEST WIND SPEED    16   HIGHEST WIND DIRECTION    NE (30)
  HIGHEST GUST SPEED    21   HIGHEST GUST DIRECTION    NE (30)
  AVERAGE WIND SPEED     9.1


SKY COVER
  POSSIBLE SUNSHINE  MM
  AVERAGE SKY COVER 0.5


WEATHER CONDITIONS
 THE FOLLOWING WEATHER WAS RECORDED TODAY.
  NO SIGNIFICANT WEATHER WAS OBSERVED.


RELATIVE HUMIDITY (PERCENT)
 HIGHEST    66           700 AM
 LOWEST     49           400 PM

..........................................................


THE TAMPA CLIMATE NORMALS FOR TOMORROW
                         NORMAL    RECORD    YEAR
 MAXIMUM TEMPERATURE (F)   73        85      1976
 MINIMUM TEMPERATURE (F)   55        30      1934


SUNRISE AND SUNSET
DECEMBER 10 2016......SUNRISE   711 AM EST   SUNSET   535 PM EST
DECEMBER 11 2016......SUNRISE   712 AM EST   SUNSET   536 PM EST


-  INDICATES NEGATIVE NUMBERS.
R  INDICATES RECORD WAS SET OR TIED.
MM INDICATES DATA IS MISSING.
T  INDICATES TRACE AMOUNT.




$$


&&
------------------------------------------------------------------
******************** SUPPLEMENTAL DATA ***************************

...RUSKIN                HIGH 75    LOW 49    PCPN 0.00
...SARASOTA/BRADENTON    HIGH 75    LOW 50    PCPN 0.00
...LAKELAND*             HIGH MM    LOW MM    PCPN MM
...ST. PETERSBURG        HIGH 69    LOW 53    PCPN 0.00
...GULF WATER TEMPERATURE AT CLEARWATER BEACH 64 DEGREES

*LAKELAND DATA IS FROM 4:30 PM FRIDAY TO 4:30 PM SATURDAY
AND MAY REFLECT YESTERDAYS RAINFALL AND HIGH TEMPERATURE.
