000
CDUS42 KTBW 232118
CLITPA


CLIMATE REPORT
NATIONAL WEATHER SERVICE TAMPA BAY FL
516 PM EDT TUE MAY 23 2017


...................................

...THE TAMPA CLIMATE SUMMARY FOR MAY 23 2017...
VALID TODAY AS OF 0500 PM LOCAL TIME.

CLIMATE NORMAL PERIOD 1981 TO 2010
CLIMATE RECORD PERIOD 1890 TO 2017


WEATHER ITEM   OBSERVED TIME   RECORD YEAR NORMAL DEPARTURE LAST
                VALUE   (LST)  VALUE       VALUE  FROM      YEAR
                                                  NORMAL
..................................................................
TEMPERATURE (F)
 TODAY
  MAXIMUM         88    312 PM  95    1975  89     -1       86
  MINIMUM         79    739 AM  58    1892  71      8       72
  AVERAGE         84                        80      4       79

PRECIPITATION (IN)
  TODAY            0.00          3.12 1924   0.08  -0.08     0.00
  MONTH TO DATE    1.32                      1.35  -0.03     3.76
  SINCE MAR 1      2.90                      6.41  -3.51     7.19
  SINCE JAN 1      5.86                     11.45  -5.59    15.90

DEGREE DAYS
 HEATING
  TODAY            0                         0      0        0
  MONTH TO DATE    0                         0      0        0
  SINCE MAR 1     28                        67    -39       15
  SINCE JUL 1    164                       538   -374      323

 COOLING
  TODAY           19                        15      4       14
  MONTH TO DATE  372                       293     79      304
  SINCE MAR 1    931                       640    291      813
  SINCE JAN 1   1184                       753    431      891
..................................................................


WIND (MPH)
  RESULTANT WIND SPEED  12   RESULTANT WIND DIRECTION   S (190)
  HIGHEST WIND SPEED    22   HIGHEST WIND DIRECTION     S (190)
  HIGHEST GUST SPEED    27   HIGHEST GUST DIRECTION     S (200)
  AVERAGE WIND SPEED    12.0


SKY COVER
  POSSIBLE SUNSHINE  MM
  AVERAGE SKY COVER 0.8


WEATHER CONDITIONS
 THE FOLLOWING WEATHER WAS RECORDED TODAY.
  NO SIGNIFICANT WEATHER WAS OBSERVED.


RELATIVE HUMIDITY (PERCENT)
 HIGHEST    85           700 AM
 LOWEST     59           400 PM

..........................................................


THE TAMPA CLIMATE NORMALS FOR TOMORROW
                         NORMAL    RECORD    YEAR
 MAXIMUM TEMPERATURE (F)   89        96      2012
 MINIMUM TEMPERATURE (F)   72        60      1892


SUNRISE AND SUNSET
MAY 23 2017...........SUNRISE   637 AM EDT   SUNSET   817 PM EDT
MAY 24 2017...........SUNRISE   636 AM EDT   SUNSET   818 PM EDT


-  INDICATES NEGATIVE NUMBERS.
R  INDICATES RECORD WAS SET OR TIED.
MM INDICATES DATA IS MISSING.
T  INDICATES TRACE AMOUNT.




$$


&&
------------------------------------------------------------------
******************** SUPPLEMENTAL DATA ***************************

...RUSKIN                HIGH 88    LOW 73    PCPN 0.00
...SARASOTA/BRADENTON    HIGH 88    LOW 75    PCPN 0.00
...LAKELAND*             HIGH MM    LOW MM    PCPN MM
...ST. PETERSBURG        HIGH 83    LOW 76    PCPN 0.00
...GULF WATER TEMPERATURE AT CLEARWATER BEACH 83 DEGREES

*LAKELAND DATA IS FROM 4:30 PM MONDAY TO 4:30 PM TUESDAY
AND MAY REFLECT YESTERDAYS RAINFALL AND HIGH TEMPERATURE.
