000
CDUS42 KTBW 290826
CLITPA


CLIMATE REPORT
NATIONAL WEATHER SERVICE TAMPA BAY FL
425 AM EDT SUN MAR 29 2015


...................................

...THE TAMPA CLIMATE SUMMARY FOR MARCH 28 2015...

CLIMATE NORMAL PERIOD 1981 TO 2010
CLIMATE RECORD PERIOD 1890 TO 2015


WEATHER ITEM   OBSERVED TIME   RECORD YEAR NORMAL DEPARTURE LAST
                VALUE   (LST)  VALUE       VALUE  FROM      YEAR
                                                  NORMAL
..................................................................
TEMPERATURE (F)
 YESTERDAY
  MAXIMUM         67   1100 AM  88    1989  78    -11       78
  MINIMUM         53        MM  40    1969  60     -7       63
  AVERAGE         60                        69     -9       71

PRECIPITATION (IN)
  YESTERDAY        0.00          5.40 1930   0.10  -0.10     0.08
  MONTH TO DATE    1.03                      2.75  -1.72     3.25
  SINCE MAR 1      1.03                      2.75  -1.72     3.25
  SINCE JAN 1      9.33                      7.79   1.54     8.20

DEGREE DAYS
 HEATING
  YESTERDAY        5                         1      4        0
  MONTH TO DATE    9                        54    -45       45
  SINCE MAR 1      9                        54    -45       45
  SINCE JUL 1    464                       525    -61      441

 COOLING
  YESTERDAY        0                         5     -5        6
  MONTH TO DATE  258                       110    148       73
  SINCE MAR 1    258                       110    148       73
  SINCE JAN 1    325                       223    102      177
..................................................................


WIND (MPH)
  RESULTANT WIND SPEED   9   RESULTANT WIND DIRECTION   N (340)
  HIGHEST WIND SPEED    17   HIGHEST WIND DIRECTION    NW (310)
  HIGHEST GUST SPEED    24   HIGHEST GUST DIRECTION    NW (310)
  AVERAGE WIND SPEED     9.8


SKY COVER
  POSSIBLE SUNSHINE  MM
  AVERAGE SKY COVER 0.5


WEATHER CONDITIONS
 THE FOLLOWING WEATHER WAS RECORDED YESTERDAY.
  NO SIGNIFICANT WEATHER WAS OBSERVED.


RELATIVE HUMIDITY (PERCENT)
 HIGHEST    72           400 AM
 LOWEST     28           300 PM
 AVERAGE    50

..........................................................


THE TAMPA CLIMATE NORMALS FOR TODAY
                         NORMAL    RECORD    YEAR
 MAXIMUM TEMPERATURE (F)   78        90      1949
 MINIMUM TEMPERATURE (F)   60        41      1955


SUNRISE AND SUNSET
MARCH 29 2015.........SUNRISE   724 AM EDT   SUNSET   746 PM EDT
MARCH 30 2015.........SUNRISE   723 AM EDT   SUNSET   747 PM EDT


-  INDICATES NEGATIVE NUMBERS.
R  INDICATES RECORD WAS SET OR TIED.
MM INDICATES DATA IS MISSING.
T  INDICATES TRACE AMOUNT.




$$


&&
------------------------------------------------------------------
******************** SUPPLEMENTAL DATA ***************************

...RUSKIN                HIGH 68    LOW 52    PCPN 0.00
...SARASOTA/BRADENTON    HIGH 69    LOW 51    PCPN 0.00
...ST. PETERSBURG        HIGH 66    LOW 59    PCPN 0.00
...GULF WATER TEMPERATURE AT CLEARWATER BEACH 69
