000
CDUS42 KTBW 300830
CLITPA


CLIMATE REPORT
NATIONAL WEATHER SERVICE TAMPA BAY FL
427 AM EDT MON MAY 30 2016


...................................

...THE TAMPA CLIMATE SUMMARY FOR MAY 29 2016...

CLIMATE NORMAL PERIOD 1981 TO 2010
CLIMATE RECORD PERIOD 1890 TO 2016


WEATHER ITEM   OBSERVED TIME   RECORD YEAR NORMAL DEPARTURE LAST
                VALUE   (LST)  VALUE       VALUE  FROM      YEAR
                                                  NORMAL
..................................................................
TEMPERATURE (F)
 YESTERDAY
  MAXIMUM         88    454 PM  96    2006  89     -1       90
  MINIMUM         75    650 AM  64    1968  73      2       70
  AVERAGE         82                        81      1       80

PRECIPITATION (IN)
  YESTERDAY        0.00          1.33 1922   0.10  -0.10     0.00
  MONTH TO DATE    3.76                      1.89   1.87     5.72
  SINCE MAR 1      7.19                      6.95   0.24    11.57
  SINCE JAN 1     15.90                     11.99   3.91    19.87

DEGREE DAYS
 HEATING
  YESTERDAY        0                         0      0        0
  MONTH TO DATE    0                         0      0        0
  SINCE MAR 1     15                        67    -52       12
  SINCE JUL 1    323                       538   -215      467

 COOLING
  YESTERDAY       17                        16      1       15
  MONTH TO DATE  398                       386     12      455
  SINCE MAR 1    907                       733    174     1120
  SINCE JAN 1    985                       846    139     1187
..................................................................


WIND (MPH)
  RESULTANT WIND SPEED   1   RESULTANT WIND DIRECTION  NW (310)
  HIGHEST WIND SPEED    16   HIGHEST WIND DIRECTION     W (280)
  HIGHEST GUST SPEED    20   HIGHEST GUST DIRECTION     W (280)
  AVERAGE WIND SPEED     5.2


SKY COVER
  POSSIBLE SUNSHINE  MM
  AVERAGE SKY COVER 0.4


WEATHER CONDITIONS
 THE FOLLOWING WEATHER WAS RECORDED YESTERDAY.
  THUNDERSTORM


RELATIVE HUMIDITY (PERCENT)
 HIGHEST    82           300 AM
 LOWEST     57           600 PM
 AVERAGE    70

..........................................................


THE TAMPA CLIMATE NORMALS FOR TODAY
                         NORMAL    RECORD    YEAR
 MAXIMUM TEMPERATURE (F)   89        96      1989
 MINIMUM TEMPERATURE (F)   73        57      1968


SUNRISE AND SUNSET
MAY 30 2016...........SUNRISE   634 AM EDT   SUNSET   821 PM EDT
MAY 31 2016...........SUNRISE   634 AM EDT   SUNSET   822 PM EDT


-  INDICATES NEGATIVE NUMBERS.
R  INDICATES RECORD WAS SET OR TIED.
MM INDICATES DATA IS MISSING.
T  INDICATES TRACE AMOUNT.




$$


&&
------------------------------------------------------------------
******************** SUPPLEMENTAL DATA ***************************

...RUSKIN                HIGH 90    LOW 71    PCPN 0.26
...SARASOTA/BRADENTON    HIGH 89    LOW 73    PCPN 0.00
...ST. PETERSBURG        HIGH 87    LOW 75    PCPN TRACE
...GULF WATER TEMPERATURE AT CLEARWATER BEACH 84 DEGREES.
