000
CDUS42 KTBW 312122
CLITPA


CLIMATE REPORT
NATIONAL WEATHER SERVICE TAMPA BAY FL
521 PM EDT FRI OCT 31 2014


...................................

...THE TAMPA CLIMATE SUMMARY FOR OCTOBER 31 2014...
VALID TODAY AS OF 0500 PM LOCAL TIME.

CLIMATE NORMAL PERIOD 1981 TO 2010
CLIMATE RECORD PERIOD 1890 TO 2014


WEATHER ITEM   OBSERVED TIME   RECORD YEAR NORMAL DEPARTURE LAST
                VALUE   (LST)  VALUE       VALUE  FROM      YEAR
                                                  NORMAL
..................................................................
TEMPERATURE (F)
 TODAY
  MAXIMUM         75        MM  89    1972  81     -6       85
                                      1971
  MINIMUM         64        MM  43    1963  64      0       68
  AVERAGE         70                        72     -2       77

PRECIPITATION (IN)
  TODAY            0.00          2.69 1985   0.05  -0.05     0.00
  MONTH TO DATE    1.52                      2.26  -0.74     0.82
  SINCE SEP 1     11.09                      8.56   2.53     8.19
  SINCE JAN 1     51.04                     42.28   8.76    50.71

DEGREE DAYS
 HEATING
  TODAY            0                         0      0        0
  MONTH TO DATE    0                         0      0        0
  SINCE SEP 1      0                         4     -4        0
  SINCE JUL 1      0                         4     -4        0

 COOLING
  TODAY            5                         8     -3       12
  MONTH TO DATE  344                       350     -6      389
  SINCE SEP 1    833                       851    -18      904
  SINCE JAN 1   3350                      3366    -16     3541
..................................................................


WIND (MPH)
  RESULTANT WIND SPEED   9   RESULTANT WIND DIRECTION   N (340)
  HIGHEST WIND SPEED    17   HIGHEST WIND DIRECTION     N (340)
  HIGHEST GUST SPEED    23   HIGHEST GUST DIRECTION    NW (330)
  AVERAGE WIND SPEED     9.3


SKY COVER
  POSSIBLE SUNSHINE  MM
  AVERAGE SKY COVER 0.4


WEATHER CONDITIONS
 THE FOLLOWING WEATHER WAS RECORDED TODAY.
  NO SIGNIFICANT WEATHER WAS OBSERVED.


RELATIVE HUMIDITY (PERCENT)
 HIGHEST    93           500 AM
 LOWEST     36           100 PM

..........................................................


THE TAMPA CLIMATE NORMALS FOR TOMORROW
                         NORMAL    RECORD    YEAR
 MAXIMUM TEMPERATURE (F)   81        90      2006
                                             1971
 MINIMUM TEMPERATURE (F)   64        38      1993


SUNRISE AND SUNSET
OCTOBER 31 2014.......SUNRISE   741 AM EDT   SUNSET   647 PM EDT
NOVEMBER  1 2014......SUNRISE   741 AM EDT   SUNSET   646 PM EDT


-  INDICATES NEGATIVE NUMBERS.
R  INDICATES RECORD WAS SET OR TIED.
MM INDICATES DATA IS MISSING.
T  INDICATES TRACE AMOUNT.




$$


&&
------------------------------------------------------------------
******************** SUPPLEMENTAL DATA ***************************

...RUSKIN                HIGH 76    LOW 67    PCPN T
...SARASOTA/BRADENTON    HIGH 77    LOW 70    PCPN T
...LAKELAND              HIGH 80    LOW 66    PCPN 0.00
...ST. PETERSBURG        HIGH 74    LOW 69    PCPN 0.00
...GULF WATER TEMPERATURE AT CLEARWATER BEACH 78
