820
CDUS45 KLKN 290931
CLITPH


CLIMATE REPORT
NATIONAL WEATHER SERVICE ELKO NV
231 AM PDT MON AUG 29 2016


...................................

...THE TONOPAH AIRPORT NV CLIMATE SUMMARY FOR AUGUST 28 2016...

CLIMATE NORMAL PERIOD 1981 TO 2010
CLIMATE RECORD PERIOD 1954 TO 2016


WEATHER ITEM   OBSERVED TIME   RECORD YEAR NORMAL DEPARTURE LAST
                VALUE   (LST)  VALUE       VALUE  FROM      YEAR
                                                  NORMAL
..................................................................
TEMPERATURE (F)
 YESTERDAY
  MAXIMUM         90    352 PM  97    2001  87      3       93
  MINIMUM         54    547 AM  45    1980  53      1       60
                                      1975
                                      1963
  AVERAGE         72                        70      2       77

PRECIPITATION (IN)
  YESTERDAY        0.00          0.21 1982   0.01  -0.01     0.00
  MONTH TO DATE    T                         0.46  -0.46     0.22
  SINCE OCT 1      5.74                      4.81   0.93     2.88
  SINCE JAN 1      2.36                      3.72  -1.36     2.40

DEGREE DAYS
 HEATING
  YESTERDAY        0                         0      0        0
  MONTH TO DATE    0                         0      0        0
  SINCE JUN 1     10                        52    -42        6
  SINCE JUL 1      0                         2     -2        0

 COOLING
  YESTERDAY        7                         6      1       12
  MONTH TO DATE  276                       223     53      293
  SINCE JUN 1    925                       671    254      853
  SINCE JAN 1    933                       698    235      876
..................................................................


WIND (MPH)
  HIGHEST WIND SPEED    15   HIGHEST WIND DIRECTION     E (80)
  HIGHEST GUST SPEED    22   HIGHEST GUST DIRECTION    NE (50)
  AVERAGE WIND SPEED     6.0



WEATHER CONDITIONS
 THE FOLLOWING WEATHER WAS RECORDED YESTERDAY.
  NO SIGNIFICANT WEATHER WAS OBSERVED.


RELATIVE HUMIDITY (PERCENT)
 HIGHEST    28           100 AM
 LOWEST      8           300 PM
 AVERAGE    18

..........................................................


THE TONOPAH AIRPORT NV CLIMATE NORMALS FOR TODAY
                         NORMAL    RECORD    YEAR
 MAXIMUM TEMPERATURE (F)   87        97      1998
 MINIMUM TEMPERATURE (F)   53        41      1957


SUNRISE AND SUNSET
AUGUST 29 2016........SUNRISE   616 AM PDT   SUNSET   721 PM PDT
AUGUST 30 2016........SUNRISE   617 AM PDT   SUNSET   720 PM PDT


-  INDICATES NEGATIVE NUMBERS.
R  INDICATES RECORD WAS SET OR TIED.
MM INDICATES DATA IS MISSING.
T  INDICATES TRACE AMOUNT.




$$
