000
CDUS45 KLKN 300928
CLITPH


CLIMATE REPORT
NATIONAL WEATHER SERVICE ELKO NV
227 AM PDT SUN APR 30 2017


...................................

...THE TONOPAH AIRPORT NV CLIMATE SUMMARY FOR APRIL 29 2017...

CLIMATE NORMAL PERIOD 1981 TO 2010
CLIMATE RECORD PERIOD 1954 TO 2017


WEATHER ITEM   OBSERVED TIME   RECORD YEAR NORMAL DEPARTURE LAST
                VALUE   (LST)  VALUE       VALUE  FROM      YEAR
                                                  NORMAL
..................................................................
TEMPERATURE (F)
 YESTERDAY
  MAXIMUM         64    433 PM  84    2007  69     -5       63
                                      1981
  MINIMUM         32    341 AM  25    1984  38     -6       37
  AVERAGE         48                        54     -6       50

PRECIPITATION (IN)
  YESTERDAY        0.00          0.35 1987   0.02  -0.02     0.05
  MONTH TO DATE    0.17                      0.41  -0.24     0.34
  SINCE OCT 1      1.99                      3.08  -1.09     5.23
  SINCE JAN 1      1.46                      1.99  -0.53     1.85

DEGREE DAYS
 HEATING
  YESTERDAY       17                        12      5       15
  MONTH TO DATE  412                       455    -43      369
  SINCE MAR 1    943                      1140   -197      966
  SINCE JUL 1   4808                      5182   -374     4893

 COOLING
  YESTERDAY        0                         0      0        0
  MONTH TO DATE    0                         0      0        0
  SINCE MAR 1      0                         0      0        0
  SINCE JAN 1      0                         0      0        0
..................................................................


WIND (MPH)
  HIGHEST WIND SPEED    22   HIGHEST WIND DIRECTION    NW (330)
  HIGHEST GUST SPEED    29   HIGHEST GUST DIRECTION     N (20)
  AVERAGE WIND SPEED    12.9



WEATHER CONDITIONS
 THE FOLLOWING WEATHER WAS RECORDED YESTERDAY.
  NO SIGNIFICANT WEATHER WAS OBSERVED.


RELATIVE HUMIDITY (PERCENT)
 HIGHEST    52           200 AM
 LOWEST     40          1200 AM
 AVERAGE    46

..........................................................


THE TONOPAH AIRPORT NV CLIMATE NORMALS FOR TODAY
                         NORMAL    RECORD    YEAR
 MAXIMUM TEMPERATURE (F)   69        88      1981
 MINIMUM TEMPERATURE (F)   39        20      2011


SUNRISE AND SUNSET
APRIL 30 2017.........SUNRISE   553 AM PDT   SUNSET   739 PM PDT
MAY  1 2017...........SUNRISE   552 AM PDT   SUNSET   740 PM PDT


-  INDICATES NEGATIVE NUMBERS.
R  INDICATES RECORD WAS SET OR TIED.
MM INDICATES DATA IS MISSING.
T  INDICATES TRACE AMOUNT.




$$
