000
CDUS45 KLKN 270929
CLITPH


CLIMATE REPORT
NATIONAL WEATHER SERVICE ELKO NV
226 AM PDT TUE JUN 27 2017


...................................

...THE TONOPAH AIRPORT NV CLIMATE SUMMARY FOR JUNE 26 2017...

CLIMATE NORMAL PERIOD 1981 TO 2010
CLIMATE RECORD PERIOD 1954 TO 2017


WEATHER ITEM   OBSERVED TIME   RECORD YEAR NORMAL DEPARTURE LAST
                VALUE   (LST)  VALUE       VALUE  FROM      YEAR
                                                  NORMAL
..................................................................
TEMPERATURE (F)
 YESTERDAY
  MAXIMUM         97    244 PM  98    1973  88      9       97
                                      1970
                                      1968
  MINIMUM         61    441 AM  41    1985  55      6       59
                                      1975
  AVERAGE         79                        71      8       78

PRECIPITATION (IN)
  YESTERDAY        0.00          0.13 1996   0.00   0.00     0.00
  MONTH TO DATE    T                         0.26  -0.26     0.07
  SINCE OCT 1      2.78                      3.88  -1.10     5.62
  SINCE JAN 1      2.25                      2.79  -0.54     2.24

DEGREE DAYS
 HEATING
  YESTERDAY        0                         0      0        0
  MONTH TO DATE   31                        48    -17       10
  SINCE JUN 1     31                        48    -17       10
  SINCE JUL 1   5010                      5459   -449     5148

 COOLING
  YESTERDAY       14                         7      7       13
  MONTH TO DATE  247                       115    132      210
  SINCE JUN 1    247                       115    132      210
  SINCE JAN 1    280                       142    138      218
..................................................................


WIND (MPH)
  HIGHEST WIND SPEED    33   HIGHEST WIND DIRECTION    NW (300)
  HIGHEST GUST SPEED    42   HIGHEST GUST DIRECTION     W (290)
  AVERAGE WIND SPEED    10.2



WEATHER CONDITIONS
 THE FOLLOWING WEATHER WAS RECORDED YESTERDAY.
  NO SIGNIFICANT WEATHER WAS OBSERVED.


RELATIVE HUMIDITY (PERCENT)
 HIGHEST    23           400 AM
 LOWEST      6           100 PM
 AVERAGE    15

..........................................................


THE TONOPAH AIRPORT NV CLIMATE NORMALS FOR TODAY
                         NORMAL    RECORD    YEAR
 MAXIMUM TEMPERATURE (F)   89       100      2015
 MINIMUM TEMPERATURE (F)   55        36      1996


SUNRISE AND SUNSET
JUNE 27 2017..........SUNRISE   528 AM PDT   SUNSET   815 PM PDT
JUNE 28 2017..........SUNRISE   528 AM PDT   SUNSET   815 PM PDT


-  INDICATES NEGATIVE NUMBERS.
R  INDICATES RECORD WAS SET OR TIED.
MM INDICATES DATA IS MISSING.
T  INDICATES TRACE AMOUNT.




$$
