602
CDUS45 KLKN 230937
CLITPH


CLIMATE REPORT
NATIONAL WEATHER SERVICE ELKO NV
130 AM PST MON JAN 23 2017


...................................

...THE TONOPAH AIRPORT NV CLIMATE SUMMARY FOR JANUARY 22 2017...

CLIMATE NORMAL PERIOD 1981 TO 2010
CLIMATE RECORD PERIOD 1954 TO 2017


WEATHER ITEM   OBSERVED TIME   RECORD YEAR NORMAL DEPARTURE LAST
                VALUE   (LST)  VALUE       VALUE  FROM      YEAR
                                                  NORMAL
..................................................................
TEMPERATURE (F)
 YESTERDAY
  MAXIMUM         36   1146 PM  59    2005  45     -9       49
                                      1994
  MINIMUM         31    806 AM  -9    1962  21     10       25
  AVERAGE         34                        33      1       37

PRECIPITATION (IN)
  YESTERDAY        0.10          0.19 1967   0.02   0.08     0.00
  MONTH TO DATE    0.30                      0.34  -0.04     0.49
  SINCE OCT 1      0.83                      1.43  -0.60     3.87
  SINCE JAN 1      0.30                      0.34  -0.04     0.49

DEGREE DAYS
 HEATING
  YESTERDAY       31                        32     -1       28
  MONTH TO DATE  716                       723     -7      773
  SINCE DEC 1   1757                      1751      6     1815
  SINCE JUL 1   2774                      2968   -194     2889

 COOLING
  YESTERDAY        0                         0      0        0
  MONTH TO DATE    0                         0      0        0
  SINCE DEC 1      0                         0      0        0
  SINCE JAN 1      0                         0      0        0
..................................................................


WIND (MPH)
  HIGHEST WIND SPEED    30   HIGHEST WIND DIRECTION     S (190)
  HIGHEST GUST SPEED    39   HIGHEST GUST DIRECTION     S (180)
  AVERAGE WIND SPEED    17.7



WEATHER CONDITIONS
 THE FOLLOWING WEATHER WAS RECORDED YESTERDAY.
  LIGHT RAIN
  LIGHT SNOW
  FOG


RELATIVE HUMIDITY (PERCENT)
 HIGHEST   100          1100 PM
 LOWEST     75           100 AM
 AVERAGE    88

..........................................................


THE TONOPAH AIRPORT NV CLIMATE NORMALS FOR TODAY
                         NORMAL    RECORD    YEAR
 MAXIMUM TEMPERATURE (F)   45        60      1970
 MINIMUM TEMPERATURE (F)   21       -15      1962


SUNRISE AND SUNSET
JANUARY 23 2017.......SUNRISE   659 AM PST   SUNSET   502 PM PST
JANUARY 24 2017.......SUNRISE   659 AM PST   SUNSET   503 PM PST


-  INDICATES NEGATIVE NUMBERS.
R  INDICATES RECORD WAS SET OR TIED.
MM INDICATES DATA IS MISSING.
T  INDICATES TRACE AMOUNT.




$$
