000
CDUS45 KLKN 050035
CLITPH


CLIMATE REPORT
NATIONAL WEATHER SERVICE ELKO NV
531 PM PDT TUE AUG 4 2015


...................................

...THE TONOPAH AIRPORT NV CLIMATE SUMMARY FOR AUGUST 4 2015...
VALID TODAY AS OF 500 PM LOCAL TIME.

CLIMATE NORMAL PERIOD 1981 TO 2010
CLIMATE RECORD PERIOD 1954 TO 2015


WEATHER ITEM   OBSERVED TIME   RECORD YEAR NORMAL DEPARTURE LAST
                VALUE   (LST)  VALUE       VALUE  FROM      YEAR
                                                  NORMAL
..................................................................
TEMPERATURE (F)
 TODAY
  MAXIMUM         90    254 PM  99    1987  92     -2       72
                                      1978
  MINIMUM         57    520 AM  45    1962  57      0       59
  AVERAGE         74                        74      0       66

PRECIPITATION (IN)
  TODAY            0.00          0.28 2014   0.02  -0.02     0.28
  MONTH TO DATE    0.18                      0.07   0.11     0.40
  SINCE OCT 1      2.84                      4.42  -1.58     3.11
  SINCE JAN 1      2.36                      3.33  -0.97     2.65

DEGREE DAYS
 HEATING
  TODAY            0                         0      0        0
  MONTH TO DATE    0                         0      0        0
  SINCE JUN 1      6                        52    -46       15
  SINCE JUL 1      0                         2     -2        0

 COOLING
  TODAY            9                        10     -1        1
  MONTH TO DATE   41                        40      1       29
  SINCE JUN 1    601                       488    113      647
  SINCE JAN 1    624                       515    109      681
..................................................................


WIND (MPH)
  HIGHEST WIND SPEED    23   HIGHEST WIND DIRECTION     S (200)
  HIGHEST GUST SPEED    30   HIGHEST GUST DIRECTION     S (200)



WEATHER CONDITIONS
 THE FOLLOWING WEATHER WAS RECORDED TODAY.
  NO SIGNIFICANT WEATHER WAS OBSERVED.


RELATIVE HUMIDITY (PERCENT)
 HIGHEST    40           400 AM
 LOWEST      8           300 PM
 AVERAGE    24

..........................................................


THE TONOPAH AIRPORT NV CLIMATE NORMALS FOR TOMORROW
                         NORMAL    RECORD    YEAR
 MAXIMUM TEMPERATURE (F)   92       100      1978
 MINIMUM TEMPERATURE (F)   57        46      1956


SUNRISE AND SUNSET
AUGUST  4 2015........SUNRISE   554 AM PDT   SUNSET   755 PM PDT
AUGUST  5 2015........SUNRISE   555 AM PDT   SUNSET   754 PM PDT


-  INDICATES NEGATIVE NUMBERS.
R  INDICATES RECORD WAS SET OR TIED.
MM INDICATES DATA IS MISSING.
T  INDICATES TRACE AMOUNT.




$$
