610
CDUS45 KLKN 250030
CLITPH


CLIMATE REPORT
NATIONAL WEATHER SERVICE ELKO NV
527 PM PDT SAT SEP 24 2016


...................................

...THE TONOPAH AIRPORT NV CLIMATE SUMMARY FOR SEPTEMBER 24 2016...
VALID TODAY AS OF 500 PM LOCAL TIME.

CLIMATE NORMAL PERIOD 1981 TO 2010
CLIMATE RECORD PERIOD 1954 TO 2016


WEATHER ITEM   OBSERVED TIME   RECORD YEAR NORMAL DEPARTURE LAST
                VALUE   (LST)  VALUE       VALUE  FROM      YEAR
                                                  NORMAL
..................................................................
TEMPERATURE (F)
 TODAY
  MAXIMUM         73    354 PM  89    2003  78     -5       88
  MINIMUM         41    538 AM  30    1986  45     -4       54
  AVERAGE         57                        61     -4       71

PRECIPITATION (IN)
  TODAY            0.00          0.47 1990   0.01  -0.01     0.00
  MONTH TO DATE    1.21                      0.31   0.90     0.07
  SINCE OCT 1      6.95                      5.17   1.78     2.95
  SINCE JAN 1      3.57                      4.08  -0.51     2.47

DEGREE DAYS
 HEATING
  TODAY            8                         4      4        0
  MONTH TO DATE   66                        52     14       20
  SINCE SEP 1     66                        52     14       20
  SINCE JUL 1     66                        58      8       20

 COOLING
  TODAY            0                         1     -1        6
  MONTH TO DATE   58                        65     -7       95
  SINCE SEP 1     58                        65     -7       95
  SINCE JAN 1   1021                       778    243     1000
..................................................................


WIND (MPH)
  HIGHEST WIND SPEED    22   HIGHEST WIND DIRECTION    NW (320)
  HIGHEST GUST SPEED    29   HIGHEST GUST DIRECTION    NW (320)



WEATHER CONDITIONS
 THE FOLLOWING WEATHER WAS RECORDED TODAY.
  NO SIGNIFICANT WEATHER WAS OBSERVED.


RELATIVE HUMIDITY (PERCENT)
 HIGHEST    62           400 AM
 LOWEST     20           300 PM
 AVERAGE    41

..........................................................


THE TONOPAH AIRPORT NV CLIMATE NORMALS FOR TOMORROW
                         NORMAL    RECORD    YEAR
 MAXIMUM TEMPERATURE (F)   77        89      2015
                                             2009
                                             2003
 MINIMUM TEMPERATURE (F)   45        31      1986


SUNRISE AND SUNSET
SEPTEMBER 24 2016.....SUNRISE   638 AM PDT   SUNSET   641 PM PDT
SEPTEMBER 25 2016.....SUNRISE   639 AM PDT   SUNSET   640 PM PDT


-  INDICATES NEGATIVE NUMBERS.
R  INDICATES RECORD WAS SET OR TIED.
MM INDICATES DATA IS MISSING.
T  INDICATES TRACE AMOUNT.




$$
