270
CDUS45 KLKN 060934
CLITPH


CLIMATE REPORT
NATIONAL WEATHER SERVICE ELKO NV
129 AM PST TUE DEC 6 2016


...................................

...THE TONOPAH AIRPORT NV CLIMATE SUMMARY FOR DECEMBER 5 2016...

CLIMATE NORMAL PERIOD 1981 TO 2010
CLIMATE RECORD PERIOD 1954 TO 2016


WEATHER ITEM   OBSERVED TIME   RECORD YEAR NORMAL DEPARTURE LAST
                VALUE   (LST)  VALUE       VALUE  FROM      YEAR
                                                  NORMAL
..................................................................
TEMPERATURE (F)
 YESTERDAY
  MAXIMUM         50    246 PM  64    1989  46      4       45
  MINIMUM         26    956 PM   4    2013  21      5       19
  AVERAGE         38                        33      5       32

PRECIPITATION (IN)
  YESTERDAY        0.00          0.18 1966   0.02  -0.02     0.00
  MONTH TO DATE    0.00                      0.06  -0.06     0.00
  SINCE OCT 1      0.20                      0.84  -0.64     3.31
  SINCE JAN 1      3.77                      4.99  -1.22     5.78

DEGREE DAYS
 HEATING
  YESTERDAY       27                        32     -5       33
  MONTH TO DATE  157                       157      0      147
  SINCE DEC 1    157                       157      0      147
  SINCE JUL 1   1174                      1374   -200     1221

 COOLING
  YESTERDAY        0                         0      0        0
  MONTH TO DATE    0                         0      0        0
  SINCE DEC 1      0                         0      0        0
  SINCE JAN 1   1022                       783    239     1034
..................................................................


WIND (MPH)
  HIGHEST WIND SPEED    23   HIGHEST WIND DIRECTION     N (340)
  HIGHEST GUST SPEED    31   HIGHEST GUST DIRECTION     N (350)
  AVERAGE WIND SPEED     7.8



WEATHER CONDITIONS
 THE FOLLOWING WEATHER WAS RECORDED YESTERDAY.
  NO SIGNIFICANT WEATHER WAS OBSERVED.


RELATIVE HUMIDITY (PERCENT)
 HIGHEST    69          1200 AM
 LOWEST     13           300 PM
 AVERAGE    41

..........................................................


THE TONOPAH AIRPORT NV CLIMATE NORMALS FOR TODAY
                         NORMAL    RECORD    YEAR
 MAXIMUM TEMPERATURE (F)   45        64      1958
 MINIMUM TEMPERATURE (F)   20         2      2013
                                             2009


SUNRISE AND SUNSET
DECEMBER  6 2016......SUNRISE   651 AM PST   SUNSET   428 PM PST
DECEMBER  7 2016......SUNRISE   652 AM PST   SUNSET   428 PM PST


-  INDICATES NEGATIVE NUMBERS.
R  INDICATES RECORD WAS SET OR TIED.
MM INDICATES DATA IS MISSING.
T  INDICATES TRACE AMOUNT.




$$
