000
CDUS45 KLKN 200927
CLITPH


CLIMATE REPORT
NATIONAL WEATHER SERVICE ELKO NV
226 AM PDT WED AUG 20 2014


...................................

...THE TONOPAH AIRPORT NV CLIMATE SUMMARY FOR AUGUST 19 2014...

CLIMATE NORMAL PERIOD 1981 TO 2010
CLIMATE RECORD PERIOD 1954 TO 2014


WEATHER ITEM   OBSERVED TIME   RECORD YEAR NORMAL DEPARTURE LAST
                VALUE   (LST)  VALUE       VALUE  FROM      YEAR
                                                  NORMAL
..................................................................
TEMPERATURE (F)
 YESTERDAY
  MAXIMUM         86    235 PM  98    1960  89     -3       90
  MINIMUM         59   1156 PM  42    1998  55      4       58
                                      1978
  AVERAGE         73                        72      1       74

PRECIPITATION (IN)
  YESTERDAY        0.00          0.37 1984   0.02  -0.02     0.00
  MONTH TO DATE    0.77                      0.31   0.46      T
  SINCE OCT 1      3.48                      4.66  -1.18     3.08
  SINCE JAN 1      3.02                      3.57  -0.55     1.86

DEGREE DAYS
 HEATING
  YESTERDAY        0                         0      0        0
  MONTH TO DATE    0                         0      0        0
  SINCE JUN 1     15                        52    -37        3
  SINCE JUL 1      0                         2     -2        0

 COOLING
  YESTERDAY        8                         7      1        9
  MONTH TO DATE  140                       165    -25      141
  SINCE JUN 1    758                       613    145      792
  SINCE JAN 1    792                       640    152      815
..................................................................


WIND (MPH)
  HIGHEST WIND SPEED    25   HIGHEST WIND DIRECTION     E (90)
  HIGHEST GUST SPEED    33   HIGHEST GUST DIRECTION     E (100)
  AVERAGE WIND SPEED    10.2



WEATHER CONDITIONS
 THE FOLLOWING WEATHER WAS RECORDED YESTERDAY.
  NO SIGNIFICANT WEATHER WAS OBSERVED.


RELATIVE HUMIDITY (PERCENT)
 HIGHEST    69           400 AM
 LOWEST      8           600 PM
 AVERAGE    39

..........................................................


THE TONOPAH AIRPORT NV CLIMATE NORMALS FOR TODAY
                         NORMAL    RECORD    YEAR
 MAXIMUM TEMPERATURE (F)   89        95      2009
                                             1960
 MINIMUM TEMPERATURE (F)   55        41      1990


SUNRISE AND SUNSET
AUGUST 20 2014........SUNRISE   608 AM PDT   SUNSET   735 PM PDT
AUGUST 21 2014........SUNRISE   609 AM PDT   SUNSET   734 PM PDT


-  INDICATES NEGATIVE NUMBERS.
R  INDICATES RECORD WAS SET OR TIED.
MM INDICATES DATA IS MISSING.
T  INDICATES TRACE AMOUNT.




$$
