000
CDUS44 KMRX 282217
CLITRI

CLIMATE REPORT
NATIONAL WEATHER SERVICE MORRISTOWN TN
516 PM EST SAT FEB 28 2015


...................................

...THE TRI-CITIES CLIMATE SUMMARY FOR FEBRUARY 28 2015...
VALID TODAY AS OF 0500 PM LOCAL TIME.

CLIMATE NORMAL PERIOD 1981 TO 2010
CLIMATE RECORD PERIOD 1934 TO 2015


WEATHER ITEM   OBSERVED TIME   RECORD YEAR NORMAL DEPARTURE LAST
                VALUE   (LST)  VALUE       VALUE  FROM      YEAR
                                                  NORMAL
..................................................................
TEMPERATURE (F)
 TODAY
  MAXIMUM         48    353 PM  73    1939  54     -6       51
  MINIMUM         15   1236 AM  12    1947  31    -16       16
  AVERAGE         32                        42    -10       34

PRECIPITATION (IN)
  TODAY            0.00          1.68 2011   0.12  -0.12     0.00
  MONTH TO DATE    3.05                      3.45  -0.40     3.26
  SINCE DEC 1      8.36                     10.19  -1.83    11.40
  SINCE JAN 1      5.33                      6.82  -1.49     5.06

SNOWFALL (IN)
  TODAY            0.0                       0.1   -0.1      0.0
  MONTH TO DATE   14.0                       3.4   10.6      6.3
  SINCE DEC 1     14.3                      10.5    3.8     10.9
  SINCE JUL 1     15.5                      10.8    4.7     12.3
  SNOW DEPTH       1

DEGREE DAYS
 HEATING
  TODAY           33                        23     10       31
  MONTH TO DATE  992                       728    264      741
  SINCE DEC 1   2644                      2496    148     2604
  SINCE JUL 1   3627                      3382    245     3495

 COOLING
  TODAY            0                         0      0        0
  MONTH TO DATE    0                         0      0        0
  SINCE DEC 1      0                         0      0        0
  SINCE JAN 1      0                         0      0        0
..................................................................


WIND (MPH)
  HIGHEST WIND SPEED     7   HIGHEST WIND DIRECTION     E (80)
  HIGHEST GUST SPEED    12   HIGHEST GUST DIRECTION     N (20)
  AVERAGE WIND SPEED     1.8


SKY COVER
  POSSIBLE SUNSHINE  MM
  AVERAGE SKY COVER 0.6


WEATHER CONDITIONS
 THE FOLLOWING WEATHER WAS RECORDED TODAY.
  NO SIGNIFICANT WEATHER WAS OBSERVED.


RELATIVE HUMIDITY (PERCENT)
 HIGHEST    80          1200 AM
 LOWEST     39           400 PM
 AVERAGE    60

..........................................................


THE TRI-CITIES CLIMATE NORMALS FOR TOMORROW
                         NORMAL    RECORD    YEAR
 MAXIMUM TEMPERATURE (F)   54        81      1997
 MINIMUM TEMPERATURE (F)   31        13      2002


SUNRISE AND SUNSET
FEBRUARY 28 2015......SUNRISE   702 AM EST   SUNSET   623 PM EST
MARCH  1 2015.........SUNRISE   700 AM EST   SUNSET   624 PM EST


-  INDICATES NEGATIVE NUMBERS.
R  INDICATES RECORD WAS SET OR TIED.
MM INDICATES DATA IS MISSING.
T  INDICATES TRACE AMOUNT.




$$
