000
CDUS44 KMRX 052124
CLITRI

CLIMATE REPORT
NATIONAL WEATHER SERVICE MORRISTOWN TN
522 PM EDT SUN JUL 5 2015


...................................

...THE TRI-CITIES CLIMATE SUMMARY FOR JULY 5 2015...VALID TODAY AS
OF 500 PM LOCAL TIME.

CLIMATE NORMAL PERIOD 1981 TO 2010
CLIMATE RECORD PERIOD 1934 TO 2015


WEATHER ITEM   OBSERVED TIME   RECORD YEAR NORMAL DEPARTURE LAST
                VALUE   (LST)  VALUE       VALUE  FROM      YEAR
                                                  NORMAL
..................................................................
TEMPERATURE (F)
 TODAY
  MAXIMUM         86    105 PM  97    1993  86      0       85
                                      1948
  MINIMUM         68    618 AM  48    1967  64      4       50
  AVERAGE         77                        75      2       68

PRECIPITATION (IN)
  TODAY            0.10          1.49 1981   0.14  -0.04     0.00
  MONTH TO DATE    1.94                      0.71   1.23     0.00
  SINCE JUN 1      4.39                      4.61  -0.22     3.58
  SINCE JAN 1     19.30                     22.00  -2.70    15.58

SNOWFALL (IN)
  TODAY            0.0                       0.0    0.0      0.0
  MONTH TO DATE    0.0                       0.0    0.0      0.0
  SINCE JUN 1      0.0                       0.0    0.0      0.0
  SINCE JUL 1      0.0                       0.0    0.0      0.0
  SNOW DEPTH       0

DEGREE DAYS
 HEATING
  TODAY            0                         0      0        0
  MONTH TO DATE    0                         0      0        0
  SINCE JUN 1      0                        11    -11        0
  SINCE JUL 1      0                         0      0        0

 COOLING
  TODAY           12                        10      2        3
  MONTH TO DATE   45                        47     -2       46
  SINCE JUN 1    359                       253    106      342
  SINCE JAN 1    525                       326    199      476
..................................................................


WIND (MPH)
  HIGHEST WIND SPEED    21   HIGHEST WIND DIRECTION    SW (230)
  HIGHEST GUST SPEED    26   HIGHEST GUST DIRECTION    SW (220)
  AVERAGE WIND SPEED     4.0


SKY COVER
  POSSIBLE SUNSHINE  MM
  AVERAGE SKY COVER  MM


WEATHER CONDITIONS
 THE FOLLOWING WEATHER WAS RECORDED TODAY.
  THUNDERSTORM
  LIGHT RAIN
  FOG
  HAZE


RELATIVE HUMIDITY (PERCENT)
 HIGHEST   100           400 AM
 LOWEST     48           100 PM
 AVERAGE    74

..........................................................


THE TRI-CITIES CLIMATE NORMALS FOR TOMORROW
                         NORMAL    RECORD    YEAR
 MAXIMUM TEMPERATURE (F)   86        94      2012
                                             2010
 MINIMUM TEMPERATURE (F)   64        51      1972


SUNRISE AND SUNSET
JULY  5 2015..........SUNRISE   617 AM EDT   SUNSET   851 PM EDT
JULY  6 2015..........SUNRISE   618 AM EDT   SUNSET   851 PM EDT


-  INDICATES NEGATIVE NUMBERS.
R  INDICATES RECORD WAS SET OR TIED.
MM INDICATES DATA IS MISSING.
T  INDICATES TRACE AMOUNT.




$$
