000
CDUS44 KMRX 080944
CLITRI


CLIMATE REPORT
NATIONAL WEATHER SERVICE MORRISTOWN TN
443 AM EST MON FEB 8 2016


...................................

...THE TRI-CITIES      ASOS CLIMATE SUMMARY FOR FEBRUARY 7 2016...

CLIMATE NORMAL PERIOD 1981 TO 2010
CLIMATE RECORD PERIOD 1934 TO 2016


WEATHER ITEM   OBSERVED TIME   RECORD YEAR NORMAL DEPARTURE LAST
                VALUE   (LST)  VALUE       VALUE  FROM      YEAR
                                                  NORMAL
..................................................................
TEMPERATURE (F)
 YESTERDAY
  MAXIMUM         50    454 PM  64    1938  48      2       58
  MINIMUM         21    800 AM   0    1978  27     -6       20
  AVERAGE         36                        37     -1       39

PRECIPITATION (IN)
  YESTERDAY        0.00          0.81 1965   0.12  -0.12     0.00
  MONTH TO DATE    1.58                      0.87   0.71     0.49
  SINCE DEC 1      9.77                      7.61   2.16     5.80
  SINCE JAN 1      4.50                      4.24   0.26     2.77

SNOWFALL (IN)
  YESTERDAY        0.0                       0.1   -0.1      0.0
  MONTH TO DATE    0.0                       0.9   -0.9       T
  SINCE DEC 1      9.8                       8.0    1.8      0.3
  SINCE JUL 1      9.8                       8.3    1.5      1.5
  SNOW DEPTH       0

DEGREE DAYS
 HEATING
  YESTERDAY       29                        28      1       26
  MONTH TO DATE  149                       198    -49      211
  SINCE DEC 1   1594                      1966   -372     1863
  SINCE JUL 1   2237                      2852   -615     2846

 COOLING
  YESTERDAY        0                         0      0        0
  MONTH TO DATE    0                         0      0        0
  SINCE DEC 1      0                         0      0        0
  SINCE JAN 1      0                         0      0        0
..................................................................


WIND (MPH)
  HIGHEST WIND SPEED    12   HIGHEST WIND DIRECTION     W (260)
  HIGHEST GUST SPEED    14   HIGHEST GUST DIRECTION     W (280)
  AVERAGE WIND SPEED     3.1


SKY COVER
  POSSIBLE SUNSHINE  MM
  AVERAGE SKY COVER 0.2


WEATHER CONDITIONS
 THE FOLLOWING WEATHER WAS RECORDED YESTERDAY.
  NO SIGNIFICANT WEATHER WAS OBSERVED.


RELATIVE HUMIDITY (PERCENT)
 HIGHEST    96           400 AM
 LOWEST     32           500 PM
 AVERAGE    64

..........................................................


THE TRI-CITIES      ASOS CLIMATE NORMALS FOR TODAY
                         NORMAL    RECORD    YEAR
 MAXIMUM TEMPERATURE (F)   48        70      2001
 MINIMUM TEMPERATURE (F)   27         6      1984
                                             1947


SUNRISE AND SUNSET
FEBRUARY  8 2016......SUNRISE   725 AM EST   SUNSET   603 PM EST
FEBRUARY  9 2016......SUNRISE   724 AM EST   SUNSET   604 PM EST


-  INDICATES NEGATIVE NUMBERS.
R  INDICATES RECORD WAS SET OR TIED.
MM INDICATES DATA IS MISSING.
T  INDICATES TRACE AMOUNT.




$$
