000
CDUS44 KMRX 240815
CLITRI

CLIMATE REPORT
NATIONAL WEATHER SERVICE MORRISTOWN TN
413 AM EDT THU APR 24 2014


...................................

...THE TRI-CITIES      ASOS CLIMATE SUMMARY FOR APRIL 23 2014...

CLIMATE NORMAL PERIOD 1981 TO 2010
CLIMATE RECORD PERIOD 1934 TO 2014


WEATHER ITEM   OBSERVED TIME   RECORD YEAR NORMAL DEPARTURE LAST
                VALUE   (LST)  VALUE       VALUE  FROM      YEAR
                                                  NORMAL
..................................................................
TEMPERATURE (F)
 YESTERDAY
  MAXIMUM         69    520 PM  87    1980  70     -1       72
  MINIMUM         42   1159 PM  26    1986  45     -3       38
  AVERAGE         56                        57     -1       55

PRECIPITATION (IN)
  YESTERDAY        0.00          1.32 1968   0.12  -0.12     0.00
  MONTH TO DATE    1.70                      2.53  -0.83     3.08
  SINCE MAR 1      3.97                      5.97  -2.00     7.70
  SINCE JAN 1      9.03                     12.79  -3.76    19.55

SNOWFALL (IN)
  YESTERDAY        0.0                       0.0    0.0      0.0
  MONTH TO DATE    T                         1.0   -1.0      0.0
  SINCE MAR 1      0.7                       2.4   -1.7      1.5
  SINCE JUL 1     13.0                      13.2   -0.2      9.2
  SNOW DEPTH       0

DEGREE DAYS
 HEATING
  YESTERDAY        9                         8      1       10
  MONTH TO DATE  197                       254    -57      227
  SINCE MAR 1    813                       822     -9      973
  SINCE JUL 1   4308                      4204    104     4142

 COOLING
  YESTERDAY        0                         1     -1        0
  MONTH TO DATE    6                         2      4        6
  SINCE MAR 1      6                         3      3        6
  SINCE JAN 1      6                         3      3        6
..................................................................


WIND (MPH)
  HIGHEST WIND SPEED    17   HIGHEST WIND DIRECTION     W (270)
  HIGHEST GUST SPEED    23   HIGHEST GUST DIRECTION     W (270)
  AVERAGE WIND SPEED     5.9


SKY COVER
  POSSIBLE SUNSHINE  MM
  AVERAGE SKY COVER  MM


WEATHER CONDITIONS
 THE FOLLOWING WEATHER WAS RECORDED YESTERDAY.
  NO SIGNIFICANT WEATHER WAS OBSERVED.


RELATIVE HUMIDITY (PERCENT)
 HIGHEST    77          1200 AM
 LOWEST     14           500 PM
 AVERAGE    46

..........................................................


THE TRI-CITIES      ASOS CLIMATE NORMALS FOR TODAY
                         NORMAL    RECORD    YEAR
 MAXIMUM TEMPERATURE (F)   70        87      1960
 MINIMUM TEMPERATURE (F)   45        28      1986


SUNRISE AND SUNSET
APRIL 24 2014.........SUNRISE   644 AM EDT   SUNSET   812 PM EDT
APRIL 25 2014.........SUNRISE   643 AM EDT   SUNSET   812 PM EDT


-  INDICATES NEGATIVE NUMBERS.
R  INDICATES RECORD WAS SET OR TIED.
MM INDICATES DATA IS MISSING.
T  INDICATES TRACE AMOUNT.




$$
