000
CDUS44 KMRX 250841
CLITRI


CLIMATE REPORT
NATIONAL WEATHER SERVICE MORRISTOWN TN
440 AM EDT SUN JUN 25 2017


...................................

...THE TRI-CITIES      ASOS CLIMATE SUMMARY FOR JUNE 24 2017...

CLIMATE NORMAL PERIOD 1981 TO 2010
CLIMATE RECORD PERIOD 1934 TO 2017


WEATHER ITEM   OBSERVED TIME   RECORD YEAR NORMAL DEPARTURE LAST
                VALUE   (LST)  VALUE       VALUE  FROM      YEAR
                                                  NORMAL
..................................................................
TEMPERATURE (F)
 YESTERDAY
  MAXIMUM         85    444 PM  96    1988  85      0       87
  MINIMUM         65   1159 PM  50    1947  62      3       66
  AVERAGE         75                        73      2       77

PRECIPITATION (IN)
  YESTERDAY        0.04          1.46 1957   0.13  -0.09     0.04
  MONTH TO DATE    2.04                      3.08  -1.04     1.83
  SINCE JUN 1      2.04                      3.08  -1.04     1.83
  SINCE JAN 1     24.23                     20.47   3.76    17.74

SNOWFALL (IN)
  YESTERDAY        0.0                       0.0    0.0      0.0
  MONTH TO DATE    0.0                       0.0    0.0      0.0
  SINCE JUN 1      0.0                       0.0    0.0      0.0
  SINCE JUL 1      4.3                      13.3   -9.0     18.4
  SNOW DEPTH       0

DEGREE DAYS
 HEATING
  YESTERDAY        0                         0      0        0
  MONTH TO DATE    2                         9     -7        0
  SINCE JUN 1      2                         9     -7        0
  SINCE JUL 1   3313                      4372  -1059     3545

 COOLING
  YESTERDAY       10                         8      2       12
  MONTH TO DATE  165                       152     13      211
  SINCE JUN 1    165                       152     13      211
  SINCE JAN 1    285                       225     60      307
..................................................................


WIND (MPH)
  HIGHEST WIND SPEED    16   HIGHEST WIND DIRECTION     W (260)
  HIGHEST GUST SPEED    19   HIGHEST GUST DIRECTION     W (260)
  AVERAGE WIND SPEED     4.2


SKY COVER
  POSSIBLE SUNSHINE  MM
  AVERAGE SKY COVER 0.6


WEATHER CONDITIONS
 THE FOLLOWING WEATHER WAS RECORDED YESTERDAY.
  LIGHT RAIN
  FOG


RELATIVE HUMIDITY (PERCENT)
 HIGHEST   100           300 AM
 LOWEST     44           500 PM
 AVERAGE    72

..........................................................


THE TRI-CITIES      ASOS CLIMATE NORMALS FOR TODAY
                         NORMAL    RECORD    YEAR
 MAXIMUM TEMPERATURE (F)   85        97      1952
 MINIMUM TEMPERATURE (F)   62        51      1972


SUNRISE AND SUNSET
JUNE 25 2017..........SUNRISE   613 AM EDT   SUNSET   852 PM EDT
JUNE 26 2017..........SUNRISE   613 AM EDT   SUNSET   852 PM EDT


-  INDICATES NEGATIVE NUMBERS.
R  INDICATES RECORD WAS SET OR TIED.
MM INDICATES DATA IS MISSING.
T  INDICATES TRACE AMOUNT.




$$
