000
CDUS44 KMRX 242119
CLITRI

CLIMATE REPORT NATIONAL WEATHER SERVICE MORRISTOWN TN
519 PM EDT SUN MAY 24 2015

...................................

...THE TRI-CITIES CLIMATE SUMMARY FOR MAY 24 2015... VALID TODAY AS
OF 500 PM LOCAL TIME.

CLIMATE NORMAL PERIOD 1981 TO 2010
CLIMATE RECORD PERIOD 1934 TO 2015


WEATHER ITEM   OBSERVED TIME   RECORD YEAR NORMAL DEPARTURE LAST
                VALUE   (LST)  VALUE       VALUE  FROM      YEAR
                                                  NORMAL
..................................................................
TEMPERATURE (F)
 TODAY
  MAXIMUM         84    348 PM  88    1970  78      6       80
                                      1953
  MINIMUM         49    516 AM  40    2006  53     -4       48
                                      1961
  AVERAGE         67                        66      1       64

PRECIPITATION (IN)
  TODAY            0.00          1.28 1938   0.13  -0.13     0.00
  MONTH TO DATE    0.67                      2.92  -2.25     1.83
  SINCE MAR 1      9.55                      9.69  -0.14     6.57
  SINCE JAN 1     14.88                     16.51  -1.63    11.63

SNOWFALL (IN)
  TODAY            0.0                       0.0    0.0      0.0
  MONTH TO DATE    0.0                       0.0    0.0      0.0
  SINCE MAR 1      T                         2.5   -2.5      0.7
  SINCE JUL 1     15.5                      13.3    2.2     13.0
  SNOW DEPTH       0

DEGREE DAYS
 HEATING
  TODAY            0                         2     -2        1
  MONTH TO DATE   41                        97    -56       78
  SINCE MAR 1    749                       969   -220      913
  SINCE JUL 1   4376                      4351     25     4408

 COOLING
  TODAY            2                         3     -1        0
  MONTH TO DATE   91                        40     51       66
  SINCE MAR 1    101                        51     50       87
  SINCE JAN 1    101                        51     50       87
..................................................................


WIND (MPH)
  HIGHEST WIND SPEED    13   HIGHEST WIND DIRECTION     S (200)
  HIGHEST GUST SPEED    16   HIGHEST GUST DIRECTION     S (200)
  AVERAGE WIND SPEED     1.9


SKY COVER
  POSSIBLE SUNSHINE  MM
  AVERAGE SKY COVER 0.2


WEATHER CONDITIONS
 THE FOLLOWING WEATHER WAS RECORDED TODAY.
  NO SIGNIFICANT WEATHER WAS OBSERVED.


RELATIVE HUMIDITY (PERCENT)
 HIGHEST    89           400 AM
 LOWEST     25           400 PM
 AVERAGE    57

..........................................................


THE TRI-CITIES      ASOS CLIMATE NORMALS FOR TOMORROW
                         NORMAL    RECORD    YEAR
 MAXIMUM TEMPERATURE (F)   78        90      1953
 MINIMUM TEMPERATURE (F)   54        40      2013


SUNRISE AND SUNSET
MAY 24 2015...........SUNRISE   617 AM EDT   SUNSET   837 PM EDT
MAY 25 2015...........SUNRISE   616 AM EDT   SUNSET   837 PM EDT


-  INDICATES NEGATIVE NUMBERS.
R  INDICATES RECORD WAS SET OR TIED.
MM INDICATES DATA IS MISSING.
T  INDICATES TRACE AMOUNT.




$$
