570
CDUS44 KMRX 222205
CLITRI


CLIMATE REPORT
NATIONAL WEATHER SERVICE MORRISTOWN TN
505 PM EST THU FEB 22 2018


...................................

...THE TRI-CITIES      ASOS CLIMATE SUMMARY FOR FEBRUARY 22 2018...
VALID TODAY AS OF 0500 PM LOCAL TIME.

CLIMATE NORMAL PERIOD 1981 TO 2010
CLIMATE RECORD PERIOD 1937 TO 2018


WEATHER ITEM   OBSERVED TIME   RECORD YEAR NORMAL DEPARTURE LAST
                VALUE   (LST)  VALUE       VALUE  FROM      YEAR
                                                  NORMAL
..................................................................
TEMPERATURE (F)
 TODAY
  MAXIMUM         80R   252 PM  73    1980  52     28       58
  MINIMUM         55    716 AM   3    1963  30     25       47
  AVERAGE         68                        41     27       53

PRECIPITATION (IN)
  TODAY            0.00          1.85 2003   0.13  -0.13     0.30
  MONTH TO DATE    6.46                      2.74   3.72     1.43
  SINCE DEC 1      9.79                      9.48   0.31     9.34
  SINCE JAN 1      8.03                      6.11   1.92     3.98

SNOWFALL (IN)
  TODAY            0.0                       0.1   -0.1      0.0
  MONTH TO DATE    0.9                       2.7   -1.8       T
  SINCE DEC 1      4.7                       9.8   -5.1      4.0
  SINCE JUL 1      4.7                      10.1   -5.4      4.0
  SNOW DEPTH       0

DEGREE DAYS
 HEATING
  TODAY            0                        24    -24       12
  MONTH TO DATE  384                       588   -204      447
  SINCE DEC 1   2218                      2356   -138     1858
  SINCE JUL 1   2997                      3242   -245     2477

 COOLING
  TODAY            3                         0      3        0
  MONTH TO DATE    9                         0      9        0
  SINCE DEC 1      9                         0      9        0
  SINCE JAN 1      9                         0      9        0
..................................................................


WIND (MPH)
  HIGHEST WIND SPEED    25   HIGHEST WIND DIRECTION    SW (240)
  HIGHEST GUST SPEED    33   HIGHEST GUST DIRECTION    SW (240)
  AVERAGE WIND SPEED     6.6


SKY COVER
  POSSIBLE SUNSHINE  MM
  AVERAGE SKY COVER 0.6


WEATHER CONDITIONS
 THE FOLLOWING WEATHER WAS RECORDED TODAY.
  NO SIGNIFICANT WEATHER WAS OBSERVED.


RELATIVE HUMIDITY (PERCENT)
 HIGHEST   100           300 AM
 LOWEST     45          1200 PM
 AVERAGE    73

..........................................................


THE TRI-CITIES      ASOS CLIMATE NORMALS FOR TOMORROW
                         NORMAL    RECORD    YEAR
 MAXIMUM TEMPERATURE (F)   52        79      1996
                                             1943
 MINIMUM TEMPERATURE (F)   30         6      1978


SUNRISE AND SUNSET
FEBRUARY 22 2018......SUNRISE   709 AM EST   SUNSET   617 PM EST
FEBRUARY 23 2018......SUNRISE   708 AM EST   SUNSET   618 PM EST


-  INDICATES NEGATIVE NUMBERS.
R  INDICATES RECORD WAS SET OR TIED.
MM INDICATES DATA IS MISSING.
T  INDICATES TRACE AMOUNT.




$$
