000
CDUS44 KMRX 280832
CLITRI


CLIMATE REPORT
NATIONAL WEATHER SERVICE MORRISTOWN TN
432 AM EDT FRI AUG 28 2015


...................................

...THE TRI-CITIES      ASOS CLIMATE SUMMARY FOR AUGUST 27 2015...

CLIMATE NORMAL PERIOD 1981 TO 2010
CLIMATE RECORD PERIOD 1934 TO 2015


WEATHER ITEM   OBSERVED TIME   RECORD YEAR NORMAL DEPARTURE LAST
                VALUE   (LST)  VALUE       VALUE  FROM      YEAR
                                                  NORMAL
..................................................................
TEMPERATURE (F)
 YESTERDAY
  MAXIMUM         84    435 PM  95    1954  85     -1       87
                                      1943
  MINIMUM         57    151 AM  46    1945  61     -4       56
  AVERAGE         71                        73     -2       72

PRECIPITATION (IN)
  YESTERDAY        0.00          1.17 1983   0.10  -0.10     0.00
  MONTH TO DATE    6.00                      3.08   2.92     3.50
  SINCE JUN 1     14.24                     11.67   2.57    12.33
  SINCE JAN 1     29.15                     29.06   0.09    24.33

SNOWFALL (IN)
  YESTERDAY        0.0                       0.0    0.0      0.0
  MONTH TO DATE    0.0                       0.0    0.0      0.0
  SINCE JUN 1      0.0                       0.0    0.0      0.0
  SINCE JUL 1      0.0                       0.0    0.0      0.0
  SNOW DEPTH       0

DEGREE DAYS
 HEATING
  YESTERDAY        0                         0      0        0
  MONTH TO DATE    0                         0      0        0
  SINCE JUN 1      0                        11    -11        0
  SINCE JUL 1      0                         0      0        0

 COOLING
  YESTERDAY        6                         8     -2        7
  MONTH TO DATE  259                       241     18      221
  SINCE JUN 1    936                       746    190      775
  SINCE JAN 1   1102                       819    283      909
..................................................................


WIND (MPH)
  HIGHEST WIND SPEED     9   HIGHEST WIND DIRECTION     N (350)
  HIGHEST GUST SPEED    14   HIGHEST GUST DIRECTION    NW (330)
  AVERAGE WIND SPEED     2.1


SKY COVER
  POSSIBLE SUNSHINE  MM
  AVERAGE SKY COVER 0.5


WEATHER CONDITIONS
 THE FOLLOWING WEATHER WAS RECORDED YESTERDAY.
  NO SIGNIFICANT WEATHER WAS OBSERVED.


RELATIVE HUMIDITY (PERCENT)
 HIGHEST    87           600 AM
 LOWEST     39           300 PM
 AVERAGE    63

..........................................................


THE TRI-CITIES      ASOS CLIMATE NORMALS FOR TODAY
                         NORMAL    RECORD    YEAR
 MAXIMUM TEMPERATURE (F)   84        94      1953
                                             1948
 MINIMUM TEMPERATURE (F)   61        48      1986
                                             1968


SUNRISE AND SUNSET
AUGUST 28 2015........SUNRISE   658 AM EDT   SUNSET   804 PM EDT
AUGUST 29 2015........SUNRISE   658 AM EDT   SUNSET   802 PM EDT


-  INDICATES NEGATIVE NUMBERS.
R  INDICATES RECORD WAS SET OR TIED.
MM INDICATES DATA IS MISSING.
T  INDICATES TRACE AMOUNT.




$$
