000
CDUS46 KSGX 220019
CLITRM


CLIMATE REPORT
NATIONAL WEATHER SERVICE SAN DIEGO, CA
518 PM PDT FRI JUL 21 2017


...................................

...THE THERMAL AIRPORT CA CLIMATE SUMMARY FOR JULY 21 2017...
VALID TODAY AS OF 0500 PM LOCAL TIME.

CLIMATE NORMAL PERIOD 1981 TO 2010
CLIMATE RECORD PERIOD 1950 TO 2017


WEATHER ITEM   OBSERVED TIME   RECORD YEAR NORMAL DEPARTURE LAST
                VALUE   (LST)  VALUE       VALUE  FROM      YEAR
                                                  NORMAL
..................................................................
TEMPERATURE (F)
 TODAY
  MAXIMUM        108    335 PM 119    2006 107      1      116
  MINIMUM         72    436 AM  60    1995  75     -3       79
  AVERAGE         90                        91     -1       98

PRECIPITATION (IN)
  TODAY            0.00          0.85 1984   0.00   0.00     0.00
  MONTH TO DATE    T                         0.08  -0.08     0.00
  SINCE OCT 1      3.69                      2.71   0.98     1.98
  SINCE JAN 1      2.01                      1.90   0.11     1.55

DEGREE DAYS
 HEATING
  TODAY            0                         0      0        0
  MONTH TO DATE    0                         0      0        0
  SINCE JUN 1      0                         0      0        0
  SINCE JUL 1      0                         0      0        0

 COOLING
  TODAY           25                        26     -1       33
  MONTH TO DATE  605                       529     76      550
  SINCE JUN 1   1327                      1137    190     1311
  SINCE JAN 1   2301                      1810    491     2188
..................................................................


WIND (MPH)
  RESULTANT WIND SPEED   1   RESULTANT WIND DIRECTION  SE (120)
  HIGHEST WIND SPEED    10   HIGHEST WIND DIRECTION    SE (130)
  HIGHEST GUST SPEED    14   HIGHEST GUST DIRECTION    SE (120)
  AVERAGE WIND SPEED     4.1


SKY COVER
  POSSIBLE SUNSHINE  MM
  AVERAGE SKY COVER 0.0


WEATHER CONDITIONS
 THE FOLLOWING WEATHER WAS RECORDED TODAY.
  NO SIGNIFICANT WEATHER WAS OBSERVED.


RELATIVE HUMIDITY (PERCENT)
 HIGHEST    53           400 AM
 LOWEST     17           200 PM
 AVERAGE    35

..........................................................


THE THERMAL AIRPORT CA CLIMATE NORMALS FOR TOMORROW
                         NORMAL    RECORD    YEAR
 MAXIMUM TEMPERATURE (F)  107       120      2006
 MINIMUM TEMPERATURE (F)   75        64      1957


SUNRISE AND SUNSET
JULY 21 2017..........SUNRISE   549 AM PDT   SUNSET   752 PM PDT
JULY 22 2017..........SUNRISE   550 AM PDT   SUNSET   752 PM PDT


-  INDICATES NEGATIVE NUMBERS.
R  INDICATES RECORD WAS SET OR TIED.
MM INDICATES DATA IS MISSING.
T  INDICATES TRACE AMOUNT.




$$
