000
CDUS46 KSGX 230122
CLITRM


CLIMATE REPORT
NATIONAL WEATHER SERVICE SAN DIEGO, CA
522 PM PST SUN JAN 22 2017


...................................

...THE THERMAL AIRPORT CA CLIMATE SUMMARY FOR JANUARY 22 2017...
VALID TODAY AS OF 0500 PM LOCAL TIME.

CLIMATE NORMAL PERIOD 1981 TO 2010
CLIMATE RECORD PERIOD 1950 TO 2017


WEATHER ITEM   OBSERVED TIME   RECORD YEAR NORMAL DEPARTURE LAST
                VALUE   (LST)  VALUE       VALUE  FROM      YEAR
                                                  NORMAL
..................................................................
TEMPERATURE (F)
 TODAY
  MAXIMUM         63   1251 PM  84    2014  72     -9       72
                                      1968
  MINIMUM         49    141 AM  26    1966  38     11       38
  AVERAGE         56                        55      1       55

PRECIPITATION (IN)
  TODAY            0.01          0.25 2010   0.02  -0.01     0.00
  MONTH TO DATE    1.11                      0.49   0.62     1.15
  SINCE OCT 1      2.79                      1.30   1.49     1.58
  SINCE JAN 1      1.11                      0.49   0.62     1.15

DEGREE DAYS
 HEATING
  TODAY            9                        10     -1       10
  MONTH TO DATE  217                       235    -18      259
  SINCE DEC 1    523                       606    -83      655
  SINCE JUL 1    641                       773   -132      854

 COOLING
  TODAY            0                         0      0        0
  MONTH TO DATE    0                         0      0        0
  SINCE DEC 1      2                         1      1        0
  SINCE JAN 1      0                         0      0        0
..................................................................


WIND (MPH)
  RESULTANT WIND SPEED   5   RESULTANT WIND DIRECTION  SE (140)
  HIGHEST WIND SPEED    17   HIGHEST WIND DIRECTION    NW (320)
  HIGHEST GUST SPEED    21   HIGHEST GUST DIRECTION    NW (320)
  AVERAGE WIND SPEED     5.4


SKY COVER
  POSSIBLE SUNSHINE  MM
  AVERAGE SKY COVER 0.9


WEATHER CONDITIONS
 THE FOLLOWING WEATHER WAS RECORDED TODAY.
  LIGHT RAIN


RELATIVE HUMIDITY (PERCENT)
 HIGHEST    83           400 AM
 LOWEST     52           100 PM
 AVERAGE    68

..........................................................


THE THERMAL AIRPORT CA CLIMATE NORMALS FOR TOMORROW
                         NORMAL    RECORD    YEAR
 MAXIMUM TEMPERATURE (F)   72        83      1953
 MINIMUM TEMPERATURE (F)   38        29      1991


SUNRISE AND SUNSET
JANUARY 22 2017.......SUNRISE   647 AM PST   SUNSET   506 PM PST
JANUARY 23 2017.......SUNRISE   646 AM PST   SUNSET   507 PM PST


-  INDICATES NEGATIVE NUMBERS.
R  INDICATES RECORD WAS SET OR TIED.
MM INDICATES DATA IS MISSING.
T  INDICATES TRACE AMOUNT.




$$
