000
CDUS46 KSGX 210118
CLITRM


CLIMATE REPORT
NATIONAL WEATHER SERVICE SAN DIEGO, CA
518 PM PST THU NOV 20 2014


...................................

...THE THERMAL AIRPORT CA CLIMATE SUMMARY FOR NOVEMBER 20 2014...
VALID TODAY AS OF 0500 PM LOCAL TIME.

CLIMATE NORMAL PERIOD 1981 TO 2010
CLIMATE RECORD PERIOD 1950 TO 2014


WEATHER ITEM   OBSERVED TIME   RECORD YEAR NORMAL DEPARTURE LAST
                VALUE   (LST)  VALUE       VALUE  FROM      YEAR
                                                  NORMAL
..................................................................
TEMPERATURE (F)
 TODAY
  MAXIMUM         77    143 PM  90    2002  77      0       76
                                      1954
  MINIMUM         40    651 AM  24    1994  41     -1       54
  AVERAGE         59                        59      0       65

PRECIPITATION (IN)
  TODAY            0.00          0.12 1963   0.01  -0.01     0.00
  MONTH TO DATE    0.00                      0.13  -0.13     0.00
  SINCE JUL 1      0.45                      0.93  -0.48     1.39
  SINCE JAN 1      0.53                      2.75  -2.22     1.83

SNOWFALL (IN)
  TODAY            0.0
  MONTH TO DATE    0.0
  SINCE JAN 1      0.0
  SINCE JUL 1      0.0
  SNOW DEPTH       0

DEGREE DAYS
 HEATING
  TODAY            6                         6      0        0
  MONTH TO DATE   44                        72    -28       30
  SINCE SEP 1     44                        83    -39       39
  SINCE JUL 1     44                        83    -39       39

 COOLING
  TODAY            0                         0      0        0
  MONTH TO DATE   19                        33    -14       20
  SINCE SEP 1   1061                       853    208      788
  SINCE JAN 1   4258                      3686    572     4072
..................................................................


WIND (MPH)
  RESULTANT WIND SPEED   0   RESULTANT WIND DIRECTION   E (110)
  HIGHEST WIND SPEED     9   HIGHEST WIND DIRECTION    SE (150)
  HIGHEST GUST SPEED    10   HIGHEST GUST DIRECTION    SE (150)
  AVERAGE WIND SPEED     3.3


SKY COVER
  POSSIBLE SUNSHINE  MM
  AVERAGE SKY COVER 0.0


WEATHER CONDITIONS
 THE FOLLOWING WEATHER WAS RECORDED TODAY.
  NO SIGNIFICANT WEATHER WAS OBSERVED.


RELATIVE HUMIDITY (PERCENT)
 HIGHEST    65          1200 AM
 LOWEST     19           300 PM
 AVERAGE    42

..........................................................


THE THERMAL AIRPORT CA CLIMATE NORMALS FOR TOMORROW
                         NORMAL    RECORD    YEAR
 MAXIMUM TEMPERATURE (F)   76        92      1950
 MINIMUM TEMPERATURE (F)   41        25      1994


SUNRISE AND SUNSET
NOVEMBER 20 2014......SUNRISE   621 AM PST   SUNSET   439 PM PST
NOVEMBER 21 2014......SUNRISE   622 AM PST   SUNSET   439 PM PST


-  INDICATES NEGATIVE NUMBERS.
R  INDICATES RECORD WAS SET OR TIED.
MM INDICATES DATA IS MISSING.
T  INDICATES TRACE AMOUNT.




$$
