000
CDUS46 KSGX 021420
CLITRM


CLIMATE REPORT
NATIONAL WEATHER SERVICE SAN DIEGO, CA
620 AM PST MON MAR 2 2015


...................................

...THE THERMAL AIRPORT CA CLIMATE SUMMARY FOR MARCH 1 2015...

CLIMATE NORMAL PERIOD 1981 TO 2010
CLIMATE RECORD PERIOD 1950 TO 2015


WEATHER ITEM   OBSERVED TIME   RECORD YEAR NORMAL DEPARTURE LAST
                VALUE   (LST)  VALUE       VALUE  FROM      YEAR
                                                  NORMAL
..................................................................
TEMPERATURE (F)
 YESTERDAY
  MAXIMUM         60    100 AM  89    1999  78    -18       71
  MINIMUM         51        MM  31    1964  44      7       50
  AVERAGE         56                        61     -5       61

PRECIPITATION (IN)
  YESTERDAY        0.31          0.57 1991   0.02   0.29      T
  MONTH TO DATE    0.31                      0.02   0.29      T
  SINCE OCT 1      0.77                      2.16  -1.39     0.16
  SINCE JAN 1      0.62                      1.35  -0.73     0.08

SNOWFALL (IN)
  YESTERDAY        0.0
  MONTH TO DATE    0.0
  SINCE JAN 1      0.0
  SINCE JUL 1      0.0
  SNOW DEPTH       0

DEGREE DAYS
 HEATING
  YESTERDAY        9                         5      4        4
  MONTH TO DATE    9                         5      4        4
  SINCE MAR 1      9                         5      4        4
  SINCE JUL 1    714                      1070   -356      793

 COOLING
  YESTERDAY        0                         1     -1        0
  MONTH TO DATE    0                         1     -1        0
  SINCE MAR 1      0                         1     -1        0
  SINCE JAN 1     22                        13      9       10
..................................................................


WIND (MPH)
  RESULTANT WIND SPEED   4   RESULTANT WIND DIRECTION  NW (330)
  HIGHEST WIND SPEED     7   HIGHEST WIND DIRECTION     N (360)
  HIGHEST GUST SPEED    MM   HIGHEST GUST DIRECTION    MM
  AVERAGE WIND SPEED     4.5


SKY COVER
  POSSIBLE SUNSHINE  MM
  AVERAGE SKY COVER 0.7


WEATHER CONDITIONS
 THE FOLLOWING WEATHER WAS RECORDED YESTERDAY.
  RAIN
  LIGHT RAIN


RELATIVE HUMIDITY (PERCENT)
 HIGHEST    89           800 PM
 LOWEST     46           100 AM
 AVERAGE    68

..........................................................


THE THERMAL AIRPORT CA CLIMATE NORMALS FOR TODAY
                         NORMAL    RECORD    YEAR
 MAXIMUM TEMPERATURE (F)   78        92      1999
 MINIMUM TEMPERATURE (F)   45        27      2002


SUNRISE AND SUNSET
MARCH  2 2015.........SUNRISE   612 AM PST   SUNSET   542 PM PST
MARCH  3 2015.........SUNRISE   611 AM PST   SUNSET   543 PM PST


-  INDICATES NEGATIVE NUMBERS.
R  INDICATES RECORD WAS SET OR TIED.
MM INDICATES DATA IS MISSING.
T  INDICATES TRACE AMOUNT.




$$
