000
CDUS46 KSGX 211424
CLITRM


CLIMATE REPORT
NATIONAL WEATHER SERVICE SAN DIEGO, CA
724 AM PDT TUE OCT 21 2014


...................................

...THE THERMAL AIRPORT CA CLIMATE SUMMARY FOR OCTOBER 20 2014...

CLIMATE NORMAL PERIOD 1981 TO 2010
CLIMATE RECORD PERIOD 1950 TO 2014


WEATHER ITEM   OBSERVED TIME   RECORD YEAR NORMAL DEPARTURE LAST
                VALUE   (LST)  VALUE       VALUE  FROM      YEAR
                                                  NORMAL
..................................................................
TEMPERATURE (F)
 YESTERDAY
  MAXIMUM         92    316 PM 107    2003  89      3       93
  MINIMUM         58    602 AM  40    1999  54      4       48
  AVERAGE         75                        72      3       71

PRECIPITATION (IN)
  YESTERDAY        0.00          0.12 2010   0.01  -0.01     0.00
  MONTH TO DATE    T                         0.15  -0.15      T
  SINCE JUL 1      0.45                      0.72  -0.27     1.39
  SINCE JAN 1      0.53                      2.54  -2.01     1.83

SNOWFALL (IN)
  YESTERDAY        0.0
  MONTH TO DATE    0.0
  SINCE JAN 1      0.0
  SINCE JUL 1      0.0
  SNOW DEPTH       0

DEGREE DAYS
 HEATING
  YESTERDAY        0                         0      0        0
  MONTH TO DATE    0                         0      0        5
  SINCE SEP 1      0                         0      0        5
  SINCE JUL 1      0                         0      0        5

 COOLING
  YESTERDAY       10                         7      3        6
  MONTH TO DATE  260                       199     61      109
  SINCE SEP 1    943                       764    179      721
  SINCE JAN 1   4140                      3597    543     4005
..................................................................


WIND (MPH)
  RESULTANT WIND SPEED   1   RESULTANT WIND DIRECTION   N (20)
  HIGHEST WIND SPEED    13   HIGHEST WIND DIRECTION    NW (310)
  HIGHEST GUST SPEED    18   HIGHEST GUST DIRECTION    NW (320)
  AVERAGE WIND SPEED     4.0


SKY COVER
  POSSIBLE SUNSHINE  MM
  AVERAGE SKY COVER 0.0


WEATHER CONDITIONS
 THE FOLLOWING WEATHER WAS RECORDED YESTERDAY.
  NO SIGNIFICANT WEATHER WAS OBSERVED.


RELATIVE HUMIDITY (PERCENT)
 HIGHEST    75           600 AM
 LOWEST     28           300 PM
 AVERAGE    52

..........................................................


THE THERMAL AIRPORT CA CLIMATE NORMALS FOR TODAY
                         NORMAL    RECORD    YEAR
 MAXIMUM TEMPERATURE (F)   89       106      2003
 MINIMUM TEMPERATURE (F)   53        44      1971


SUNRISE AND SUNSET
OCTOBER 21 2014.......SUNRISE   654 AM PDT   SUNSET   604 PM PDT
OCTOBER 22 2014.......SUNRISE   655 AM PDT   SUNSET   603 PM PDT


-  INDICATES NEGATIVE NUMBERS.
R  INDICATES RECORD WAS SET OR TIED.
MM INDICATES DATA IS MISSING.
T  INDICATES TRACE AMOUNT.




$$
