000
CDUS46 KSGX 011528
CLITRM


CLIMATE REPORT
NATIONAL WEATHER SERVICE SAN DIEGO, CA
728 AM PST WED MAR 1 2017


...................................

...THE THERMAL AIRPORT CA CLIMATE SUMMARY FOR FEBRUARY 28 2017...

CLIMATE NORMAL PERIOD 1981 TO 2010
CLIMATE RECORD PERIOD 1950 TO 2017


WEATHER ITEM   OBSERVED TIME   RECORD YEAR NORMAL DEPARTURE LAST
                VALUE   (LST)  VALUE       VALUE  FROM      YEAR
                                                  NORMAL
..................................................................
TEMPERATURE (F)
 YESTERDAY
  MAXIMUM         70    416 PM  93    1986  77     -7       88
  MINIMUM         50    619 AM  29    1962  44      6       49
  AVERAGE         60                        61     -1       69

PRECIPITATION (IN)
  YESTERDAY        0.01          0.77 1978   0.02  -0.01     0.00
  MONTH TO DATE    0.70                      0.66   0.04     0.00
  SINCE OCT 1      3.69                      2.14   1.55     1.63
  SINCE JAN 1      2.01                      1.33   0.68     1.20

DEGREE DAYS
 HEATING
  YESTERDAY        5                         5      0        0
  MONTH TO DATE  119                       205    -86      102
  SINCE DEC 1    747                       898   -151      826
  SINCE JUL 1    865                      1065   -200     1025

 COOLING
  YESTERDAY        0                         1     -1        4
  MONTH TO DATE   32                        10     22       60
  SINCE DEC 1     34                        13     21       60
  SINCE JAN 1     32                        12     20       60
..................................................................


WIND (MPH)
  RESULTANT WIND SPEED   4   RESULTANT WIND DIRECTION   N (340)
  HIGHEST WIND SPEED    16   HIGHEST WIND DIRECTION    NW (330)
  HIGHEST GUST SPEED    20   HIGHEST GUST DIRECTION     N (340)
  AVERAGE WIND SPEED     5.8


SKY COVER
  POSSIBLE SUNSHINE  MM
  AVERAGE SKY COVER 0.3


WEATHER CONDITIONS
 THE FOLLOWING WEATHER WAS RECORDED YESTERDAY.
  LIGHT RAIN
  FOG


RELATIVE HUMIDITY (PERCENT)
 HIGHEST   100           200 AM
 LOWEST     28           200 PM
 AVERAGE    64

..........................................................


THE THERMAL AIRPORT CA CLIMATE NORMALS FOR TODAY
                         NORMAL    RECORD    YEAR
 MAXIMUM TEMPERATURE (F)   78        91      2016
 MINIMUM TEMPERATURE (F)   44        31      1964


SUNRISE AND SUNSET
MARCH  1 2017.........SUNRISE   613 AM PST   SUNSET   542 PM PST
MARCH  2 2017.........SUNRISE   611 AM PST   SUNSET   542 PM PST


-  INDICATES NEGATIVE NUMBERS.
R  INDICATES RECORD WAS SET OR TIED.
MM INDICATES DATA IS MISSING.
T  INDICATES TRACE AMOUNT.




$$
