000
CDUS46 KPQR 170221
CLITTD


CLIMATE REPORT
NATIONAL WEATHER SERVICE PORTLAND OREGON
721 PM PDT TUE SEP 16 2014


...................................

...THE TROUTDALE OR CLIMATE SUMMARY FOR SEPTEMBER 16 2014...
VALID TODAY AS OF 0700 PM LOCAL TIME.

CLIMATE NORMAL PERIOD 1981 TO 2010
CLIMATE RECORD PERIOD 9999 TO 9999


WEATHER ITEM   OBSERVED TIME   NORMAL DEPARTURE LAST
                VALUE   (LST)  VALUE  FROM      YEAR
                                      NORMAL
......................................................
TEMPERATURE (F)
 TODAY
  MAXIMUM         77        MM  76      1       68
  MINIMUM         53        MM  50      3       62
  AVERAGE         65            63      2       65

PRECIPITATION (IN)
  TODAY            0.00          0.06  -0.06      T
  MONTH TO DATE    T             0.80  -0.80      T
  SINCE OCT 1     29.27         45.92 -16.65    36.80
  SINCE JAN 1     21.68         27.52  -5.84    16.82

DEGREE DAYS
 HEATING
  TODAY            0             3     -3        0
  MONTH TO DATE    3            39    -36        2

 COOLING
  TODAY            0             1     -1        0
  MONTH TO DATE   74            30     44       84
......................................................


WIND (MPH)
  HIGHEST WIND SPEED    10   HIGHEST WIND DIRECTION    SW (230)
  HIGHEST GUST SPEED    20   HIGHEST GUST DIRECTION    SW (230)
  AVERAGE WIND SPEED     4.5


SKY COVER
  POSSIBLE SUNSHINE  MM
  AVERAGE SKY COVER 0.1


WEATHER CONDITIONS
 THE FOLLOWING WEATHER WAS RECORDED TODAY.
  NO SIGNIFICANT WEATHER WAS OBSERVED.


RELATIVE HUMIDITY (PERCENT)
 HIGHEST    83           600 AM
 LOWEST     40           400 PM
 AVERAGE    62

..........................................................


THE TROUTDALE OR CLIMATE NORMALS FOR TOMORROW
                         NORMAL    RECORD    YEAR
 MAXIMUM TEMPERATURE (F)   76        91      1991
 MINIMUM TEMPERATURE (F)   49        31      1965


SUNRISE AND SUNSET
SEPTEMBER 16 2014.....SUNRISE   649 AM PDT   SUNSET   719 PM PDT
SEPTEMBER 17 2014.....SUNRISE   651 AM PDT   SUNSET   717 PM PDT


-  INDICATES NEGATIVE NUMBERS.
R  INDICATES RECORD WAS SET OR TIED.
MM INDICATES DATA IS MISSING.
T  INDICATES TRACE AMOUNT.




$$
