826
CDUS46 KPQR 211144
CLITTD


CLIMATE REPORT
NATIONAL WEATHER SERVICE PORTLAND OREGON
344 AM PST SAT JAN 21 2017


...................................

...THE TROUTDALE OR CLIMATE SUMMARY FOR JANUARY 20 2017...

CLIMATE NORMAL PERIOD 1981 TO 2010
CLIMATE RECORD PERIOD 1948 TO 2017


WEATHER ITEM   OBSERVED TIME   RECORD YEAR NORMAL DEPARTURE LAST
                VALUE   (LST)  VALUE       VALUE  FROM      YEAR
                                                  NORMAL
..................................................................
TEMPERATURE (F)
 YESTERDAY
  MAXIMUM         42   1019 PM  55    1991  46     -4       50
  MINIMUM         39   1121 PM  13    1957  34      5       40
  AVERAGE         41                        40      1       45

PRECIPITATION (IN)
  YESTERDAY        0.10                      0.19  -0.09     0.03
  MONTH TO DATE    1.98                      4.24  -2.26     3.13
  SINCE OCT 1     23.07                     22.64   0.43    22.95
  SINCE JAN 1      1.98                      4.24  -2.26     3.13

DEGREE DAYS
 HEATING
  YESTERDAY       24                        25     -1       20
  MONTH TO DATE  684                       517    167      493

 COOLING
  YESTERDAY        0                         0      0        0
  MONTH TO DATE    0                         0      0        0
..................................................................


WIND (MPH)
  HIGHEST WIND SPEED    30   HIGHEST WIND DIRECTION     E (90)
  HIGHEST GUST SPEED    36   HIGHEST GUST DIRECTION     E (90)
  AVERAGE WIND SPEED    21.0


SKY COVER
  POSSIBLE SUNSHINE  MM
  AVERAGE SKY COVER 1.0


WEATHER CONDITIONS
 THE FOLLOWING WEATHER WAS RECORDED YESTERDAY.
  LIGHT RAIN


RELATIVE HUMIDITY (PERCENT)
 HIGHEST    85          1200 AM
 LOWEST     73           500 AM
 AVERAGE    79

..........................................................


THE TROUTDALE OR CLIMATE NORMALS FOR TODAY
                         NORMAL    RECORD    YEAR
 MAXIMUM TEMPERATURE (F)   47        58      2005
 MINIMUM TEMPERATURE (F)   34        14      1962


SUNRISE AND SUNSET
JANUARY 21 2017.......SUNRISE   742 AM PST   SUNSET   501 PM PST
JANUARY 22 2017.......SUNRISE   741 AM PST   SUNSET   502 PM PST


-  INDICATES NEGATIVE NUMBERS.
R  INDICATES RECORD WAS SET OR TIED.
MM INDICATES DATA IS MISSING.
T  INDICATES TRACE AMOUNT.




$$
