000
CDUS46 KPQR 281141
CLITTD


CLIMATE REPORT
NATIONAL WEATHER SERVICE PORTLAND OREGON
340 AM PST SAT FEB 28 2015


...................................

...THE TROUTDALE OR CLIMATE SUMMARY FOR FEBRUARY 27 2015...

CLIMATE NORMAL PERIOD 1981 TO 2010
CLIMATE RECORD PERIOD 1948 TO 2015


WEATHER ITEM   OBSERVED TIME   RECORD YEAR NORMAL DEPARTURE LAST
                VALUE   (LST)  VALUE       VALUE  FROM      YEAR
                                                  NORMAL
..................................................................
TEMPERATURE (F)
 YESTERDAY
  MAXIMUM         55   1244 PM  69    1988  52      3       43
  MINIMUM         45   1154 PM  17    1962  36      9       40
  AVERAGE         50                        44      6       42

PRECIPITATION (IN)
  YESTERDAY        0.52                      0.18   0.34     0.02
  MONTH TO DATE    3.14                      4.90  -1.76     3.20
  SINCE OCT 1     20.84                     29.48  -8.64    13.65
  SINCE JAN 1      5.88                     11.08  -5.20     6.06

DEGREE DAYS
 HEATING
  YESTERDAY       15                        21     -6       23
  MONTH TO DATE  403                       605   -202      647

 COOLING
  YESTERDAY        0                         0      0        0
  MONTH TO DATE    0                         0      0        0
..................................................................


WIND (MPH)
  HIGHEST WIND SPEED    17   HIGHEST WIND DIRECTION     E (90)
  HIGHEST GUST SPEED    22   HIGHEST GUST DIRECTION     E (90)
  AVERAGE WIND SPEED     7.0


SKY COVER
  POSSIBLE SUNSHINE  MM
  AVERAGE SKY COVER 0.9


WEATHER CONDITIONS
 THE FOLLOWING WEATHER WAS RECORDED YESTERDAY.
  RAIN
  LIGHT RAIN
  FOG


RELATIVE HUMIDITY (PERCENT)
 HIGHEST    93          1200 AM
 LOWEST     66           100 PM
 AVERAGE    80

..........................................................


THE TROUTDALE OR CLIMATE NORMALS FOR TODAY
                         NORMAL    RECORD    YEAR
 MAXIMUM TEMPERATURE (F)   53        70      1988
 MINIMUM TEMPERATURE (F)   36        14      1962


SUNRISE AND SUNSET
FEBRUARY 28 2015......SUNRISE   650 AM PST   SUNSET   555 PM PST
MARCH  1 2015.........SUNRISE   648 AM PST   SUNSET   556 PM PST


-  INDICATES NEGATIVE NUMBERS.
R  INDICATES RECORD WAS SET OR TIED.
MM INDICATES DATA IS MISSING.
T  INDICATES TRACE AMOUNT.




$$
