000
CDUS46 KPQR 240224
CLITTD


CLIMATE REPORT
NATIONAL WEATHER SERVICE PORTLAND OREGON
624 PM PST FRI FEB 23 2018


...................................

...THE TROUTDALE OR CLIMATE SUMMARY FOR FEBRUARY 23 2018...
VALID TODAY AS OF 0600 PM LOCAL TIME.

CLIMATE NORMAL PERIOD 1981 TO 2010
CLIMATE RECORD PERIOD 1948 TO 2018


WEATHER ITEM   OBSERVED TIME   RECORD YEAR NORMAL DEPARTURE LAST
                VALUE   (LST)  VALUE       VALUE  FROM      YEAR
                                                  NORMAL
..................................................................
TEMPERATURE (F)
 TODAY
  MAXIMUM         40    537 PM  67    1968  51    -11       45
  MINIMUM         21R   704 AM  26    1960  36    -15       32
  AVERAGE         31                        44    -13       39

PRECIPITATION (IN)
  TODAY            0.00                      0.18  -0.18      T
  MONTH TO DATE    1.40                      4.18  -2.78     7.65
  SINCE OCT 1     20.73                     28.76  -8.03    31.11
  SINCE JAN 1      6.39                     10.36  -3.97    10.02

DEGREE DAYS
 HEATING
  TODAY           34                        21     13       26
  MONTH TO DATE  483                       521    -38      534

 COOLING
  TODAY            0                         0      0        0
  MONTH TO DATE    0                         0      0        0
..................................................................


WIND (MPH)
  HIGHEST WIND SPEED    10   HIGHEST WIND DIRECTION    SW (240)
  HIGHEST GUST SPEED    14   HIGHEST GUST DIRECTION     E (90)
  AVERAGE WIND SPEED     4.8


SKY COVER
  POSSIBLE SUNSHINE  MM
  AVERAGE SKY COVER 0.4


WEATHER CONDITIONS
 THE FOLLOWING WEATHER WAS RECORDED TODAY.
  NO SIGNIFICANT WEATHER WAS OBSERVED.


RELATIVE HUMIDITY (PERCENT)
 HIGHEST    88           600 AM
 LOWEST     54           200 PM
 AVERAGE    71

..........................................................


THE TROUTDALE OR CLIMATE NORMALS FOR TOMORROW
                         NORMAL    RECORD    YEAR
 MAXIMUM TEMPERATURE (F)   52        68      1986
 MINIMUM TEMPERATURE (F)   36        17      2003


SUNRISE AND SUNSET
FEBRUARY 23 2018......SUNRISE   658 AM PST   SUNSET   548 PM PST
FEBRUARY 24 2018......SUNRISE   656 AM PST   SUNSET   550 PM PST


-  INDICATES NEGATIVE NUMBERS.
R  INDICATES RECORD WAS SET OR TIED.
MM INDICATES DATA IS MISSING.
T  INDICATES TRACE AMOUNT.




$$
