000
CDUS46 KPQR 230228
CLITTD


CLIMATE REPORT
NATIONAL WEATHER SERVICE PORTLAND OREGON
728 PM PDT THU JUN 22 2017


...................................

...THE TROUTDALE OR CLIMATE SUMMARY FOR JUNE 22 2017...
VALID TODAY AS OF 0700 PM LOCAL TIME.

CLIMATE NORMAL PERIOD 1981 TO 2010
CLIMATE RECORD PERIOD 1948 TO 2017


WEATHER ITEM   OBSERVED TIME   RECORD YEAR NORMAL DEPARTURE LAST
                VALUE   (LST)  VALUE       VALUE  FROM      YEAR
                                                  NORMAL
..................................................................
TEMPERATURE (F)
 TODAY
  MAXIMUM         85    235 PM 104    1992  76      9       80
  MINIMUM         50    511 AM  46    1965  51     -1       51
  AVERAGE         68                        63      5       66

PRECIPITATION (IN)
  TODAY            0.00                      0.05  -0.05     0.00
  MONTH TO DATE    1.72                      2.01  -0.29     0.90
  SINCE OCT 1     48.20                     43.11   5.09    37.79
  SINCE JAN 1     27.11                     24.71   2.40    17.97

DEGREE DAYS
 HEATING
  TODAY            0                         3     -3        0
  MONTH TO DATE   62                        97    -35       65

 COOLING
  TODAY            3                         2      1        1
  MONTH TO DATE   32                        26      6       75
..................................................................


WIND (MPH)
  HIGHEST WIND SPEED    12   HIGHEST WIND DIRECTION    NW (330)
  HIGHEST GUST SPEED    18   HIGHEST GUST DIRECTION    NW (320)
  AVERAGE WIND SPEED     4.4


SKY COVER
  POSSIBLE SUNSHINE  MM
  AVERAGE SKY COVER 0.0


WEATHER CONDITIONS
 THE FOLLOWING WEATHER WAS RECORDED TODAY.
  NO SIGNIFICANT WEATHER WAS OBSERVED.


RELATIVE HUMIDITY (PERCENT)
 HIGHEST    89           400 AM
 LOWEST     25           300 PM
 AVERAGE    57

..........................................................


THE TROUTDALE OR CLIMATE NORMALS FOR TOMORROW
                         NORMAL    RECORD    YEAR
 MAXIMUM TEMPERATURE (F)   76       100      1992
 MINIMUM TEMPERATURE (F)   51        40      1956
                                             1985


SUNRISE AND SUNSET
JUNE 22 2017..........SUNRISE   521 AM PDT   SUNSET   902 PM PDT
JUNE 23 2017..........SUNRISE   521 AM PDT   SUNSET   903 PM PDT


-  INDICATES NEGATIVE NUMBERS.
R  INDICATES RECORD WAS SET OR TIED.
MM INDICATES DATA IS MISSING.
T  INDICATES TRACE AMOUNT.




$$
