000
CDUS46 KPQR 291145
CLITTD


CLIMATE REPORT
NATIONAL WEATHER SERVICE PORTLAND OREGON
445 AM PDT SUN MAR 29 2015


...................................

...THE TROUTDALE OR CLIMATE SUMMARY FOR MARCH 28 2015...

CLIMATE NORMAL PERIOD 1981 TO 2010
CLIMATE RECORD PERIOD 1948 TO 2015


WEATHER ITEM   OBSERVED TIME   RECORD YEAR NORMAL DEPARTURE LAST
                VALUE   (LST)  VALUE       VALUE  FROM      YEAR
                                                  NORMAL
..................................................................
TEMPERATURE (F)
 YESTERDAY
  MAXIMUM         62    459 PM  79    1994  59      3       56
  MINIMUM         50   1138 PM  29    1962  40     10       47
  AVERAGE         56                        49      7       52

PRECIPITATION (IN)
  YESTERDAY        T                         0.14  -0.14     0.81
  MONTH TO DATE    3.83                      4.21  -0.38     4.84
  SINCE OCT 1     24.67                     33.88  -9.21    18.49
  SINCE JAN 1      9.71                     15.48  -5.77    10.90

DEGREE DAYS
 HEATING
  YESTERDAY        9                        16     -7       13
  MONTH TO DATE  346                       499   -153      427

 COOLING
  YESTERDAY        0                         0      0        0
  MONTH TO DATE    0                         0      0        0
..................................................................


WIND (MPH)
  HIGHEST WIND SPEED    18   HIGHEST WIND DIRECTION    SW (220)
  HIGHEST GUST SPEED    24   HIGHEST GUST DIRECTION     W (250)
  AVERAGE WIND SPEED     7.4


SKY COVER
  POSSIBLE SUNSHINE  MM
  AVERAGE SKY COVER 0.6


WEATHER CONDITIONS
 THE FOLLOWING WEATHER WAS RECORDED YESTERDAY.
  NO SIGNIFICANT WEATHER WAS OBSERVED.


RELATIVE HUMIDITY (PERCENT)
 HIGHEST    83           100 AM
 LOWEST     42           500 PM
 AVERAGE    63

..........................................................


THE TROUTDALE OR CLIMATE NORMALS FOR TODAY
                         NORMAL    RECORD    YEAR
 MAXIMUM TEMPERATURE (F)   59        76      1994
 MINIMUM TEMPERATURE (F)   40        31      2008


SUNRISE AND SUNSET
MARCH 29 2015.........SUNRISE   656 AM PDT   SUNSET   734 PM PDT
MARCH 30 2015.........SUNRISE   654 AM PDT   SUNSET   735 PM PDT


-  INDICATES NEGATIVE NUMBERS.
R  INDICATES RECORD WAS SET OR TIED.
MM INDICATES DATA IS MISSING.
T  INDICATES TRACE AMOUNT.




$$
