000
CDUS41 KPHI 230547
CLITTN


CLIMATE REPORT
NATIONAL WEATHER SERVICE MOUNT HOLLY NJ
1247 AM EST THU NOV 23 2017


...................................

...THE TRENTON NJ CLIMATE SUMMARY FOR NOVEMBER 22 2017...

CLIMATE NORMAL PERIOD 1981 TO 2010
CLIMATE RECORD PERIOD 1865 TO 2017


WEATHER ITEM   OBSERVED TIME   RECORD YEAR NORMAL DEPARTURE LAST
                VALUE   (LST)  VALUE       VALUE  FROM      YEAR
                                                  NORMAL
..................................................................
TEMPERATURE (F)
 YESTERDAY
  MAXIMUM         56   1235 PM  72    1931  52      4       44
  MINIMUM         32   1158 PM  15    1880  36     -4       34
  AVERAGE         44                        44      0       39

PRECIPITATION (IN)
  YESTERDAY        0.06          1.73 2011   0.11  -0.05     0.00
  MONTH TO DATE    1.52                      2.31  -0.79     0.66
  SINCE SEP 1      8.60                     10.76  -2.16     5.13
  SINCE JAN 1     39.77                     41.74  -1.97    29.93

DEGREE DAYS
 HEATING
  YESTERDAY       21                        21      0       26
  MONTH TO DATE  418                       396     22      360
  SINCE SEP 1    611                       790   -179      654
  SINCE JUL 1    612                       793   -181      654

 COOLING
  YESTERDAY        0                         0      0        0
  MONTH TO DATE    2                         0      2        0
  SINCE SEP 1    231                       109    122      230
  SINCE JAN 1   1151                       965    186     1381
..................................................................


WIND (MPH)
  HIGHEST WIND SPEED    25   HIGHEST WIND DIRECTION     N (340)
  HIGHEST GUST SPEED    32   HIGHEST GUST DIRECTION     N (340)
  AVERAGE WIND SPEED     7.9


SKY COVER
  POSSIBLE SUNSHINE  MM
  AVERAGE SKY COVER 0.6


WEATHER CONDITIONS
 THE FOLLOWING WEATHER WAS RECORDED YESTERDAY.
  RAIN
  LIGHT RAIN
  FOG


RELATIVE HUMIDITY (PERCENT)
 HIGHEST    93           800 AM
 LOWEST     49           600 PM
 AVERAGE    71

..........................................................


THE TRENTON NJ CLIMATE NORMALS FOR TODAY
                         NORMAL    RECORD    YEAR
 MAXIMUM TEMPERATURE (F)   52        72      1931
 MINIMUM TEMPERATURE (F)   35        16      1880


SUNRISE AND SUNSET
NOVEMBER 23 2017......SUNRISE   654 AM EST   SUNSET   437 PM EST
NOVEMBER 24 2017......SUNRISE   655 AM EST   SUNSET   436 PM EST


-  INDICATES NEGATIVE NUMBERS.
R  INDICATES RECORD WAS SET OR TIED.
MM INDICATES DATA IS MISSING.
T  INDICATES TRACE AMOUNT.




$$
