000
CDUS41 KPHI 232127
CLITTN


CLIMATE REPORT
NATIONAL WEATHER SERVICE MOUNT HOLLY NJ
526 PM EDT TUE MAY 23 2017


...................................

...THE TRENTON NJ CLIMATE SUMMARY FOR MAY 23 2017...
VALID TODAY AS OF 0500 PM LOCAL TIME.

CLIMATE NORMAL PERIOD 1981 TO 2010
CLIMATE RECORD PERIOD 1865 TO 2017


WEATHER ITEM   OBSERVED TIME   RECORD YEAR NORMAL DEPARTURE LAST
                VALUE   (LST)  VALUE       VALUE  FROM      YEAR
                                                  NORMAL
..................................................................
TEMPERATURE (F)
 TODAY
  MAXIMUM         66    341 PM  99    1911  74     -8       78
  MINIMUM         54    433 AM  41    2006  53      1       49
                                      2002
  AVERAGE         60                        63     -3       64

PRECIPITATION (IN)
  TODAY            0.00          2.07 1979   0.19  -0.19     0.06
  MONTH TO DATE    3.72                      2.91   0.81     2.85
  SINCE MAR 1     11.49                     10.59   0.90     6.14
  SINCE JAN 1     16.23                     16.06   0.17    13.34

DEGREE DAYS
 HEATING
  TODAY            5                         4      1        1
  MONTH TO DATE  158                       144     14      187
  SINCE MAR 1   1207                      1298    -91     1111
  SINCE JUL 1   4426                      5112   -686     4205

 COOLING
  TODAY            0                         2     -2        0
  MONTH TO DATE   47                        29     18        0
  SINCE MAR 1     78                        37     41       12
  SINCE JAN 1     78                        37     41       12
..................................................................


WIND (MPH)
  HIGHEST WIND SPEED     9   HIGHEST WIND DIRECTION     N (340)
  HIGHEST GUST SPEED    13   HIGHEST GUST DIRECTION     N (340)
  AVERAGE WIND SPEED     3.1


SKY COVER
  POSSIBLE SUNSHINE  MM
  AVERAGE SKY COVER 0.4


WEATHER CONDITIONS
 THE FOLLOWING WEATHER WAS RECORDED TODAY.
  FOG


RELATIVE HUMIDITY (PERCENT)
 HIGHEST   100          1200 AM
 LOWEST     63          1200 PM
 AVERAGE    82

..........................................................


THE TRENTON NJ CLIMATE NORMALS FOR TOMORROW
                         NORMAL    RECORD    YEAR
 MAXIMUM TEMPERATURE (F)   74        94      1910
 MINIMUM TEMPERATURE (F)   53        38      1963


SUNRISE AND SUNSET
MAY 23 2017...........SUNRISE   537 AM EDT   SUNSET   816 PM EDT
MAY 24 2017...........SUNRISE   536 AM EDT   SUNSET   817 PM EDT


-  INDICATES NEGATIVE NUMBERS.
R  INDICATES RECORD WAS SET OR TIED.
MM INDICATES DATA IS MISSING.
T  INDICATES TRACE AMOUNT.




$$
