000
CDUS41 KPHI 010629
CLITTN


CLIMATE REPORT
NATIONAL WEATHER SERVICE MOUNT HOLLY NJ
229 AM EDT SUN MAY 1 2016


...................................

...THE TRENTON NJ CLIMATE SUMMARY FOR APRIL 30 2016...

CLIMATE NORMAL PERIOD 1981 TO 2010
CLIMATE RECORD PERIOD 1865 TO 2016


WEATHER ITEM   OBSERVED TIME   RECORD YEAR NORMAL DEPARTURE LAST
                VALUE   (LST)  VALUE       VALUE  FROM      YEAR
                                                  NORMAL
..................................................................
TEMPERATURE (F)
 YESTERDAY
  MAXIMUM         61    201 PM  90    1942  67     -6       65
  MINIMUM         46    608 AM  34    1931  46      0       46
                                      1874
  AVERAGE         54                        56     -2       56

PRECIPITATION (IN)
  YESTERDAY        T             4.03 2014   0.09  -0.09     0.00
  MONTH TO DATE    1.67                      3.54  -1.87     2.50
  SINCE MAR 1      3.29                      7.68  -4.39     6.84
  SINCE JAN 1     10.49                     13.15  -2.66    13.43

SNOWFALL (IN)
  YESTERDAY       MM            MM      MM  MM     MM       MM
  MONTH TO DATE   MM                        MM     MM       MM
  SINCE MAR 1     MM                        MM     MM       MM
  SINCE JUL 1     MM                        MM     MM       MM
  SNOW DEPTH      MM

DEGREE DAYS
 HEATING
  YESTERDAY       11                        10      1        9
  MONTH TO DATE  403                       420    -17      345
  SINCE MAR 1    924                      1154   -230     1223
  SINCE JUL 1   4018                      4968   -950     5306

 COOLING
  YESTERDAY        0                         1     -1        0
  MONTH TO DATE    9                         8      1        0
  SINCE MAR 1     12                         8      4        0
  SINCE JAN 1     12                         8      4        0
..................................................................


WIND (MPH)
  HIGHEST WIND SPEED    12   HIGHEST WIND DIRECTION    SE (130)
  HIGHEST GUST SPEED    14   HIGHEST GUST DIRECTION    SE (150)
  AVERAGE WIND SPEED     4.6


SKY COVER
  POSSIBLE SUNSHINE  MM
  AVERAGE SKY COVER 0.8


WEATHER CONDITIONS
 THE FOLLOWING WEATHER WAS RECORDED YESTERDAY.
  LIGHT RAIN


RELATIVE HUMIDITY (PERCENT)
 HIGHEST    82           700 AM
 LOWEST     51           600 PM
 AVERAGE    67

..........................................................


THE TRENTON NJ CLIMATE NORMALS FOR TODAY
                         NORMAL    RECORD    YEAR
 MAXIMUM TEMPERATURE (F)   67        91      2010
 MINIMUM TEMPERATURE (F)   46        35      2000
                                             1963


SUNRISE AND SUNSET
MAY  1 2016...........SUNRISE   558 AM EDT   SUNSET   755 PM EDT
MAY  2 2016...........SUNRISE   557 AM EDT   SUNSET   756 PM EDT


-  INDICATES NEGATIVE NUMBERS.
R  INDICATES RECORD WAS SET OR TIED.
MM INDICATES DATA IS MISSING.
T  INDICATES TRACE AMOUNT.




$$
