000
CDUS41 KPHI 240630
CLITTN


CLIMATE REPORT
NATIONAL WEATHER SERVICE MOUNT HOLLY NJ
228 AM EDT FRI MAR 24 2017


...................................

...THE TRENTON NJ CLIMATE SUMMARY FOR MARCH 23 2017...

CLIMATE NORMAL PERIOD 1981 TO 2010
CLIMATE RECORD PERIOD 1865 TO 2017


WEATHER ITEM   OBSERVED TIME   RECORD YEAR NORMAL DEPARTURE LAST
                VALUE   (LST)  VALUE       VALUE  FROM      YEAR
                                                  NORMAL
..................................................................
TEMPERATURE (F)
 YESTERDAY
  MAXIMUM         44    458 PM  81    2012  53     -9       71
  MINIMUM         20    617 AM  13    1934  34    -14       42
  AVERAGE         32                        44    -12       57

PRECIPITATION (IN)
  YESTERDAY        0.00          1.62 1961   0.12  -0.12     0.00
  MONTH TO DATE    1.42                      3.02  -1.60     1.19
  SINCE MAR 1      1.42                      3.02  -1.60     1.19
  SINCE JAN 1      6.16                      8.49  -2.33     8.39

DEGREE DAYS
 HEATING
  YESTERDAY       33                        22     11        8
  MONTH TO DATE  636                       571     65      404
  SINCE MAR 1    636                       571     65      404
  SINCE JUL 1   3855                      4385   -530     3498

 COOLING
  YESTERDAY        0                         0      0        0
  MONTH TO DATE    0                         0      0        3
  SINCE MAR 1      0                         0      0        3
  SINCE JAN 1      0                         0      0        3
..................................................................


WIND (MPH)
  HIGHEST WIND SPEED    14   HIGHEST WIND DIRECTION     N (360)
  HIGHEST GUST SPEED    20   HIGHEST GUST DIRECTION    NW (330)
  AVERAGE WIND SPEED     5.6


SKY COVER
  POSSIBLE SUNSHINE  MM
  AVERAGE SKY COVER 0.0


WEATHER CONDITIONS
 THE FOLLOWING WEATHER WAS RECORDED YESTERDAY.
  NO SIGNIFICANT WEATHER WAS OBSERVED.


RELATIVE HUMIDITY (PERCENT)
 HIGHEST    54           700 AM
 LOWEST     20           600 PM
 AVERAGE    37

..........................................................


THE TRENTON NJ CLIMATE NORMALS FOR TODAY
                         NORMAL    RECORD    YEAR
 MAXIMUM TEMPERATURE (F)   54        76      1988
 MINIMUM TEMPERATURE (F)   34        12      1906


SUNRISE AND SUNSET
MARCH 24 2017.........SUNRISE   656 AM EDT   SUNSET   716 PM EDT
MARCH 25 2017.........SUNRISE   654 AM EDT   SUNSET   717 PM EDT


-  INDICATES NEGATIVE NUMBERS.
R  INDICATES RECORD WAS SET OR TIED.
MM INDICATES DATA IS MISSING.
T  INDICATES TRACE AMOUNT.




$$
