000
CDUS41 KPHI 270641
CLITTN


CLIMATE REPORT
NATIONAL WEATHER SERVICE MOUNT HOLLY NJ
140 AM EST TUE JAN 27 2015


...................................

...THE TRENTON NJ CLIMATE SUMMARY FOR JANUARY 26 2015...

CLIMATE NORMAL PERIOD 1981 TO 2010
CLIMATE RECORD PERIOD 1865 TO 2015


WEATHER ITEM   OBSERVED TIME   RECORD YEAR NORMAL DEPARTURE LAST
                VALUE   (LST)  VALUE       VALUE  FROM      YEAR
                                                  NORMAL
..................................................................
TEMPERATURE (F)
 YESTERDAY
  MAXIMUM         30   1201 AM  72    1950  39     -9       25
  MINIMUM         23    500 PM   1    1905  24     -1       14
  AVERAGE         27                        31     -4       20

PRECIPITATION (IN)
  YESTERDAY        T             1.50 1986   0.11  -0.11      T
  MONTH TO DATE    4.34                      2.67   1.67     3.24
  SINCE DEC 1      8.48                      6.37   2.11     7.68
  SINCE JAN 1      4.34                      2.67   1.67     3.24

SNOWFALL (IN)
  YESTERDAY       MM            MM      MM  MM     MM       MM
  MONTH TO DATE   MM                        MM     MM       MM
  SINCE DEC 1     MM                        MM     MM       MM
  SINCE JUL 1     MM                        MM     MM       MM
  SNOW DEPTH      MM

DEGREE DAYS
 HEATING
  YESTERDAY       38                        34      4       45
  MONTH TO DATE  931                       883     48      984
  SINCE DEC 1   1729                      1802    -73     1884
  SINCE JUL 1   2699                      2778    -79     2871

 COOLING
  YESTERDAY        0                         0      0        0
  MONTH TO DATE    0                         0      0        0
  SINCE DEC 1      0                         0      0        0
  SINCE JAN 1      0                         0      0        0
..................................................................


WIND (MPH)
  HIGHEST WIND SPEED    23   HIGHEST WIND DIRECTION    NE (60)
  HIGHEST GUST SPEED    31   HIGHEST GUST DIRECTION    NE (50)
  AVERAGE WIND SPEED    14.3


SKY COVER
  POSSIBLE SUNSHINE  MM
  AVERAGE SKY COVER 1.0


WEATHER CONDITIONS
 THE FOLLOWING WEATHER WAS RECORDED YESTERDAY.
  LIGHT SNOW
  FOG
  HAZE


RELATIVE HUMIDITY (PERCENT)
 HIGHEST    81           500 AM
 LOWEST     68           700 AM
 AVERAGE    75

..........................................................


THE TRENTON NJ CLIMATE NORMALS FOR TODAY
                         NORMAL    RECORD    YEAR
 MAXIMUM TEMPERATURE (F)   39        68      1974
                                             1916
 MINIMUM TEMPERATURE (F)   24         1      1994


SUNRISE AND SUNSET
JANUARY 27 2015.......SUNRISE   713 AM EST   SUNSET   511 PM EST
JANUARY 28 2015.......SUNRISE   712 AM EST   SUNSET   513 PM EST


-  INDICATES NEGATIVE NUMBERS.
R  INDICATES RECORD WAS SET OR TIED.
MM INDICATES DATA IS MISSING.
T  INDICATES TRACE AMOUNT.




$$
