000
CDUS41 KPHI 210546
CLITTN


CLIMATE REPORT
NATIONAL WEATHER SERVICE MOUNT HOLLY NJ
144 AM EDT THU SEP 21 2017


...................................

...THE TRENTON NJ CLIMATE SUMMARY FOR SEPTEMBER 20 2017...

CLIMATE NORMAL PERIOD 1981 TO 2010
CLIMATE RECORD PERIOD 1865 TO 2017


WEATHER ITEM   OBSERVED TIME   RECORD YEAR NORMAL DEPARTURE LAST
                VALUE   (LST)  VALUE       VALUE  FROM      YEAR
                                                  NORMAL
..................................................................
TEMPERATURE (F)
 YESTERDAY
  MAXIMUM         83    415 PM  94    1895  75      8       82
  MINIMUM         69   1159 PM  37    1993  55     14       67
  AVERAGE         76                        65     11       75

PRECIPITATION (IN)
  YESTERDAY        0.00          2.60 1989   0.16  -0.16     0.00
  MONTH TO DATE    1.86                      2.69  -0.83     1.73
  SINCE SEP 1      1.86                      2.69  -0.83     1.73
  SINCE JAN 1     33.03                     33.67  -0.64    26.53

DEGREE DAYS
 HEATING
  YESTERDAY        0                         3     -3        0
  MONTH TO DATE   20                        19      1        0
  SINCE SEP 1     20                        19      1        0
  SINCE JUL 1     21                        22     -1        0

 COOLING
  YESTERDAY       11                         2      9       10
  MONTH TO DATE   83                        85     -2      178
  SINCE SEP 1     83                        85     -2      178
  SINCE JAN 1   1003                       941     62     1329
..................................................................


WIND (MPH)
  HIGHEST WIND SPEED    16   HIGHEST WIND DIRECTION     N (360)
  HIGHEST GUST SPEED    24   HIGHEST GUST DIRECTION    NE (30)
  AVERAGE WIND SPEED     8.6


SKY COVER
  POSSIBLE SUNSHINE  MM
  AVERAGE SKY COVER 0.2


WEATHER CONDITIONS
 THE FOLLOWING WEATHER WAS RECORDED YESTERDAY.
  NO SIGNIFICANT WEATHER WAS OBSERVED.


RELATIVE HUMIDITY (PERCENT)
 HIGHEST    90          1100 PM
 LOWEST     58           300 PM
 AVERAGE    74

..........................................................


THE TRENTON NJ CLIMATE NORMALS FOR TODAY
                         NORMAL    RECORD    YEAR
 MAXIMUM TEMPERATURE (F)   74        96      1895
 MINIMUM TEMPERATURE (F)   54        40      1962
                                             1956


SUNRISE AND SUNSET
SEPTEMBER 21 2017.....SUNRISE   646 AM EDT   SUNSET   658 PM EDT
SEPTEMBER 22 2017.....SUNRISE   647 AM EDT   SUNSET   656 PM EDT


-  INDICATES NEGATIVE NUMBERS.
R  INDICATES RECORD WAS SET OR TIED.
MM INDICATES DATA IS MISSING.
T  INDICATES TRACE AMOUNT.




$$
