000
CDUS44 KTSA 300650
CLITUL

CLIMATE REPORT
NATIONAL WEATHER SERVICE TULSA OK
147 AM CDT SUN AUG 30 2015


...................................

...THE TULSA OKLAHOMA CLIMATE SUMMARY FOR AUGUST 29 2015...

CLIMATE NORMAL PERIOD 1981 TO 2010
CLIMATE RECORD PERIOD 1882 TO 2015


WEATHER ITEM   OBSERVED TIME   RECORD YEAR NORMAL DEPARTURE LAST
                VALUE   (LST)  VALUE       VALUE  FROM      YEAR
                                                  NORMAL
..................................................................
TEMPERATURE (F)
 YESTERDAY
  MAXIMUM         87    224 PM 107    1984  91     -4       92
  MINIMUM         69    448 AM  51    1931  69      0       73
  AVERAGE         78                        80     -2       83

PRECIPITATION (IN)
  YESTERDAY        0.00          2.36 1955   0.10  -0.10      T
  MONTH TO DATE    5.16                      2.67   2.49     0.97
  SINCE JUN 1     16.65                     10.75   5.90    10.06
  SINCE JAN 1     41.55                     27.25  14.30    18.51

DEGREE DAYS
 COOLING
  YESTERDAY       13                        15     -2       18
  MONTH TO DATE  422                       504    -82      519
  SINCE JUN 1   1505                      1438     67     1340
  SINCE JAN 1   1710                      1672     38     1611
..................................................................


WIND (MPH)
  HIGHEST WIND SPEED    13   HIGHEST WIND DIRECTION     N (350)
  HIGHEST GUST SPEED    16   HIGHEST GUST DIRECTION     N (350)
  AVERAGE WIND SPEED     6.9


SKY COVER
  POSSIBLE SUNSHINE  MM
  AVERAGE SKY COVER 0.5


WEATHER CONDITIONS
 THE FOLLOWING WEATHER WAS RECORDED YESTERDAY.
  NO SIGNIFICANT WEATHER WAS OBSERVED.


RELATIVE HUMIDITY (PERCENT)
 HIGHEST    82          1100 PM
 LOWEST     61           200 PM
 AVERAGE    72

..........................................................


THE TULSA OKLAHOMA CLIMATE NORMALS FOR TODAY
                         NORMAL    RECORD    YEAR
 MAXIMUM TEMPERATURE (F)   91       107      1947
 MINIMUM TEMPERATURE (F)   69        50      1915


SUNRISE AND SUNSET
AUGUST 30 2015........SUNRISE   653 AM CDT   SUNSET   754 PM CDT
AUGUST 31 2015........SUNRISE   654 AM CDT   SUNSET   753 PM CDT


-  INDICATES NEGATIVE NUMBERS.
R  INDICATES RECORD WAS SET OR TIED.
MM INDICATES DATA IS MISSING.
T  INDICATES TRACE AMOUNT.




$$

&&
...........................................................

THE TULSA PRECIPITATION NORMALS FOR TODAY
                       NORMAL    RECORD      YEAR
  TODAY                 0.11      3.43       2003
  MONTH TO DATE         2.78
  YEAR TO DATE         27.36
...........................................................
ALL DATA MEASURED AT THE TULSA INTERNATIONAL AIRPORT...
EXCEPT SNOWFALL...WHICH IS MEASURED AT THE NWS OFFICE.
