000
CDUS44 KTSA 032146
CLITUL

CLIMATE REPORT
NATIONAL WEATHER SERVICE TULSA OK
418 PM CDT MON AUG 3 2015


...................................

...THE TULSA OKLAHOMA CLIMATE SUMMARY FOR AUGUST 3 2015...
VALID TODAY AS OF 0400 PM LOCAL TIME.

CLIMATE NORMAL PERIOD 1981 TO 2010
CLIMATE RECORD PERIOD 1882 TO 2015


WEATHER ITEM   OBSERVED TIME   RECORD YEAR NORMAL DEPARTURE LAST
                VALUE   (LST)  VALUE       VALUE  FROM      YEAR
                                                  NORMAL
..................................................................
TEMPERATURE (F)
 TODAY
  MAXIMUM         94    209 PM 113    2011  94      0       91
  MINIMUM         73    545 AM  57    1976  73      0       68
  AVERAGE         84                        84      0       80

PRECIPITATION (IN)
  TODAY            0.00          1.82 1911   0.09  -0.09     0.00
  MONTH TO DATE    0.00                      0.27  -0.27     0.00
  SINCE JUN 1     11.49                      8.35   3.14     9.09
  SINCE JAN 1     36.39                     24.85  11.54    17.54

DEGREE DAYS
 COOLING
  TODAY           19                        19      0       15
  MONTH TO DATE   55                        57     -2       38
  SINCE JUN 1   1138                       991    147      859
  SINCE JAN 1   1343                      1225    118     1130
..................................................................


WIND (MPH)
  HIGHEST WIND SPEED    13   HIGHEST WIND DIRECTION     S (190)
  HIGHEST GUST SPEED    16   HIGHEST GUST DIRECTION     W (280)
  AVERAGE WIND SPEED     6.0


SKY COVER
  POSSIBLE SUNSHINE  MM
  AVERAGE SKY COVER 0.7


WEATHER CONDITIONS
 THE FOLLOWING WEATHER WAS RECORDED TODAY.
  NO SIGNIFICANT WEATHER WAS OBSERVED.


RELATIVE HUMIDITY (PERCENT)
 HIGHEST    82           300 AM
 LOWEST     38          1200 PM
 AVERAGE    60

..........................................................


THE TULSA OKLAHOMA CLIMATE NORMALS FOR TOMORROW
                         NORMAL    RECORD    YEAR
 MAXIMUM TEMPERATURE (F)   94       111      1923
 MINIMUM TEMPERATURE (F)   73        52      1920


SUNRISE AND SUNSET
AUGUST  3 2015........SUNRISE   632 AM CDT   SUNSET   827 PM CDT
AUGUST  4 2015........SUNRISE   633 AM CDT   SUNSET   826 PM CDT


-  INDICATES NEGATIVE NUMBERS.
R  INDICATES RECORD WAS SET OR TIED.
MM INDICATES DATA IS MISSING.
T  INDICATES TRACE AMOUNT.




$$

&&
...........................................................

TULSA RECORD LOW MAX AND HIGH MIN TEMPERATURES FOR TOMORROW
                      RECORD        YEAR
  LOW MAXIMUM           72          1978
  HIGH MINIMUM          84          1980
...........................................................
ALL DATA MEASURED AT THE TULSA INTERNATIONAL AIRPORT...
EXCEPT SNOWFALL...WHICH IS MEASURED AT THE NWS OFFICE.
