000
CDUS44 KTSA 260651
CLITUL

CLIMATE REPORT
NATIONAL WEATHER SERVICE TULSA OK
147 AM CDT TUE MAY 26 2015


...................................

...THE TULSA OKLAHOMA CLIMATE SUMMARY FOR MAY 25 2015...

CLIMATE NORMAL PERIOD 1981 TO 2010
CLIMATE RECORD PERIOD 1882 TO 2015


WEATHER ITEM   OBSERVED TIME   RECORD YEAR NORMAL DEPARTURE LAST
                VALUE   (LST)  VALUE       VALUE  FROM      YEAR
                                                  NORMAL
..................................................................
TEMPERATURE (F)
 YESTERDAY
  MAXIMUM         82    218 PM  97    2006  82      0       87
  MINIMUM         61   1147 PM  45    1925  62     -1       67
  AVERAGE         72                        72      0       77

PRECIPITATION (IN)
  YESTERDAY        0.10          1.80 1974   0.19  -0.09     1.41
  MONTH TO DATE   11.95                      4.78   7.17     2.10
  SINCE MAR 1     19.76                     11.86   7.90     6.59
  SINCE JAN 1     22.08                     15.37   6.71     7.04

DEGREE DAYS
 COOLING
  YESTERDAY        7                         7      0       12
  MONTH TO DATE  101                       121    -20      181
  SINCE MAR 1    175                       185    -10      215
  SINCE JAN 1    175                       186    -11      215
..................................................................


WIND (MPH)
  HIGHEST WIND SPEED    21   HIGHEST WIND DIRECTION     S (170)
  HIGHEST GUST SPEED    27   HIGHEST GUST DIRECTION     S (170)
  AVERAGE WIND SPEED    10.4


SKY COVER
  POSSIBLE SUNSHINE  MM
  AVERAGE SKY COVER 1.0


WEATHER CONDITIONS
 THE FOLLOWING WEATHER WAS RECORDED YESTERDAY.
  THUNDERSTORM
  LIGHT RAIN
  FOG


RELATIVE HUMIDITY (PERCENT)
 HIGHEST   100          1200 AM
 LOWEST     58           100 PM
 AVERAGE    79

..........................................................


THE TULSA OKLAHOMA CLIMATE NORMALS FOR TODAY
                         NORMAL    RECORD    YEAR
 MAXIMUM TEMPERATURE (F)   82        94      1926
                                             1920
 MINIMUM TEMPERATURE (F)   62        44      1925


SUNRISE AND SUNSET
MAY 26 2015...........SUNRISE   610 AM CDT   SUNSET   831 PM CDT
MAY 27 2015...........SUNRISE   610 AM CDT   SUNSET   832 PM CDT


-  INDICATES NEGATIVE NUMBERS.
R  INDICATES RECORD WAS SET OR TIED.
MM INDICATES DATA IS MISSING.
T  INDICATES TRACE AMOUNT.




$$

&&
...........................................................

THE TULSA PRECIPITATION NORMALS FOR TODAY
                       NORMAL    RECORD      YEAR
  TODAY                 0.19      2.40       1984
  MONTH TO DATE         4.97
  YEAR TO DATE         15.56
...........................................................
ALL DATA MEASURED AT THE TULSA INTERNATIONAL AIRPORT...
EXCEPT SNOWFALL...WHICH IS MEASURED AT THE NWS OFFICE.
