000
CDUS44 KTSA 220648
CLITUL

CLIMATE REPORT
NATIONAL WEATHER SERVICE TULSA OK
1247 AM CST MON DEC 22 2014


...................................

...THE TULSA OKLAHOMA CLIMATE SUMMARY FOR DECEMBER 21 2014...

CLIMATE NORMAL PERIOD 1981 TO 2010
CLIMATE RECORD PERIOD 1882 TO 2014


WEATHER ITEM   OBSERVED TIME   RECORD YEAR NORMAL DEPARTURE LAST
                VALUE   (LST)  VALUE       VALUE  FROM      YEAR
                                                  NORMAL
..................................................................
TEMPERATURE (F)
 YESTERDAY
  MAXIMUM         49    558 PM  70    1979  48      1       32
  MINIMUM         42    303 AM   0    1989  28     14       29
                                      1983
  AVERAGE         46                        38      8       31

PRECIPITATION (IN)
  YESTERDAY        T             1.03 1997   0.09  -0.09     0.86
  MONTH TO DATE    1.79                      1.78   0.01     1.78
  SINCE DEC 1      1.79                      1.78   0.01     1.78
  SINCE JAN 1     29.42                     40.26 -10.84    33.09

SNOWFALL (IN)
  YESTERDAY        0.0                                        T
  MONTH TO DATE    T                                         5.0
  SINCE DEC 1      T                                         5.0
  SINCE JUL 1      0.4                                       5.0

DEGREE DAYS
 HEATING
  YESTERDAY       19                        27     -8       34
  MONTH TO DATE  425                       520    -95      599
  SINCE DEC 1    425                       520    -95      599
  SINCE JUL 1   1126                      1156    -30     1300
..................................................................


WIND (MPH)
  HIGHEST WIND SPEED    24   HIGHEST WIND DIRECTION     S (160)
  HIGHEST GUST SPEED    30   HIGHEST GUST DIRECTION     S (170)
  AVERAGE WIND SPEED    12.1


SKY COVER
  POSSIBLE SUNSHINE  MM
  AVERAGE SKY COVER 1.0


WEATHER CONDITIONS
 THE FOLLOWING WEATHER WAS RECORDED YESTERDAY.
  LIGHT RAIN
  FOG


RELATIVE HUMIDITY (PERCENT)
 HIGHEST   100           600 AM
 LOWEST     77           500 PM
 AVERAGE    89

..........................................................


THE TULSA OKLAHOMA CLIMATE NORMALS FOR TODAY
                         NORMAL    RECORD    YEAR
 MAXIMUM TEMPERATURE (F)   48        71      1982
                                             1933
 MINIMUM TEMPERATURE (F)   28        -6      1989


SUNRISE AND SUNSET
DECEMBER 22 2014......SUNRISE   731 AM CST   SUNSET   513 PM CST
DECEMBER 23 2014......SUNRISE   732 AM CST   SUNSET   514 PM CST


-  INDICATES NEGATIVE NUMBERS.
R  INDICATES RECORD WAS SET OR TIED.
MM INDICATES DATA IS MISSING.
T  INDICATES TRACE AMOUNT.




$$

&&
...........................................................

THE TULSA PRECIPITATION NORMALS FOR TODAY
                       NORMAL    RECORD      YEAR
  TODAY                 0.08      1.51       1966
  MONTH TO DATE         1.86
  YEAR TO DATE         40.34
...........................................................
ALL DATA MEASURED AT THE TULSA INTERNATIONAL AIRPORT...
EXCEPT SNOWFALL...WHICH IS MEASURED AT THE NWS OFFICE.
