000
CDUS44 KTSA 210656
CLITUL

CLIMATE REPORT
NATIONAL WEATHER SERVICE TULSA OK
147 AM CDT SAT OCT 21 2017


...................................

...THE TULSA OKLAHOMA CLIMATE SUMMARY FOR OCTOBER 20 2017...

CLIMATE NORMAL PERIOD 1981 TO 2010
CLIMATE RECORD PERIOD 1882 TO 2017


WEATHER ITEM   OBSERVED TIME   RECORD YEAR NORMAL DEPARTURE LAST
                VALUE   (LST)  VALUE       VALUE  FROM      YEAR
                                                  NORMAL
..................................................................
TEMPERATURE (F)
 YESTERDAY
  MAXIMUM         79    329 PM  91    1979  72      7       71
  MINIMUM         58    656 AM  30    2011  49      9       48
                                      1976
                                      1925
  AVERAGE         69                        61      8       60

PRECIPITATION (IN)
  YESTERDAY        0.00          4.96 1971   0.14  -0.14     0.00
  MONTH TO DATE    5.51                      2.53   2.98     2.47
  SINCE SEP 1      7.31                      6.79   0.52     4.78
  SINCE JAN 1     42.31                     34.27   8.04    25.48

SNOWFALL (IN)
  YESTERDAY        0.0                                       0.0
  MONTH TO DATE    0.0                                       0.0
  SINCE SEP 1      0.0                                       0.0
  SINCE JUL 1      0.0                                       0.0

DEGREE DAYS
 HEATING
  YESTERDAY        0                         6     -6        5
  MONTH TO DATE   36                        81    -45       34
  SINCE SEP 1     36                       105    -69       36
  SINCE JUL 1     36                       105    -69       36

 COOLING
  YESTERDAY        4                         1      3        0
  MONTH TO DATE  105                        51     54      123
  SINCE SEP 1    414                       315     99      493
  SINCE JAN 1   2115                      2016     99     2433
..................................................................


WIND (MPH)
  HIGHEST WIND SPEED    29   HIGHEST WIND DIRECTION     S (180)
  HIGHEST GUST SPEED    39   HIGHEST GUST DIRECTION    SE (150)
  AVERAGE WIND SPEED    15.1


SKY COVER
  POSSIBLE SUNSHINE  MM
  AVERAGE SKY COVER 0.7


WEATHER CONDITIONS
 THE FOLLOWING WEATHER WAS RECORDED YESTERDAY.
  NO SIGNIFICANT WEATHER WAS OBSERVED.


RELATIVE HUMIDITY (PERCENT)
 HIGHEST    86           700 AM
 LOWEST     50           500 PM
 AVERAGE    68

..........................................................


THE TULSA OKLAHOMA CLIMATE NORMALS FOR TODAY
                         NORMAL    RECORD    YEAR
 MAXIMUM TEMPERATURE (F)   72        92      1978
 MINIMUM TEMPERATURE (F)   49        30      1917
                                             1916


SUNRISE AND SUNSET
OCTOBER 21 2017.......SUNRISE   736 AM CDT   SUNSET   640 PM CDT
OCTOBER 22 2017.......SUNRISE   737 AM CDT   SUNSET   638 PM CDT


-  INDICATES NEGATIVE NUMBERS.
R  INDICATES RECORD WAS SET OR TIED.
MM INDICATES DATA IS MISSING.
T  INDICATES TRACE AMOUNT.




$$

&&
...........................................................

THE TULSA PRECIPITATION NORMALS FOR TODAY
                       NORMAL    RECORD      YEAR
  TODAY                 0.13      2.98       1972
  MONTH TO DATE         2.66
  YEAR TO DATE         34.40
...........................................................
ALL DATA MEASURED AT THE TULSA INTERNATIONAL AIRPORT...
EXCEPT SNOWFALL...WHICH IS MEASURED AT THE NWS OFFICE.
