000
CDUS44 KTSA 292135
CLITUL

CLIMATE REPORT
NATIONAL WEATHER SERVICE TULSA OK
418 PM CDT THU SEP 29 2016


...................................

...THE TULSA OKLAHOMA CLIMATE SUMMARY FOR SEPTEMBER 29 2016...
VALID TODAY AS OF 0400 PM LOCAL TIME.

CLIMATE NORMAL PERIOD 1981 TO 2010
CLIMATE RECORD PERIOD 1882 TO 2016


WEATHER ITEM   OBSERVED TIME   RECORD YEAR NORMAL DEPARTURE LAST
                VALUE   (LST)  VALUE       VALUE  FROM      YEAR
                                                  NORMAL
..................................................................
TEMPERATURE (F)
 TODAY
  MAXIMUM         75    259 PM  98    1953  78     -3       88
  MINIMUM         50    645 AM  37    1916  56     -6       60
  AVERAGE         63                        67     -4       74

PRECIPITATION (IN)
  TODAY            0.00          4.45 1986   0.13  -0.13     0.00
  MONTH TO DATE    2.31                      4.13  -1.82     2.93
  SINCE SEP 1      2.31                      4.13  -1.82     2.93
  SINCE JAN 1     23.01                     31.61  -8.60    44.48

DEGREE DAYS
 HEATING
  TODAY            2                         2      0        0
  MONTH TO DATE    2                        20    -18        0
  SINCE SEP 1      2                        20    -18        0
  SINCE JUL 1      2                        20    -18        0

 COOLING
  TODAY            0                         5     -5        9
  MONTH TO DATE  370                       259    111      348
  SINCE SEP 1    370                       259    111      348
  SINCE JAN 1   2310                      1960    350     2087
..................................................................


WIND (MPH)
  HIGHEST WIND SPEED    17   HIGHEST WIND DIRECTION     N (360)
  HIGHEST GUST SPEED    23   HIGHEST GUST DIRECTION     N (20)
  AVERAGE WIND SPEED     8.1


SKY COVER
  POSSIBLE SUNSHINE  MM
  AVERAGE SKY COVER 0.1


WEATHER CONDITIONS
 THE FOLLOWING WEATHER WAS RECORDED TODAY.
  NO SIGNIFICANT WEATHER WAS OBSERVED.


RELATIVE HUMIDITY (PERCENT)
 HIGHEST    93           400 AM
 LOWEST     36           300 PM
 AVERAGE    65

..........................................................


THE TULSA OKLAHOMA CLIMATE NORMALS FOR TOMORROW
                         NORMAL    RECORD    YEAR
 MAXIMUM TEMPERATURE (F)   78        99      1979
 MINIMUM TEMPERATURE (F)   56        35      1984


SUNRISE AND SUNSET
SEPTEMBER 29 2016.....SUNRISE   717 AM CDT   SUNSET   709 PM CDT
SEPTEMBER 30 2016.....SUNRISE   718 AM CDT   SUNSET   708 PM CDT


-  INDICATES NEGATIVE NUMBERS.
R  INDICATES RECORD WAS SET OR TIED.
MM INDICATES DATA IS MISSING.
T  INDICATES TRACE AMOUNT.




$$

&&
...........................................................

TULSA RECORD LOW MAX AND HIGH MIN TEMPERATURES FOR TOMORROW
                      RECORD        YEAR
  LOW MAXIMUM           59          1959
  HIGH MINIMUM          72          1977
...........................................................
ALL DATA MEASURED AT THE TULSA INTERNATIONAL AIRPORT...
EXCEPT SNOWFALL...WHICH IS MEASURED AT THE NWS OFFICE.
