000
CDUS44 KTSA 252136
CLITUL

CLIMATE REPORT
NATIONAL WEATHER SERVICE TULSA OK
418 PM CDT TUE APR 25 2017


...................................

...THE TULSA OKLAHOMA CLIMATE SUMMARY FOR APRIL 25 2017...
VALID TODAY AS OF 0400 PM LOCAL TIME.

CLIMATE NORMAL PERIOD 1981 TO 2010
CLIMATE RECORD PERIOD 1882 TO 2017


WEATHER ITEM   OBSERVED TIME   RECORD YEAR NORMAL DEPARTURE LAST
                VALUE   (LST)  VALUE       VALUE  FROM      YEAR
                                                  NORMAL
..................................................................
TEMPERATURE (F)
 TODAY
  MAXIMUM         81    251 PM  89    1939  75      6       82
                                      1936
  MINIMUM         61    101 AM  34    2013  53      8       65
  AVERAGE         71                        64      7       74

PRECIPITATION (IN)
  TODAY            0.00          2.76 1999   0.15  -0.15     0.00
  MONTH TO DATE    6.15                      3.00   3.15     4.43
  SINCE MAR 1      7.92                      6.29   1.63     7.29
  SINCE JAN 1     12.52                      9.80   2.72     8.49

SNOWFALL (IN)
  TODAY            0.0                                       0.0
  MONTH TO DATE    T                                         0.0
  SINCE MAR 1      T                                         0.0
  SINCE JUL 1      0.7                                       3.0

DEGREE DAYS
 HEATING
  TODAY            0                         4     -4        0
  MONTH TO DATE   83                       170    -87       77
  SINCE MAR 1    377                       608   -231      344
  SINCE JUL 1   2598                      3519   -921     2676

 COOLING
  TODAY            6                         2      4        9
  MONTH TO DATE   62                        39     23       31
  SINCE MAR 1    102                        50     52       40
  SINCE JAN 1    118                        51     67       46
..................................................................


WIND (MPH)
  HIGHEST WIND SPEED    28   HIGHEST WIND DIRECTION     S (170)
  HIGHEST GUST SPEED    36   HIGHEST GUST DIRECTION     S (170)
  AVERAGE WIND SPEED    17.7


SKY COVER
  POSSIBLE SUNSHINE  MM
  AVERAGE SKY COVER 0.7


WEATHER CONDITIONS
 THE FOLLOWING WEATHER WAS RECORDED TODAY.
  NO SIGNIFICANT WEATHER WAS OBSERVED.


RELATIVE HUMIDITY (PERCENT)
 HIGHEST    67           700 AM
 LOWEST     50          1200 PM
 AVERAGE    59

..........................................................


THE TULSA OKLAHOMA CLIMATE NORMALS FOR TOMORROW
                         NORMAL    RECORD    YEAR
 MAXIMUM TEMPERATURE (F)   75        91      1987
 MINIMUM TEMPERATURE (F)   53        35      1910


SUNRISE AND SUNSET
APRIL 25 2017.........SUNRISE   637 AM CDT   SUNSET   806 PM CDT
APRIL 26 2017.........SUNRISE   636 AM CDT   SUNSET   807 PM CDT


-  INDICATES NEGATIVE NUMBERS.
R  INDICATES RECORD WAS SET OR TIED.
MM INDICATES DATA IS MISSING.
T  INDICATES TRACE AMOUNT.




$$

&&
...........................................................

TULSA RECORD LOW MAX AND HIGH MIN TEMPERATURES FOR TOMORROW
                      RECORD        YEAR
  LOW MAXIMUM           48          1919
  HIGH MINIMUM          70          1975
...........................................................
ALL DATA MEASURED AT THE TULSA INTERNATIONAL AIRPORT...
EXCEPT SNOWFALL...WHICH IS MEASURED AT THE NWS OFFICE.
