000
CDUS44 KTSA 110659
CLITUL

CLIMATE REPORT
NATIONAL WEATHER SERVICE TULSA OK
1247 AM CST MON DEC 11 2017


...................................

...THE TULSA OKLAHOMA CLIMATE SUMMARY FOR DECEMBER 10 2017...

CLIMATE NORMAL PERIOD 1981 TO 2010
CLIMATE RECORD PERIOD 1882 TO 2017


WEATHER ITEM   OBSERVED TIME   RECORD YEAR NORMAL DEPARTURE LAST
                VALUE   (LST)  VALUE       VALUE  FROM      YEAR
                                                  NORMAL
..................................................................
TEMPERATURE (F)
 YESTERDAY
  MAXIMUM         65    249 PM  74    1996  50     15       47
  MINIMUM         29    149 AM   3    1919  30     -1       35
                                      1917
  AVERAGE         47                        40      7       41

PRECIPITATION (IN)
  YESTERDAY        0.00          1.73 1960   0.08  -0.08     0.00
  MONTH TO DATE    T                         0.86  -0.86     0.18
  SINCE DEC 1      T                         0.86  -0.86     0.18
  SINCE JAN 1     44.60                     39.34   5.26    27.93

SNOWFALL (IN)
  YESTERDAY        0.0                                       0.0
  MONTH TO DATE    T                                          T
  SINCE DEC 1      T                                          T
  SINCE JUL 1      T                                          T

DEGREE DAYS
 HEATING
  YESTERDAY       18                        25     -7       24
  MONTH TO DATE  191                       234    -43      256
  SINCE DEC 1    191                       234    -43      256
  SINCE JUL 1    693                       870   -177      595
..................................................................


WIND (MPH)
  HIGHEST WIND SPEED    17   HIGHEST WIND DIRECTION    NW (300)
  HIGHEST GUST SPEED    22   HIGHEST GUST DIRECTION    NW (300)
  AVERAGE WIND SPEED     6.9


SKY COVER
  POSSIBLE SUNSHINE  MM
  AVERAGE SKY COVER 0.0


WEATHER CONDITIONS
 THE FOLLOWING WEATHER WAS RECORDED YESTERDAY.
  NO SIGNIFICANT WEATHER WAS OBSERVED.


RELATIVE HUMIDITY (PERCENT)
 HIGHEST    78           200 AM
 LOWEST     18           300 PM
 AVERAGE    48

..........................................................


THE TULSA OKLAHOMA CLIMATE NORMALS FOR TODAY
                         NORMAL    RECORD    YEAR
 MAXIMUM TEMPERATURE (F)   50        76      1929
 MINIMUM TEMPERATURE (F)   30         4      1917


SUNRISE AND SUNSET
DECEMBER 11 2017......SUNRISE   725 AM CST   SUNSET   509 PM CST
DECEMBER 12 2017......SUNRISE   725 AM CST   SUNSET   509 PM CST


-  INDICATES NEGATIVE NUMBERS.
R  INDICATES RECORD WAS SET OR TIED.
MM INDICATES DATA IS MISSING.
T  INDICATES TRACE AMOUNT.




$$

&&
...........................................................

THE TULSA PRECIPITATION NORMALS FOR TODAY
                       NORMAL    RECORD      YEAR
  TODAY                 0.09      1.07       2007
  MONTH TO DATE         0.95
  YEAR TO DATE         39.43
...........................................................
ALL DATA MEASURED AT THE TULSA INTERNATIONAL AIRPORT...
EXCEPT SNOWFALL...WHICH IS MEASURED AT THE NWS OFFICE.
