000
CDUS44 KTSA 230657
CLITUL

CLIMATE REPORT
NATIONAL WEATHER SERVICE TULSA OK
157 AM CDT THU MAR 23 2017


...................................

...THE TULSA OKLAHOMA CLIMATE SUMMARY FOR MARCH 22 2017...

CLIMATE NORMAL PERIOD 1981 TO 2010
CLIMATE RECORD PERIOD 1882 TO 2017


WEATHER ITEM   OBSERVED TIME   RECORD YEAR NORMAL DEPARTURE LAST
                VALUE   (LST)  VALUE       VALUE  FROM      YEAR
                                                  NORMAL
..................................................................
TEMPERATURE (F)
 YESTERDAY
  MAXIMUM         64    241 PM  94    1995  64      0       75
  MINIMUM         54    821 AM  15    1955  42     12       51
  AVERAGE         59                        53      6       63

PRECIPITATION (IN)
  YESTERDAY        0.00          1.25 1926   0.11  -0.11     0.00
  MONTH TO DATE    0.79                      2.28  -1.49     2.04
  SINCE MAR 1      0.79                      2.28  -1.49     2.04
  SINCE JAN 1      5.39                      5.79  -0.40     3.24

SNOWFALL (IN)
  YESTERDAY        0.0                                       0.0
  MONTH TO DATE    0.0                                       0.0
  SINCE MAR 1      0.0                                       0.0
  SINCE JUL 1      0.7                                       3.0

DEGREE DAYS
 HEATING
  YESTERDAY        6                        12     -6        2
  MONTH TO DATE  233                       338   -105      194
  SINCE MAR 1    233                       338   -105      194
  SINCE JUL 1   2454                      3249   -795     2526

 COOLING
  YESTERDAY        0                         1     -1        0
  MONTH TO DATE   36                         1     35        0
  SINCE MAR 1     36                         1     35        0
  SINCE JAN 1     52                         2     50        6
..................................................................


WIND (MPH)
  HIGHEST WIND SPEED    21   HIGHEST WIND DIRECTION    NE (60)
  HIGHEST GUST SPEED    27   HIGHEST GUST DIRECTION    NE (60)
  AVERAGE WIND SPEED    11.6


SKY COVER
  POSSIBLE SUNSHINE  MM
  AVERAGE SKY COVER 1.0


WEATHER CONDITIONS
 THE FOLLOWING WEATHER WAS RECORDED YESTERDAY.
  NO SIGNIFICANT WEATHER WAS OBSERVED.


RELATIVE HUMIDITY (PERCENT)
 HIGHEST    66           700 AM
 LOWEST     51          1200 AM
 AVERAGE    59

..........................................................


THE TULSA OKLAHOMA CLIMATE NORMALS FOR TODAY
                         NORMAL    RECORD    YEAR
 MAXIMUM TEMPERATURE (F)   65        91      1907
 MINIMUM TEMPERATURE (F)   42        21      1968


SUNRISE AND SUNSET
MARCH 23 2017.........SUNRISE   722 AM CDT   SUNSET   738 PM CDT
MARCH 24 2017.........SUNRISE   721 AM CDT   SUNSET   739 PM CDT


-  INDICATES NEGATIVE NUMBERS.
R  INDICATES RECORD WAS SET OR TIED.
MM INDICATES DATA IS MISSING.
T  INDICATES TRACE AMOUNT.




$$

&&
...........................................................

THE TULSA PRECIPITATION NORMALS FOR TODAY
                       NORMAL    RECORD      YEAR
  TODAY                 0.10      2.50       1969
  MONTH TO DATE         2.38
  YEAR TO DATE          5.89
...........................................................
ALL DATA MEASURED AT THE TULSA INTERNATIONAL AIRPORT...
EXCEPT SNOWFALL...WHICH IS MEASURED AT THE NWS OFFICE.
