000
CDUS44 KMEG 240637
CLITUP


CLIMATE REPORT
NATIONAL WEATHER SERVICE MEMPHIS TN
137 AM CDT TUE OCT 24 2017


...................................

...THE TUPELO CLIMATE SUMMARY FOR OCTOBER 23 2017...

CLIMATE NORMAL PERIOD 1981 TO 2010
CLIMATE RECORD PERIOD 1930 TO 2017


WEATHER ITEM   OBSERVED TIME   RECORD YEAR NORMAL DEPARTURE LAST
                VALUE   (LST)  VALUE       VALUE  FROM      YEAR
                                                  NORMAL
..................................................................
TEMPERATURE (F)
 YESTERDAY
  MAXIMUM         69    358 PM  93    1939  73     -4       80
  MINIMUM         52    853 PM  32    1974  48      4       42
  AVERAGE         61                        61      0       61

PRECIPITATION (IN)
  YESTERDAY        0.01          3.27 1985   0.13  -0.12     0.00
  MONTH TO DATE    0.90                      3.08  -2.18     0.44
  SINCE SEP 1      3.18                      6.52  -3.34     0.87
  SINCE JAN 1     39.23                     42.99  -3.76    36.72

SNOWFALL (IN)
  YESTERDAY        0.0           0.0  2002   0.0    0.0      0.0
                                      2001
  MONTH TO DATE    0.0                       0.0    0.0      0.0
  SINCE SEP 1      0.0                       0.0    0.0      0.0
  SINCE JUL 1      0.0                       0.0    0.0      0.0
  SNOW DEPTH       0

DEGREE DAYS
 HEATING
  YESTERDAY        4                         6     -2        4
  MONTH TO DATE   41                        81    -40       21
  SINCE SEP 1     46                        93    -47       21
  SINCE JUL 1     46                        93    -47       21

 COOLING
  YESTERDAY        0                         2     -2        0
  MONTH TO DATE  128                        67     61      128
  SINCE SEP 1    406                       353     53      552
  SINCE JAN 1   2104                      2025     79     2475
..................................................................


WIND (MPH)
  HIGHEST WIND SPEED    17   HIGHEST WIND DIRECTION    SW (230)
  HIGHEST GUST SPEED    22   HIGHEST GUST DIRECTION     W (290)
  AVERAGE WIND SPEED     6.0


SKY COVER
  POSSIBLE SUNSHINE  MM
  AVERAGE SKY COVER 0.5


WEATHER CONDITIONS
 THE FOLLOWING WEATHER WAS RECORDED YESTERDAY.
  LIGHT RAIN
  FOG


RELATIVE HUMIDITY (PERCENT)
 HIGHEST    93           400 AM
 LOWEST     33           400 PM
 AVERAGE    63

..........................................................


THE TUPELO CLIMATE NORMALS FOR TODAY
                         NORMAL    RECORD    YEAR
 MAXIMUM TEMPERATURE (F)   73        90      1939
 MINIMUM TEMPERATURE (F)   48        27      1937


SUNRISE AND SUNSET
OCTOBER 24 2017.......SUNRISE   708 AM CDT   SUNSET   610 PM CDT
OCTOBER 25 2017.......SUNRISE   709 AM CDT   SUNSET   609 PM CDT


-  INDICATES NEGATIVE NUMBERS.
R  INDICATES RECORD WAS SET OR TIED.
MM INDICATES DATA IS MISSING.
T  INDICATES TRACE AMOUNT.


$$
