000
CDUS44 KMEG 260641
CLITUP


CLIMATE REPORT
NATIONAL WEATHER SERVICE MEMPHIS TN
140 AM CDT THU MAY 26 2016


...................................

...THE TUPELO CLIMATE SUMMARY FOR MAY 25 2016...

CLIMATE NORMAL PERIOD 1981 TO 2010
CLIMATE RECORD PERIOD 1930 TO 2016


WEATHER ITEM   OBSERVED TIME   RECORD YEAR NORMAL DEPARTURE LAST
                VALUE   (LST)  VALUE       VALUE  FROM      YEAR
                                                  NORMAL
..................................................................
TEMPERATURE (F)
 YESTERDAY
  MAXIMUM         88    329 PM  95    1941  84      4       78
  MINIMUM         65    326 AM  37    1979  62      3       68
  AVERAGE         77                        73      4       73

PRECIPITATION (IN)
  YESTERDAY        0.00          2.09 2015   0.16  -0.16     2.09
  MONTH TO DATE    0.90                      4.58  -3.68     5.47
  SINCE MAR 1     14.64                     14.18   0.46    19.63
  SINCE JAN 1     21.81                     23.62  -1.81    28.79

SNOWFALL (IN)
  YESTERDAY        0.0          MM      MM   0.0    0.0      0.0
  MONTH TO DATE    0.0                       0.0    0.0      0.0
  SINCE MAR 1      0.0                       0.3   -0.3      0.1
  SINCE JUL 1      T                         2.1   -2.1      7.4
  SNOW DEPTH       0

DEGREE DAYS
 HEATING
  YESTERDAY        0                         0      0        0
  MONTH TO DATE   21                        23     -2       21
  SINCE MAR 1    345                       524   -179      435
  SINCE JUL 1   2282                      2955   -673     3153

 COOLING
  YESTERDAY       12                         8      4        8
  MONTH TO DATE  109                       145    -36      171
  SINCE MAR 1    199                       219    -20      247
  SINCE JAN 1    199                       221    -22      247
..................................................................


WIND (MPH)
  HIGHEST WIND SPEED    23   HIGHEST WIND DIRECTION     N (20)
  HIGHEST GUST SPEED    29   HIGHEST GUST DIRECTION     N (10)
  AVERAGE WIND SPEED     7.5


SKY COVER
  POSSIBLE SUNSHINE  MM
  AVERAGE SKY COVER 0.3


WEATHER CONDITIONS
 THE FOLLOWING WEATHER WAS RECORDED YESTERDAY.
  NO SIGNIFICANT WEATHER WAS OBSERVED.


RELATIVE HUMIDITY (PERCENT)
 HIGHEST    87           200 AM
 LOWEST     32          1200 PM
 AVERAGE    60

..........................................................


THE TUPELO CLIMATE NORMALS FOR TODAY
                         NORMAL    RECORD    YEAR
 MAXIMUM TEMPERATURE (F)   84        95      1978
                                             1964
 MINIMUM TEMPERATURE (F)   63        39      1979


SUNRISE AND SUNSET
MAY 26 2016...........SUNRISE   546 AM CDT   SUNSET   758 PM CDT
MAY 27 2016...........SUNRISE   546 AM CDT   SUNSET   759 PM CDT


-  INDICATES NEGATIVE NUMBERS.
R  INDICATES RECORD WAS SET OR TIED.
MM INDICATES DATA IS MISSING.
T  INDICATES TRACE AMOUNT.




$$
