000
CDUS44 KMEG 050639
CLITUP


CLIMATE REPORT
NATIONAL WEATHER SERVICE MEMPHIS TN
139 AM CDT THU MAY 5 2016


...................................

...THE TUPELO CLIMATE SUMMARY FOR MAY 4 2016...

CLIMATE NORMAL PERIOD 1981 TO 2010
CLIMATE RECORD PERIOD 1930 TO 2016


WEATHER ITEM   OBSERVED TIME   RECORD YEAR NORMAL DEPARTURE LAST
                VALUE   (LST)  VALUE       VALUE  FROM      YEAR
                                                  NORMAL
..................................................................
TEMPERATURE (F)
 YESTERDAY
  MAXIMUM         77    202 PM  93    1959  79     -2       84
  MINIMUM         50    524 AM  30    1976  56     -6       58
  AVERAGE         64                        67     -3       71

PRECIPITATION (IN)
  YESTERDAY        0.11          1.70 1944   0.19  -0.08     0.00
  MONTH TO DATE    0.54                      0.76  -0.22     0.00
  SINCE MAR 1     14.28                     10.36   3.92    14.16
  SINCE JAN 1     21.45                     19.80   1.65    23.32

SNOWFALL (IN)
  YESTERDAY        0.0          MM      MM   0.0    0.0      0.0
  MONTH TO DATE    0.0                       0.0    0.0      0.0
  SINCE MAR 1      0.0                       0.3   -0.3      0.1
  SINCE JUL 1      T                         2.1   -2.1      7.4
  SNOW DEPTH       0

DEGREE DAYS
 HEATING
  YESTERDAY        1                         2     -1        0
  MONTH TO DATE    3                         8     -5       10
  SINCE MAR 1    327                       509   -182      424
  SINCE JUL 1   2264                      2940   -676     3142

 COOLING
  YESTERDAY        0                         4     -4        6
  MONTH TO DATE    7                        15     -8        8
  SINCE MAR 1     97                        89      8       84
  SINCE JAN 1     97                        91      6       84
..................................................................


WIND (MPH)
  HIGHEST WIND SPEED    25   HIGHEST WIND DIRECTION    NW (300)
  HIGHEST GUST SPEED    40   HIGHEST GUST DIRECTION    NW (300)
  AVERAGE WIND SPEED     5.9


SKY COVER
  POSSIBLE SUNSHINE  MM
  AVERAGE SKY COVER 0.2


WEATHER CONDITIONS
 THE FOLLOWING WEATHER WAS RECORDED YESTERDAY.
  LIGHT RAIN


RELATIVE HUMIDITY (PERCENT)
 HIGHEST    89           200 AM
 LOWEST     35           300 PM
 AVERAGE    62

..........................................................


THE TUPELO CLIMATE NORMALS FOR TODAY
                         NORMAL    RECORD    YEAR
 MAXIMUM TEMPERATURE (F)   79        93      1959
                                             1955
 MINIMUM TEMPERATURE (F)   56        37      1973


SUNRISE AND SUNSET
MAY  5 2016...........SUNRISE   601 AM CDT   SUNSET   743 PM CDT
MAY  6 2016...........SUNRISE   600 AM CDT   SUNSET   744 PM CDT


-  INDICATES NEGATIVE NUMBERS.
R  INDICATES RECORD WAS SET OR TIED.
MM INDICATES DATA IS MISSING.
T  INDICATES TRACE AMOUNT.




$$
