000
CDUS44 KMEG 260633
CLITUP


CLIMATE REPORT
NATIONAL WEATHER SERVICE MEMPHIS TN
132 AM CDT MON JUN 26 2017


...................................

...THE TUPELO CLIMATE SUMMARY FOR JUNE 25 2017...

CLIMATE NORMAL PERIOD 1981 TO 2010
CLIMATE RECORD PERIOD 1930 TO 2017


WEATHER ITEM   OBSERVED TIME   RECORD YEAR NORMAL DEPARTURE LAST
                VALUE   (LST)  VALUE       VALUE  FROM      YEAR
                                                  NORMAL
..................................................................
TEMPERATURE (F)
 YESTERDAY
  MAXIMUM         83    505 PM 102    1937  90     -7       98
                                      1930
  MINIMUM         63   1159 PM  52    1974  70     -7       77
  AVERAGE         73                        80     -7       88

PRECIPITATION (IN)
  YESTERDAY        T             2.16 1946   0.15  -0.15     0.00
  MONTH TO DATE    8.56                      3.78   4.78     5.06
  SINCE JUN 1      8.56                      3.78   4.78     5.06
  SINCE JAN 1     30.32                     28.38   1.94    27.16

SNOWFALL (IN)
  YESTERDAY        0.0          MM      MM   0.0    0.0      0.0
  MONTH TO DATE    0.0                       0.0    0.0      0.0
  SINCE JUN 1      0.0                       0.0    0.0      0.0
  SINCE JUL 1      T                         2.1   -2.1       T
  SNOW DEPTH       0

DEGREE DAYS
 HEATING
  YESTERDAY        0                         0      0        0
  MONTH TO DATE    0                         0      0        0
  SINCE JUN 1      0                         0      0        0
  SINCE JUL 1   1986                      2956   -970     2282

 COOLING
  YESTERDAY        8                        15     -7       23
  MONTH TO DATE  296                       317    -21      398
  SINCE JUN 1    296                       317    -21      398
  SINCE JAN 1    632                       594     38      684
..................................................................


WIND (MPH)
  HIGHEST WIND SPEED    17   HIGHEST WIND DIRECTION     N (360)
  HIGHEST GUST SPEED    24   HIGHEST GUST DIRECTION     N (360)
  AVERAGE WIND SPEED     5.6


SKY COVER
  POSSIBLE SUNSHINE  MM
  AVERAGE SKY COVER 0.0


WEATHER CONDITIONS
 THE FOLLOWING WEATHER WAS RECORDED YESTERDAY.
  LIGHT RAIN


RELATIVE HUMIDITY (PERCENT)
 HIGHEST    84          1100 PM
 LOWEST     34           500 PM
 AVERAGE    59

..........................................................


THE TUPELO CLIMATE NORMALS FOR TODAY
                         NORMAL    RECORD    YEAR
 MAXIMUM TEMPERATURE (F)   91       101      1988
                                             1954
                                             1934
 MINIMUM TEMPERATURE (F)   70        49      1974


SUNRISE AND SUNSET
JUNE 26 2017..........SUNRISE   545 AM CDT   SUNSET   811 PM CDT
JUNE 27 2017..........SUNRISE   545 AM CDT   SUNSET   811 PM CDT


-  INDICATES NEGATIVE NUMBERS.
R  INDICATES RECORD WAS SET OR TIED.
MM INDICATES DATA IS MISSING.
T  INDICATES TRACE AMOUNT.




$$
