000
CDUS45 KTWC 060106 RRA
CLITUS

CLIMATE REPORT
NATIONAL WEATHER SERVICE TUCSON AZ
603 PM MST SUN JUL 5 2015

...................................

...THE TUCSON AZ CLIMATE SUMMARY FOR JULY 5 2015...
VALID TODAY AS OF 0500 PM LOCAL TIME.

CLIMATE NORMAL PERIOD 1981 TO 2010
CLIMATE RECORD PERIOD 1895 TO 2015


WEATHER ITEM   OBSERVED TIME   RECORD YEAR NORMAL DEPARTURE LAST
                VALUE   (LST)  VALUE       VALUE  FROM      YEAR
                                                  NORMAL
..................................................................
TEMPERATURE (F)
 TODAY
  MAXIMUM         89    110 PM 111    1992 101    -12       97
                                      1983
  MINIMUM         77    448 PM  54    1912  74      3       75
  AVERAGE         83                        88     -5       86

PRECIPITATION (IN)
  TODAY            T             1.03 1952   0.04  -0.04     0.09
  MONTH TO DATE    T                         0.19  -0.19     0.25
  SINCE OCT 1      7.76                      5.85   1.91     3.91
  SINCE JAN 1      4.26                      3.46   0.80     0.86

DEGREE DAYS
 HEATING
  TODAY            0                         0      0        0
  MONTH TO DATE    0                         0      0        0
  SINCE JUN 1      0                         0      0        0
  SINCE JUL 1      0                         0      0        0

 COOLING
  TODAY           18                        23     -5       21
  MONTH TO DATE  109                       115     -6      121
  SINCE JUN 1    822                       709    113      846
  SINCE JAN 1   1336                      1211    125     1449
..................................................................


WIND (MPH)
  HIGHEST WIND SPEED    21   HIGHEST WIND DIRECTION     W (270)
  HIGHEST GUST SPEED    27   HIGHEST GUST DIRECTION     W (280)
  AVERAGE WIND SPEED     8.5


SKY COVER
  POSSIBLE SUNSHINE  MM
  AVERAGE SKY COVER 0.6


WEATHER CONDITIONS
 THE FOLLOWING WEATHER WAS RECORDED TODAY.
  THUNDERSTORM
  LIGHT RAIN


RELATIVE HUMIDITY (PERCENT)
 HIGHEST    55
 LOWEST     40
 AVERAGE    48

..........................................................


THE TUCSON AZ CLIMATE NORMALS FOR TOMORROW
                         NORMAL    RECORD    YEAR
 MAXIMUM TEMPERATURE (F)  101       109      2005
                                             1989
 MINIMUM TEMPERATURE (F)   74        59      1902


SUNRISE AND SUNSET
JULY  5 2015..........SUNRISE   523 AM MST   SUNSET   734 PM MST
JULY  6 2015..........SUNRISE   523 AM MST   SUNSET   734 PM MST


-  INDICATES NEGATIVE NUMBERS.
R  INDICATES RECORD WAS SET OR TIED.
MM INDICATES DATA IS MISSING.
T  INDICATES TRACE AMOUNT.




$$
