000
CDUS45 KTWC 230733
CLITUS

CLIMATE REPORT
NATIONAL WEATHER SERVICE TUCSON AZ
1230 AM MST WED APR 23 2014


...................................

...THE TUCSON AZ CLIMATE SUMMARY FOR APRIL 22 2014...

CLIMATE NORMAL PERIOD 1981 TO 2010
CLIMATE RECORD PERIOD 1895 TO 2014


WEATHER ITEM   OBSERVED TIME   RECORD YEAR NORMAL DEPARTURE LAST
                VALUE   (LST)  VALUE       VALUE  FROM      YEAR
                                                  NORMAL
..................................................................
TEMPERATURE (F)
 YESTERDAY
  MAXIMUM         94    233 PM 101    2012  84     10       93
  MINIMUM         64    617 AM  33    1904  54     10       54
  AVERAGE         79                        69     10       74

PRECIPITATION (IN)
  YESTERDAY        0.00          0.70 1913   0.01  -0.01     0.00
  MONTH TO DATE    T                         0.26  -0.26     0.12
  SINCE OCT 1      3.64                      5.18  -1.54     2.94
  SINCE JAN 1      0.59                      2.79  -2.20     1.73

DEGREE DAYS
 HEATING
  YESTERDAY        0                         1     -1        0
  MONTH TO DATE   21                        52    -31       27
  SINCE MAR 1     63                       231   -168       88
  SINCE JUL 1    896                      1498   -602     1363

 COOLING
  YESTERDAY       14                         5      9        9
  MONTH TO DATE  126                        72     54       95
  SINCE MAR 1    156                       101     55      186
  SINCE JAN 1    180                       105     75      186
..................................................................


WIND (MPH)
  HIGHEST WIND SPEED    23   HIGHEST WIND DIRECTION    SW (230)
  HIGHEST GUST SPEED    32   HIGHEST GUST DIRECTION    SW (240)
  AVERAGE WIND SPEED     8.1


SKY COVER
  POSSIBLE SUNSHINE  MM
  AVERAGE SKY COVER 0.0


WEATHER CONDITIONS
 THE FOLLOWING WEATHER WAS RECORDED YESTERDAY.
  NO SIGNIFICANT WEATHER WAS OBSERVED.


RELATIVE HUMIDITY (PERCENT)
 HIGHEST    34
 LOWEST      7
 AVERAGE    21

..........................................................


THE TUCSON AZ CLIMATE NORMALS FOR TODAY
                         NORMAL    RECORD    YEAR
 MAXIMUM TEMPERATURE (F)   84       100      2012
 MINIMUM TEMPERATURE (F)   54        37      1923
                                             1909


SUNRISE AND SUNSET
APRIL 23 2014.........SUNRISE   546 AM MST   SUNSET   659 PM MST
APRIL 24 2014.........SUNRISE   545 AM MST   SUNSET   659 PM MST


-  INDICATES NEGATIVE NUMBERS.
R  INDICATES RECORD WAS SET OR TIED.
MM INDICATES DATA IS MISSING.
T  INDICATES TRACE AMOUNT.




$$
