000
CDUS45 KTWC 310027
CLITUS

CLIMATE REPORT
NATIONAL WEATHER SERVICE TUCSON AZ
526 PM MST SAT AUG 30 2014


...................................

...THE TUCSON AZ CLIMATE SUMMARY FOR AUGUST 30 2014...
VALID TODAY AS OF 0500 PM LOCAL TIME.

CLIMATE NORMAL PERIOD 1981 TO 2010
CLIMATE RECORD PERIOD 1895 TO 2014


WEATHER ITEM   OBSERVED TIME   RECORD YEAR NORMAL DEPARTURE LAST
                VALUE   (LST)  VALUE       VALUE  FROM      YEAR
                                                  NORMAL
..................................................................
TEMPERATURE (F)
 TODAY
  MAXIMUM        104    246 PM 107    2011  98      6       94
  MINIMUM         74    656 AM  61    1920  72      2       74
                                      1906
  AVERAGE         89                        85      4       84

PRECIPITATION (IN)
  TODAY            0.00          1.35 1914   0.07  -0.07      T
  MONTH TO DATE    1.89                      2.33  -0.44     0.48
  SINCE OCT 1      6.98                     10.24  -3.26     6.06
  SINCE JAN 1      3.93                      7.85  -3.92     4.85

DEGREE DAYS
 HEATING
  TODAY            0                         0      0        0
  MONTH TO DATE    0                         0      0        0
  SINCE JUN 1      0                         0      0        0
  SINCE JUL 1      0                         0      0        0

 COOLING
  TODAY           24                        20      4       19
  MONTH TO DATE  610                       606      4      682
  SINCE JUN 1   2065                      1883    182     2143
  SINCE JAN 1   2668                      2385    283     2854
..................................................................


WIND (MPH)
  HIGHEST WIND SPEED    16   HIGHEST WIND DIRECTION    SW (240)
  HIGHEST GUST SPEED    26   HIGHEST GUST DIRECTION    SW (240)
  AVERAGE WIND SPEED     7.6


SKY COVER
  POSSIBLE SUNSHINE  MM
  AVERAGE SKY COVER 0.0


WEATHER CONDITIONS
 THE FOLLOWING WEATHER WAS RECORDED TODAY.
  NO SIGNIFICANT WEATHER WAS OBSERVED.


RELATIVE HUMIDITY (PERCENT)
 HIGHEST    44
 LOWEST     11
 AVERAGE    28

..........................................................


THE TUCSON AZ CLIMATE NORMALS FOR TOMORROW
                         NORMAL    RECORD    YEAR
 MAXIMUM TEMPERATURE (F)   97       108      2011
                                             1950
 MINIMUM TEMPERATURE (F)   72        62      1895


SUNRISE AND SUNSET
AUGUST 30 2014........SUNRISE   558 AM MST   SUNSET   650 PM MST
AUGUST 31 2014........SUNRISE   558 AM MST   SUNSET   649 PM MST


-  INDICATES NEGATIVE NUMBERS.
R  INDICATES RECORD WAS SET OR TIED.
MM INDICATES DATA IS MISSING.
T  INDICATES TRACE AMOUNT.




$$
