000
CDUS45 KTWC 220731
CLITUS

CLIMATE REPORT
NATIONAL WEATHER SERVICE TUCSON AZ
1231 AM MST MON SEP 22 2014


...................................

...THE TUCSON AZ CLIMATE SUMMARY FOR SEPTEMBER 21 2014...

CLIMATE NORMAL PERIOD 1981 TO 2010
CLIMATE RECORD PERIOD 1895 TO 2014


WEATHER ITEM   OBSERVED TIME   RECORD YEAR NORMAL DEPARTURE LAST
                VALUE   (LST)  VALUE       VALUE  FROM      YEAR
                                                  NORMAL
..................................................................
TEMPERATURE (F)
 YESTERDAY
  MAXIMUM         95    338 PM 105    1954  93      2       97
  MINIMUM         72    623 AM  47    1965  67      5       74
  AVERAGE         84                        80      4       86

PRECIPITATION (IN)
  YESTERDAY        0.00          1.10 1978   0.04  -0.04     0.00
  MONTH TO DATE    2.76                      0.98   1.78     0.63
  SINCE OCT 1      9.74                     11.28  -1.54     6.69
  SINCE JAN 1      6.69                      8.89  -2.20     5.48

DEGREE DAYS
 HEATING
  YESTERDAY        0                         0      0        0
  MONTH TO DATE    0                         0      0        0
  SINCE SEP 1      0                         0      0        0
  SINCE JUL 1      0                         0      0        0

 COOLING
  YESTERDAY       19                        15      4       21
  MONTH TO DATE  384                       377      7      433
  SINCE SEP 1    384                       377      7      433
  SINCE JAN 1   3075                      2787    288     3307
..................................................................


WIND (MPH)
  HIGHEST WIND SPEED    21   HIGHEST WIND DIRECTION    SE (120)
  HIGHEST GUST SPEED    25   HIGHEST GUST DIRECTION    SE (130)
  AVERAGE WIND SPEED     6.2


SKY COVER
  POSSIBLE SUNSHINE  MM
  AVERAGE SKY COVER 0.3


WEATHER CONDITIONS
 THE FOLLOWING WEATHER WAS RECORDED YESTERDAY.
  NO SIGNIFICANT WEATHER WAS OBSERVED.


RELATIVE HUMIDITY (PERCENT)
 HIGHEST    74
 LOWEST     32
 AVERAGE    53

..........................................................


THE TUCSON AZ CLIMATE NORMALS FOR TODAY
                         NORMAL    RECORD    YEAR
 MAXIMUM TEMPERATURE (F)   93       106      1989
 MINIMUM TEMPERATURE (F)   67        50      1895


SUNRISE AND SUNSET
SEPTEMBER 22 2014.....SUNRISE   612 AM MST   SUNSET   620 PM MST
SEPTEMBER 23 2014.....SUNRISE   613 AM MST   SUNSET   619 PM MST


-  INDICATES NEGATIVE NUMBERS.
R  INDICATES RECORD WAS SET OR TIED.
MM INDICATES DATA IS MISSING.
T  INDICATES TRACE AMOUNT.




$$
