000
CDUS45 KTWC 260731
CLITUS

CLIMATE REPORT
NATIONAL WEATHER SERVICE TUCSON AZ
1230 AM MST MON JAN 26 2015

...................................

...THE TUCSON AZ CLIMATE SUMMARY FOR JANUARY 25 2015...

CLIMATE NORMAL PERIOD 1981 TO 2010
CLIMATE RECORD PERIOD 1895 TO 2015


WEATHER ITEM   OBSERVED TIME   RECORD YEAR NORMAL DEPARTURE LAST
                VALUE   (LST)  VALUE       VALUE  FROM      YEAR
                                                  NORMAL
..................................................................
TEMPERATURE (F)
 YESTERDAY
  MAXIMUM         73    356 PM  82    2000  66      7       74
  MINIMUM         49    740 AM  17    1898  40      9       56
  AVERAGE         61                        53      8       65

PRECIPITATION (IN)
  YESTERDAY        0.00          0.41 1949   0.03  -0.03      T
  MONTH TO DATE    0.31                      0.75  -0.44      T
  SINCE OCT 1      3.81                      3.14   0.67     3.05
  SINCE JAN 1      0.31                      0.75  -0.44      T

DEGREE DAYS
 HEATING
  YESTERDAY        4                        12     -8        0
  MONTH TO DATE  257                       314    -57      205
  SINCE DEC 1    589                       719   -130      564
  SINCE JUL 1    725                       925   -200      670

 COOLING
  YESTERDAY        0                         0      0        0
  MONTH TO DATE    0                         0      0        0
  SINCE DEC 1      3                         0      3        0
  SINCE JAN 1      0                         0      0        0
..................................................................


WIND (MPH)
  HIGHEST WIND SPEED    18   HIGHEST WIND DIRECTION    SE (130)
  HIGHEST GUST SPEED    24   HIGHEST GUST DIRECTION    SE (120)
  AVERAGE WIND SPEED     8.3


SKY COVER
  POSSIBLE SUNSHINE  MM
  AVERAGE SKY COVER 0.0


WEATHER CONDITIONS
 THE FOLLOWING WEATHER WAS RECORDED YESTERDAY.
  NO SIGNIFICANT WEATHER WAS OBSERVED.


RELATIVE HUMIDITY (PERCENT)
 HIGHEST    27
 LOWEST      7
 AVERAGE    17

..........................................................


THE TUCSON AZ CLIMATE NORMALS FOR TODAY
                         NORMAL    RECORD    YEAR
 MAXIMUM TEMPERATURE (F)   66        82      1951
 MINIMUM TEMPERATURE (F)   40        21      1932


SUNRISE AND SUNSET
JANUARY 26 2015.......SUNRISE   721 AM MST   SUNSET   552 PM MST
JANUARY 27 2015.......SUNRISE   721 AM MST   SUNSET   553 PM MST


-  INDICATES NEGATIVE NUMBERS.
R  INDICATES RECORD WAS SET OR TIED.
MM INDICATES DATA IS MISSING.
T  INDICATES TRACE AMOUNT.

$$
