000
CDUS45 KTWC 210040
CLITUS

CLIMATE REPORT
NATIONAL WEATHER SERVICE TUCSON AZ
539 PM MST SUN APR 20 2014


...................................

...THE TUCSON AZ CLIMATE SUMMARY FOR APRIL 20 2014...
VALID TODAY AS OF 0500 PM LOCAL TIME.

CLIMATE NORMAL PERIOD 1981 TO 2010
CLIMATE RECORD PERIOD 1895 TO 2014


WEATHER ITEM   OBSERVED TIME   RECORD YEAR NORMAL DEPARTURE LAST
                VALUE   (LST)  VALUE       VALUE  FROM      YEAR
                                                  NORMAL
..................................................................
TEMPERATURE (F)
 TODAY
  MAXIMUM         87    308 PM 104    1989  83      4       85
  MINIMUM         56    530 AM  34    1933  53      3       47
  AVERAGE         72                        68      4       66

PRECIPITATION (IN)
  TODAY            0.00          0.74 1952   0.01  -0.01     0.00
  MONTH TO DATE    T                         0.25  -0.25     0.12
  SINCE OCT 1      3.64                      5.17  -1.53     2.94
  SINCE JAN 1      0.59                      2.78  -2.19     1.73

DEGREE DAYS
 HEATING
  TODAY            0                         1     -1        0
  MONTH TO DATE   21                        50    -29       27
  SINCE MAR 1     63                       229   -166       88
  SINCE JUL 1    896                      1496   -600     1363

 COOLING
  TODAY            7                         5      2        1
  MONTH TO DATE  101                        62     39       78
  SINCE MAR 1    131                        91     40      169
  SINCE JAN 1    155                        95     60      169
..................................................................


WIND (MPH)
  HIGHEST WIND SPEED    15   HIGHEST WIND DIRECTION    SE (130)
  HIGHEST GUST SPEED    25   HIGHEST GUST DIRECTION     S (160)
  AVERAGE WIND SPEED     6.3


SKY COVER
  POSSIBLE SUNSHINE  MM
  AVERAGE SKY COVER 0.0


WEATHER CONDITIONS
 THE FOLLOWING WEATHER WAS RECORDED TODAY.
  NO SIGNIFICANT WEATHER WAS OBSERVED.


RELATIVE HUMIDITY (PERCENT)
 HIGHEST    57
 LOWEST     16
 AVERAGE    37

..........................................................


THE TUCSON AZ CLIMATE NORMALS FOR TOMORROW
                         NORMAL    RECORD    YEAR
 MAXIMUM TEMPERATURE (F)   84       104      1989
 MINIMUM TEMPERATURE (F)   53        38      1941
                                             1918
                                             1912


SUNRISE AND SUNSET
APRIL 20 2014.........SUNRISE   549 AM MST   SUNSET   657 PM MST
APRIL 21 2014.........SUNRISE   548 AM MST   SUNSET   657 PM MST


-  INDICATES NEGATIVE NUMBERS.
R  INDICATES RECORD WAS SET OR TIED.
MM INDICATES DATA IS MISSING.
T  INDICATES TRACE AMOUNT.




$$
