932
CDUS45 KTWC 300730
CLITUS

CLIMATE REPORT
NATIONAL WEATHER SERVICE TUCSON AZ
1229 AM MST THU MAR 30 2017


...................................

...THE TUCSON AZ CLIMATE SUMMARY FOR MARCH 29 2017...

CLIMATE NORMAL PERIOD 1981 TO 2010
CLIMATE RECORD PERIOD 1895 TO 2017


WEATHER ITEM   OBSERVED TIME   RECORD YEAR NORMAL DEPARTURE LAST
                VALUE   (LST)  VALUE       VALUE  FROM      YEAR
                                                  NORMAL
..................................................................
TEMPERATURE (F)
 YESTERDAY
  MAXIMUM         79    402 PM  92    2015  77      2       67
  MINIMUM         47    613 AM  27    1907  48     -1       54
  AVERAGE         63                        63      0       61

PRECIPITATION (IN)
  YESTERDAY        0.00          0.82 1998   0.01  -0.01     0.00
  MONTH TO DATE    0.21                      0.69  -0.48     0.11
  SINCE OCT 1      3.27                      4.88  -1.61     4.70
  SINCE JAN 1      1.59                      2.49  -0.90     1.82

DEGREE DAYS
 HEATING
  YESTERDAY        2                         4     -2        4
  MONTH TO DATE   43                       171   -128       47
  SINCE MAR 1     43                       171   -128       47
  SINCE JUL 1    924                      1438   -514     1175

 COOLING
  YESTERDAY        0                         2     -2        0
  MONTH TO DATE  139                        23    116       78
  SINCE MAR 1    139                        23    116       78
  SINCE JAN 1    148                        27    121      112
..................................................................


WIND (MPH)
  HIGHEST WIND SPEED    16   HIGHEST WIND DIRECTION     N (340)
  HIGHEST GUST SPEED    22   HIGHEST GUST DIRECTION     N (340)
  AVERAGE WIND SPEED     5.8


SKY COVER
  POSSIBLE SUNSHINE  MM
  AVERAGE SKY COVER 0.0


WEATHER CONDITIONS
 THE FOLLOWING WEATHER WAS RECORDED YESTERDAY.
  NO SIGNIFICANT WEATHER WAS OBSERVED.


RELATIVE HUMIDITY (PERCENT)
 HIGHEST    50
 LOWEST     13
 AVERAGE    32

..........................................................


THE TUCSON AZ CLIMATE NORMALS FOR TODAY
                         NORMAL    RECORD    YEAR
 MAXIMUM TEMPERATURE (F)   78        93      2015
 MINIMUM TEMPERATURE (F)   48        31      1901
                                             1898


SUNRISE AND SUNSET
MARCH 30 2017.........SUNRISE   614 AM MST   SUNSET   642 PM MST
MARCH 31 2017.........SUNRISE   613 AM MST   SUNSET   643 PM MST


-  INDICATES NEGATIVE NUMBERS.
R  INDICATES RECORD WAS SET OR TIED.
MM INDICATES DATA IS MISSING.
T  INDICATES TRACE AMOUNT.




$$
