000
CDUS45 KTWC 010741
CLITUS

CLIMATE REPORT
NATIONAL WEATHER SERVICE TUCSON AZ
1238 AM MST FRI AUG 1 2014

...................................

...THE TUCSON AZ CLIMATE SUMMARY FOR JULY 31 2014...

CLIMATE NORMAL PERIOD 1981 TO 2010
CLIMATE RECORD PERIOD 1895 TO 2014


WEATHER ITEM   OBSERVED TIME   RECORD YEAR NORMAL DEPARTURE LAST
                VALUE   (LST)  VALUE       VALUE  FROM      YEAR
                                                  NORMAL
..................................................................
TEMPERATURE (F)
 YESTERDAY
  MAXIMUM         98    218 PM 111    1986  98      0      101
  MINIMUM         82    708 AM  66    2006  74      8       81
                                      1955
                                      1921
  AVERAGE         90                        86      4       91

PRECIPITATION (IN)
  YESTERDAY        0.00          1.90 2006   0.10  -0.10     0.00
  MONTH TO DATE    1.43                      2.25  -0.82     2.60
  SINCE OCT 1      5.09                      7.91  -2.82     5.58
  SINCE JAN 1      2.04                      5.52  -3.48     4.37

DEGREE DAYS
 HEATING
  YESTERDAY        0                         0      0        0
  MONTH TO DATE    0                         0      0        0
  SINCE JUN 1      0                         0      0        0
  SINCE JUL 1      0                         0      0        0

 COOLING
  YESTERDAY       25                        21      4       26
  MONTH TO DATE  730                       683     47      720
  SINCE JUN 1   1455                      1277    178     1461
  SINCE JAN 1   2058                      1779    279     2172
..................................................................


WIND (MPH)
  HIGHEST WIND SPEED    21   HIGHEST WIND DIRECTION    SE (140)
  HIGHEST GUST SPEED    25   HIGHEST GUST DIRECTION     S (160)
  AVERAGE WIND SPEED     8.1


SKY COVER
  POSSIBLE SUNSHINE  MM
  AVERAGE SKY COVER 0.2


WEATHER CONDITIONS
 THE FOLLOWING WEATHER WAS RECORDED YESTERDAY.
  NO SIGNIFICANT WEATHER WAS OBSERVED.


RELATIVE HUMIDITY (PERCENT)
 HIGHEST    47
 LOWEST     22
 AVERAGE    35

..........................................................


THE TUCSON AZ CLIMATE NORMALS FOR TODAY
                         NORMAL    RECORD    YEAR
 MAXIMUM TEMPERATURE (F)   98       112      1993
 MINIMUM TEMPERATURE (F)   74        64      1935


SUNRISE AND SUNSET
AUGUST  1 2014........SUNRISE   539 AM MST   SUNSET   721 PM MST
AUGUST  2 2014........SUNRISE   540 AM MST   SUNSET   720 PM MST


-  INDICATES NEGATIVE NUMBERS.
R  INDICATES RECORD WAS SET OR TIED.
MM INDICATES DATA IS MISSING.
T  INDICATES TRACE AMOUNT.




$$
