000
CDUS45 KTWC 280731
CLITUS

CLIMATE REPORT
NATIONAL WEATHER SERVICE TUCSON AZ
1230 AM MST SAT MAR 28 2015


...................................

...THE TUCSON AZ CLIMATE SUMMARY FOR MARCH 27 2015...

CLIMATE NORMAL PERIOD 1981 TO 2010
CLIMATE RECORD PERIOD 1895 TO 2015


WEATHER ITEM   OBSERVED TIME   RECORD YEAR NORMAL DEPARTURE LAST
                VALUE   (LST)  VALUE       VALUE  FROM      YEAR
                                                  NORMAL
..................................................................
TEMPERATURE (F)
 YESTERDAY
  MAXIMUM         93    316 PM  94    1988  77     16       74
  MINIMUM         53    640 AM  28    1913  48      5       52
  AVERAGE         73                        62     11       63

PRECIPITATION (IN)
  YESTERDAY        0.00          0.65 1992   0.02  -0.02     0.00
  MONTH TO DATE    0.50                      0.66  -0.16     0.58
  SINCE OCT 1      6.95                      4.85   2.10     3.64
  SINCE JAN 1      3.45                      2.46   0.99     0.59

DEGREE DAYS
 HEATING
  YESTERDAY        0                         4     -4        2
  MONTH TO DATE   47                       163   -116       38
  SINCE MAR 1     47                       163   -116       38
  SINCE JUL 1    889                      1430   -541      871

 COOLING
  YESTERDAY        8                         1      7        0
  MONTH TO DATE   51                        19     32       23
  SINCE MAR 1     51                        19     32       23
  SINCE JAN 1     59                        23     36       47
..................................................................


WIND (MPH)
  HIGHEST WIND SPEED    15   HIGHEST WIND DIRECTION    SE (140)
  HIGHEST GUST SPEED    19   HIGHEST GUST DIRECTION     S (190)
  AVERAGE WIND SPEED     6.8


SKY COVER
  POSSIBLE SUNSHINE  MM
  AVERAGE SKY COVER 0.0


WEATHER CONDITIONS
 THE FOLLOWING WEATHER WAS RECORDED YESTERDAY.
  NO SIGNIFICANT WEATHER WAS OBSERVED.


RELATIVE HUMIDITY (PERCENT)
 HIGHEST    35
 LOWEST      4
 AVERAGE    20

..........................................................


THE TUCSON AZ CLIMATE NORMALS FOR TODAY
                         NORMAL    RECORD    YEAR
 MAXIMUM TEMPERATURE (F)   77        91      1943
 MINIMUM TEMPERATURE (F)   48        28      1898


SUNRISE AND SUNSET
MARCH 28 2015.........SUNRISE   617 AM MST   SUNSET   641 PM MST
MARCH 29 2015.........SUNRISE   616 AM MST   SUNSET   641 PM MST


-  INDICATES NEGATIVE NUMBERS.
R  INDICATES RECORD WAS SET OR TIED.
MM INDICATES DATA IS MISSING.
T  INDICATES TRACE AMOUNT.

$$
