000
CDUS45 KTWC 280731
CLITUS

CLIMATE REPORT
NATIONAL WEATHER SERVICE TUCSON AZ
1230 AM MST SAT FEB 28 2015


...................................

...THE TUCSON AZ CLIMATE SUMMARY FOR FEBRUARY 27 2015...

CLIMATE NORMAL PERIOD 1981 TO 2010
CLIMATE RECORD PERIOD 1895 TO 2015


WEATHER ITEM   OBSERVED TIME   RECORD YEAR NORMAL DEPARTURE LAST
                VALUE   (LST)  VALUE       VALUE  FROM      YEAR
                                                  NORMAL
..................................................................
TEMPERATURE (F)
 YESTERDAY
  MAXIMUM         75    354 PM  88    1986  70      5       79
                                      1906
  MINIMUM         46    508 AM  26    1937  44      2       48
  AVERAGE         61                        57      4       64

PRECIPITATION (IN)
  YESTERDAY        0.00          1.10 1942   0.02  -0.02     0.00
  MONTH TO DATE    0.41                      0.83  -0.42     0.01
  SINCE OCT 1      6.45                      4.16   2.29     3.06
  SINCE JAN 1      2.95                      1.77   1.18     0.01

DEGREE DAYS
 HEATING
  YESTERDAY        4                         8     -4        1
  MONTH TO DATE   83                       266   -183      138
  SINCE DEC 1    705                      1054   -349      727
  SINCE JUL 1    841                      1260   -419      833

 COOLING
  YESTERDAY        0                         0      0        0
  MONTH TO DATE    8                         0      8       21
  SINCE DEC 1     11                         1     10       22
  SINCE JAN 1      8                         1      7       22
..................................................................


WIND (MPH)
  HIGHEST WIND SPEED    23   HIGHEST WIND DIRECTION    SW (240)
  HIGHEST GUST SPEED    30   HIGHEST GUST DIRECTION     W (250)
  AVERAGE WIND SPEED     9.5


SKY COVER
  POSSIBLE SUNSHINE  MM
  AVERAGE SKY COVER 0.0


WEATHER CONDITIONS
 THE FOLLOWING WEATHER WAS RECORDED YESTERDAY.
  NO SIGNIFICANT WEATHER WAS OBSERVED.


RELATIVE HUMIDITY (PERCENT)
 HIGHEST    45
 LOWEST     15
 AVERAGE    30

..........................................................


THE TUCSON AZ CLIMATE NORMALS FOR TODAY
                         NORMAL    RECORD    YEAR
 MAXIMUM TEMPERATURE (F)   71        85      2009
                                             1986
                                             1940
 MINIMUM TEMPERATURE (F)   44        25      1939


SUNRISE AND SUNSET
FEBRUARY 28 2015......SUNRISE   652 AM MST   SUNSET   621 PM MST
MARCH  1 2015.........SUNRISE   651 AM MST   SUNSET   621 PM MST


-  INDICATES NEGATIVE NUMBERS.
R  INDICATES RECORD WAS SET OR TIED.
MM INDICATES DATA IS MISSING.
T  INDICATES TRACE AMOUNT.




$$
