000
CDUS43 KAPX 260547
CLITVC


CLIMATE REPORT
NATIONAL WEATHER SERVICE GAYLORD MI
147 AM EDT TUE JUL 26 2016


...................................

...THE TRAVERSE CITY MI CLIMATE SUMMARY FOR JULY 25 2016...

CLIMATE NORMAL PERIOD 1981 TO 2010
CLIMATE RECORD PERIOD 1896 TO 2016


WEATHER ITEM   OBSERVED TIME   RECORD YEAR NORMAL DEPARTURE LAST
                VALUE   (LST)  VALUE       VALUE  FROM      YEAR
                                                  NORMAL
..................................................................
TEMPERATURE (F)
 YESTERDAY
  MAXIMUM         85    309 PM  97    1941  80      5       83
  MINIMUM         66   1159 PM  45    2004  58      8       64
  AVERAGE         76                        69      7       74

PRECIPITATION (IN)
  YESTERDAY        0.00          3.31 1985   0.09  -0.09     0.03
  MONTH TO DATE    2.01                      2.40  -0.39     1.07
  SINCE JUN 1      4.08                      5.56  -1.48     3.09
  SINCE JAN 1     13.94                     17.11  -3.17     9.57

DEGREE DAYS
 HEATING
  YESTERDAY        0                         1     -1        0
  MONTH TO DATE    9                        26    -17       28
  SINCE JUN 1     73                       138    -65      116
  SINCE JUL 1      9                        26    -17       28

 COOLING
  YESTERDAY       11                         5      6        9
  MONTH TO DATE  203                       125     78      125
  SINCE JUN 1    293                       206     87      149
  SINCE JAN 1    343                       226    117      184
..................................................................


WIND (MPH)
  HIGHEST WIND SPEED    22   HIGHEST WIND DIRECTION    NW (310)
  HIGHEST GUST SPEED    26   HIGHEST GUST DIRECTION    NW (310)
  AVERAGE WIND SPEED     7.9




RELATIVE HUMIDITY (PERCENT)
 HIGHEST    87
 LOWEST     37
 AVERAGE    62

..........................................................


THE TRAVERSE CITY MI CLIMATE NORMALS FOR TODAY
                         NORMAL    RECORD    YEAR
 MAXIMUM TEMPERATURE (F)   80        99      1941
 MINIMUM TEMPERATURE (F)   58        45      1909


SUNRISE AND SUNSET
JULY 26 2016..........SUNRISE   622 AM EDT   SUNSET   915 PM EDT
JULY 27 2016..........SUNRISE   623 AM EDT   SUNSET   913 PM EDT


-  INDICATES NEGATIVE NUMBERS.
R  INDICATES RECORD WAS SET OR TIED.
MM INDICATES DATA IS MISSING.
T  INDICATES TRACE AMOUNT.




$$
