469
CDUS43 KAPX 290529
CLITVC


CLIMATE REPORT
NATIONAL WEATHER SERVICE GAYLORD MI
128 AM EDT FRI APR 29 2016


...................................

...THE TRAVERSE CITY MI CLIMATE SUMMARY FOR APRIL 28 2016...

CLIMATE NORMAL PERIOD 1981 TO 2010
CLIMATE RECORD PERIOD 1896 TO 2016


WEATHER ITEM   OBSERVED TIME   RECORD YEAR NORMAL DEPARTURE LAST
                VALUE   (LST)  VALUE       VALUE  FROM      YEAR
                                                  NORMAL
..................................................................
TEMPERATURE (F)
 YESTERDAY
  MAXIMUM         54    411 PM  88    1990  60     -6       55
  MINIMUM         37    401 AM  21    1928  36      1       31
  AVERAGE         46                        48     -2       43

PRECIPITATION (IN)
  YESTERDAY        0.01          1.50 1981   0.09  -0.08     0.00
  MONTH TO DATE    1.74                      2.61  -0.87     1.41
  SINCE MAR 1      5.56                      4.47   1.09     1.93
  SINCE JAN 1      8.35                      8.79  -0.44     2.71

DEGREE DAYS
 HEATING
  YESTERDAY       19                        18      1       22
  MONTH TO DATE  667                       632     35      608
  SINCE MAR 1   1522                      1694   -172     1691
  SINCE JUL 1   5832                      7034  -1202     7423

 COOLING
  YESTERDAY        0                         0      0        0
  MONTH TO DATE    0                         0      0        0
  SINCE MAR 1      0                         0      0        0
  SINCE JAN 1      0                         0      0        0
..................................................................


WIND (MPH)
  HIGHEST WIND SPEED    18   HIGHEST WIND DIRECTION     E (100)
  HIGHEST GUST SPEED    29   HIGHEST GUST DIRECTION     E (100)
  AVERAGE WIND SPEED     5.3




RELATIVE HUMIDITY (PERCENT)
 HIGHEST    82
 LOWEST     30
 AVERAGE    56

..........................................................


THE TRAVERSE CITY MI CLIMATE NORMALS FOR TODAY
                         NORMAL    RECORD    YEAR
 MAXIMUM TEMPERATURE (F)   60        90      1970
 MINIMUM TEMPERATURE (F)   36        21      1977


SUNRISE AND SUNSET
APRIL 29 2016.........SUNRISE   634 AM EDT   SUNSET   845 PM EDT
APRIL 30 2016.........SUNRISE   633 AM EDT   SUNSET   847 PM EDT


-  INDICATES NEGATIVE NUMBERS.
R  INDICATES RECORD WAS SET OR TIED.
MM INDICATES DATA IS MISSING.
T  INDICATES TRACE AMOUNT.




$$
