000
CDUS43 KAPX 230528
CLITVC


CLIMATE REPORT
NATIONAL WEATHER SERVICE GAYLORD MI
128 AM EDT TUE MAY 23 2017


...................................

...THE TRAVERSE CITY MI CLIMATE SUMMARY FOR MAY 22 2017...

CLIMATE NORMAL PERIOD 1981 TO 2010
CLIMATE RECORD PERIOD 1896 TO 2017


WEATHER ITEM   OBSERVED TIME   RECORD YEAR NORMAL DEPARTURE LAST
                VALUE   (LST)  VALUE       VALUE  FROM      YEAR
                                                  NORMAL
..................................................................
TEMPERATURE (F)
 YESTERDAY
  MAXIMUM         67    542 PM  89    1992  68     -1       70
  MINIMUM         48    730 AM  25    1967  43      5       43
  AVERAGE         58                        56      2       57

PRECIPITATION (IN)
  YESTERDAY        T             0.82 1934   0.08  -0.08     0.00
  MONTH TO DATE    0.82                      1.83  -1.01     0.52
  SINCE MAR 1      5.26                      6.47  -1.21     6.08
  SINCE JAN 1      8.59                     10.79  -2.20     8.87

DEGREE DAYS
 HEATING
  YESTERDAY        7                        10     -3        8
  MONTH TO DATE  304                       292     12      290
  SINCE MAR 1   1838                      2019   -181     1849
  SINCE JUL 1   6011                      7359  -1348     6159

 COOLING
  YESTERDAY        0                         1     -1        0
  MONTH TO DATE   18                         5     13        0
  SINCE MAR 1     21                         8     13        0
  SINCE JAN 1     21                         8     13        0
..................................................................


WIND (MPH)
  HIGHEST WIND SPEED    23   HIGHEST WIND DIRECTION     W (260)
  HIGHEST GUST SPEED    31   HIGHEST GUST DIRECTION     W (270)
  AVERAGE WIND SPEED     9.4




RELATIVE HUMIDITY (PERCENT)
 HIGHEST    86
 LOWEST     40
 AVERAGE    63

..........................................................


THE TRAVERSE CITY MI CLIMATE NORMALS FOR TODAY
                         NORMAL    RECORD    YEAR
 MAXIMUM TEMPERATURE (F)   68        90      1975
 MINIMUM TEMPERATURE (F)   44        24      1963


SUNRISE AND SUNSET
MAY 23 2017...........SUNRISE   606 AM EDT   SUNSET   913 PM EDT
MAY 24 2017...........SUNRISE   605 AM EDT   SUNSET   914 PM EDT


-  INDICATES NEGATIVE NUMBERS.
R  INDICATES RECORD WAS SET OR TIED.
MM INDICATES DATA IS MISSING.
T  INDICATES TRACE AMOUNT.




$$
