000
CDUS43 KAPX 270550
CLITVC


CLIMATE REPORT
NATIONAL WEATHER SERVICE GAYLORD MI
1249 AM EST TUE JAN 27 2015


...................................

...THE TRAVERSE CITY MI CLIMATE SUMMARY FOR JANUARY 26 2015...

CLIMATE NORMAL PERIOD 1981 TO 2010
CLIMATE RECORD PERIOD 1896 TO 2015


WEATHER ITEM   OBSERVED TIME   RECORD YEAR NORMAL DEPARTURE LAST
                VALUE   (LST)  VALUE       VALUE  FROM      YEAR
                                                  NORMAL
..................................................................
TEMPERATURE (F)
 YESTERDAY
  MAXIMUM         25    522 PM  59    1944  28     -3       16
  MINIMUM          0    834 AM -14    1927  14    -14        5
  AVERAGE         13                        21     -8       11

PRECIPITATION (IN)
  YESTERDAY        0.00          0.67 1971   0.08  -0.08     0.01
  MONTH TO DATE    0.37                      2.43  -2.06     0.92
  SINCE DEC 1      1.43                      4.92  -3.49     1.91
  SINCE JAN 1      0.37                      2.43  -2.06     0.92

DEGREE DAYS
 HEATING
  YESTERDAY       52                        44      8       54
  MONTH TO DATE 1211                      1129     82     1222
  SINCE DEC 1   2282                      2318    -36     2552
  SINCE JUL 1   3961                      3937     24     4043
..................................................................


WIND (MPH)
  HIGHEST WIND SPEED    10   HIGHEST WIND DIRECTION    SE (140)
  HIGHEST GUST SPEED    16   HIGHEST GUST DIRECTION    SE (120)
  AVERAGE WIND SPEED     2.9




RELATIVE HUMIDITY (PERCENT)
 HIGHEST    87
 LOWEST     46
 AVERAGE    67

..........................................................


THE TRAVERSE CITY MI CLIMATE NORMALS FOR TODAY
                         NORMAL    RECORD    YEAR
 MAXIMUM TEMPERATURE (F)   28        55      1916
 MINIMUM TEMPERATURE (F)   14       -19      1918


SUNRISE AND SUNSET
JANUARY 27 2015.......SUNRISE   807 AM EST   SUNSET   543 PM EST
JANUARY 28 2015.......SUNRISE   806 AM EST   SUNSET   545 PM EST


-  INDICATES NEGATIVE NUMBERS.
R  INDICATES RECORD WAS SET OR TIED.
MM INDICATES DATA IS MISSING.
T  INDICATES TRACE AMOUNT.




$$
