000
CDUS43 KAPX 020610
CLITVC


CLIMATE REPORT
NATIONAL WEATHER SERVICE GAYLORD MI
110 AM EST MON MAR 2 2015


...................................

...THE TRAVERSE CITY MI CLIMATE SUMMARY FOR MARCH 1 2015...

CLIMATE NORMAL PERIOD 1981 TO 2010
CLIMATE RECORD PERIOD 1896 TO 2015


WEATHER ITEM   OBSERVED TIME   RECORD YEAR NORMAL DEPARTURE LAST
                VALUE   (LST)  VALUE       VALUE  FROM      YEAR
                                                  NORMAL
..................................................................
TEMPERATURE (F)
 YESTERDAY
  MAXIMUM         26    427 PM  54    2000  34     -8       17
  MINIMUM         11   1211 AM -27    1962  17     -6        5
  AVERAGE         19                        26     -7       11

PRECIPITATION (IN)
  YESTERDAY        T             0.66 1972   0.06  -0.06     0.01
  MONTH TO DATE    T                         0.06  -0.06     0.01
  SINCE MAR 1      T                         0.06  -0.06     0.01
  SINCE JAN 1      0.78                      4.38  -3.60     1.43

DEGREE DAYS
 HEATING
  YESTERDAY       46                        39      7       54
  MONTH TO DATE   46                        39      7       54
  SINCE MAR 1     46                        39      7       54
  SINCE JUL 1   5778                      5379    399     5776
..................................................................


WIND (MPH)
  HIGHEST WIND SPEED    21   HIGHEST WIND DIRECTION     W (280)
  HIGHEST GUST SPEED    26   HIGHEST GUST DIRECTION     W (280)
  AVERAGE WIND SPEED     7.1




RELATIVE HUMIDITY (PERCENT)
 HIGHEST    88
 LOWEST     57
 AVERAGE    73

..........................................................


THE TRAVERSE CITY MI CLIMATE NORMALS FOR TODAY
                         NORMAL    RECORD    YEAR
 MAXIMUM TEMPERATURE (F)   35        53      1993
 MINIMUM TEMPERATURE (F)   17       -28      1962


SUNRISE AND SUNSET
MARCH  2 2015.........SUNRISE   719 AM EST   SUNSET   631 PM EST
MARCH  3 2015.........SUNRISE   717 AM EST   SUNSET   632 PM EST


-  INDICATES NEGATIVE NUMBERS.
R  INDICATES RECORD WAS SET OR TIED.
MM INDICATES DATA IS MISSING.
T  INDICATES TRACE AMOUNT.




$$
