854
CDUS43 KAPX 010528
CLITVC


CLIMATE REPORT
NATIONAL WEATHER SERVICE GAYLORD MI
1228 AM EST WED MAR 1 2017


...................................

...THE TRAVERSE CITY MI CLIMATE SUMMARY FOR FEBRUARY 28 2017...

CLIMATE NORMAL PERIOD 1981 TO 2010
CLIMATE RECORD PERIOD 1896 TO 2017


WEATHER ITEM   OBSERVED TIME   RECORD YEAR NORMAL DEPARTURE LAST
                VALUE   (LST)  VALUE       VALUE  FROM      YEAR
                                                  NORMAL
..................................................................
TEMPERATURE (F)
 YESTERDAY
  MAXIMUM         46    557 PM  54    2016  34     12       54
                                      1998
  MINIMUM         30    156 AM -22    1962  17     13       26
  AVERAGE         38                        25     13       40

PRECIPITATION (IN)
  YESTERDAY        0.18          0.52 1999   0.05   0.13     0.01
  MONTH TO DATE    1.52                      1.50   0.02     0.70
  SINCE DEC 1      4.56                      6.81  -2.25     5.78
  SINCE JAN 1      3.33                      4.32  -0.99     2.79

DEGREE DAYS
 HEATING
  YESTERDAY       27                        40    -13       25
  MONTH TO DATE  938                      1185   -247     1037
  SINCE DEC 1   3214                      3721   -507     3092
  SINCE JUL 1   4173                      5340  -1167     4272
..................................................................


WIND (MPH)
  HIGHEST WIND SPEED     9   HIGHEST WIND DIRECTION    SE (130)
  HIGHEST GUST SPEED    15   HIGHEST GUST DIRECTION    SE (150)
  AVERAGE WIND SPEED     3.4




RELATIVE HUMIDITY (PERCENT)
 HIGHEST    96
 LOWEST     64
 AVERAGE    80

..........................................................


THE TRAVERSE CITY MI CLIMATE NORMALS FOR TODAY
                         NORMAL    RECORD    YEAR
 MAXIMUM TEMPERATURE (F)   34        54      2000
 MINIMUM TEMPERATURE (F)   17       -27      1962


SUNRISE AND SUNSET
MARCH  1 2017.........SUNRISE   719 AM EST   SUNSET   630 PM EST
MARCH  2 2017.........SUNRISE   718 AM EST   SUNSET   632 PM EST


-  INDICATES NEGATIVE NUMBERS.
R  INDICATES RECORD WAS SET OR TIED.
MM INDICATES DATA IS MISSING.
T  INDICATES TRACE AMOUNT.




$$
