569
CDUS43 KAPX 210533
CLITVC


CLIMATE REPORT
NATIONAL WEATHER SERVICE GAYLORD MI
1233 AM EST WED FEB 21 2018


...................................

...THE TRAVERSE CITY MI CLIMATE SUMMARY FOR FEBRUARY 20 2018...

CLIMATE NORMAL PERIOD 1981 TO 2010
CLIMATE RECORD PERIOD 1896 TO 2018


WEATHER ITEM   OBSERVED TIME   RECORD YEAR NORMAL DEPARTURE LAST
                VALUE   (LST)  VALUE       VALUE  FROM      YEAR
                                                  NORMAL
..................................................................
TEMPERATURE (F)
 YESTERDAY
  MAXIMUM         58R   242 PM  57    1983  32     26       54
  MINIMUM         36   1159 PM -22    2015  15     21       28
  AVERAGE         47                        23     24       41

PRECIPITATION (IN)
  YESTERDAY        0.63          1.19 2002   0.05   0.58     0.00
  MONTH TO DATE    1.02                      1.07  -0.05     0.61
  SINCE DEC 1      3.43                      6.38  -2.95     3.65
  SINCE JAN 1      2.11                      3.89  -1.78     2.42

DEGREE DAYS
 HEATING
  YESTERDAY       18                        42    -24       24
  MONTH TO DATE  855                       861     -6      725
  SINCE DEC 1   3383                      3398    -15     3001
  SINCE JUL 1   4677                      5017   -340     3960
..................................................................


WIND (MPH)
  HIGHEST WIND SPEED    20   HIGHEST WIND DIRECTION     W (280)
  HIGHEST GUST SPEED    24   HIGHEST GUST DIRECTION     W (280)
  AVERAGE WIND SPEED     5.7




RELATIVE HUMIDITY (PERCENT)
 HIGHEST   100
 LOWEST     80
 AVERAGE    90

..........................................................


THE TRAVERSE CITY MI CLIMATE NORMALS FOR TODAY
                         NORMAL    RECORD    YEAR
 MAXIMUM TEMPERATURE (F)   32        60      2017
 MINIMUM TEMPERATURE (F)   16       -14      1918


SUNRISE AND SUNSET
FEBRUARY 21 2018......SUNRISE   733 AM EST   SUNSET   619 PM EST
FEBRUARY 22 2018......SUNRISE   732 AM EST   SUNSET   620 PM EST


-  INDICATES NEGATIVE NUMBERS.
R  INDICATES RECORD WAS SET OR TIED.
MM INDICATES DATA IS MISSING.
T  INDICATES TRACE AMOUNT.




$$
