000
CDUS44 KJAN 200648
CLITVR


CLIMATE REPORT
NATIONAL WEATHER SERVICE JACKSON MS
146 AM CDT MON OCT 20 2014


...................................

...THE VICKSBURG CLIMATE SUMMARY FOR OCTOBER 19 2014...

CLIMATE NORMAL PERIOD 1981 TO 2010
CLIMATE RECORD PERIOD 1948 TO 2014


WEATHER ITEM   OBSERVED TIME   RECORD YEAR NORMAL DEPARTURE LAST
                VALUE   (LST)  VALUE       VALUE  FROM      YEAR
                                                  NORMAL
..................................................................
TEMPERATURE (F)
 YESTERDAY
  MAXIMUM         73    332 PM  88    2005  78     -5       72
                                      1972
                                      1963
  MINIMUM         43   1155 PM  26    1948  51     -8       42
  AVERAGE         58                        65     -7       57

PRECIPITATION (IN)
  YESTERDAY        0.00          1.25 2006   0.17  -0.17     0.03
  MONTH TO DATE    4.55                      2.88   1.67     1.51
  SINCE SEP 1      5.55                      5.77  -0.22     7.16
  SINCE JAN 1     49.79                     42.34   7.45    55.31

SNOWFALL (IN)
  YESTERDAY        0.0

DEGREE DAYS
 HEATING
  YESTERDAY        7                         3      4        8
  MONTH TO DATE   26                        36    -10       26
  SINCE SEP 1     26                        41    -15       26
  SINCE JUL 1     26                        41    -15       26

 COOLING
  YESTERDAY        0                         3     -3        0
  MONTH TO DATE  126                        83     43      121
  SINCE SEP 1    512                       391    121      526
  SINCE JAN 1   2170                      2180    -10     2233
..................................................................


WIND (MPH)
  HIGHEST WIND SPEED    13   HIGHEST WIND DIRECTION     E (90)
  HIGHEST GUST SPEED    17   HIGHEST GUST DIRECTION     E (100)
  AVERAGE WIND SPEED     5.1


SKY COVER
  POSSIBLE SUNSHINE  MM
  AVERAGE SKY COVER 0.0


WEATHER CONDITIONS
 THE FOLLOWING WEATHER WAS RECORDED YESTERDAY.
  NO SIGNIFICANT WEATHER WAS OBSERVED.


RELATIVE HUMIDITY (PERCENT)
 HIGHEST   100          1100 PM
 LOWEST     35           300 PM
 AVERAGE    68

..........................................................


THE VICKSBURG CLIMATE NORMALS FOR TODAY
                         NORMAL    RECORD    YEAR
 MAXIMUM TEMPERATURE (F)   77        90      2004
 MINIMUM TEMPERATURE (F)   51        27      2011


SUNRISE AND SUNSET
OCTOBER 20 2014.......SUNRISE   712 AM CDT   SUNSET   626 PM CDT
OCTOBER 21 2014.......SUNRISE   712 AM CDT   SUNSET   625 PM CDT


-  INDICATES NEGATIVE NUMBERS.
R  INDICATES RECORD WAS SET OR TIED.
MM INDICATES DATA IS MISSING.
T  INDICATES TRACE AMOUNT.




$$
