000
CDUS44 KJAN 280819
CLITVR


CLIMATE REPORT
NATIONAL WEATHER SERVICE JACKSON MS
314 AM CDT MON JUL 28 2014


...................................

...THE VICKSBURG CLIMATE SUMMARY FOR JULY 27 2014...

CLIMATE NORMAL PERIOD 1981 TO 2010
CLIMATE RECORD PERIOD 1948 TO 2014


WEATHER ITEM   OBSERVED TIME   RECORD YEAR NORMAL DEPARTURE LAST
                VALUE   (LST)  VALUE       VALUE  FROM      YEAR
                                                  NORMAL
..................................................................
TEMPERATURE (F)
 YESTERDAY
  MAXIMUM         94    204 PM 102    2008  93      1       85
  MINIMUM         77   1159 PM  64    2004  71      6       71
  AVERAGE         86                        82      4       78

PRECIPITATION (IN)
  YESTERDAY        0.00          2.94 2013   0.12  -0.12     2.94
  MONTH TO DATE    2.87                      3.19  -0.32     6.45
  SINCE JUN 1      9.42                      7.18   2.24    11.78
  SINCE JAN 1     37.75                     32.48   5.27    47.10

SNOWFALL (IN)
  YESTERDAY        0.0

DEGREE DAYS
 HEATING
  YESTERDAY        0                         0      0        0
  MONTH TO DATE    0                         0      0        0
  SINCE JUN 1      0                         0      0        0
  SINCE JUL 1      0                         0      0        0

 COOLING
  YESTERDAY       21                        17      4       13
  MONTH TO DATE  360                       445    -85      383
  SINCE JUN 1    784                       863    -79      824
  SINCE JAN 1   1134                      1233    -99     1154
..................................................................


WIND (MPH)
  HIGHEST WIND SPEED     9   HIGHEST WIND DIRECTION     W (290)
  HIGHEST GUST SPEED    13   HIGHEST GUST DIRECTION     W (280)
  AVERAGE WIND SPEED     4.0


SKY COVER
  POSSIBLE SUNSHINE  MM
  AVERAGE SKY COVER 0.0


WEATHER CONDITIONS
 THE FOLLOWING WEATHER WAS RECORDED YESTERDAY.
  FOG


RELATIVE HUMIDITY (PERCENT)
 HIGHEST    94           500 AM
 LOWEST     52           200 PM
 AVERAGE    73

..........................................................


THE VICKSBURG CLIMATE NORMALS FOR TODAY
                         NORMAL    RECORD    YEAR
 MAXIMUM TEMPERATURE (F)   93       102      2008
 MINIMUM TEMPERATURE (F)   71        63      2004
                                             1994


SUNRISE AND SUNSET
JULY 28 2014..........SUNRISE   616 AM CDT   SUNSET   805 PM CDT
JULY 29 2014..........SUNRISE   617 AM CDT   SUNSET   804 PM CDT


-  INDICATES NEGATIVE NUMBERS.
R  INDICATES RECORD WAS SET OR TIED.
MM INDICATES DATA IS MISSING.
T  INDICATES TRACE AMOUNT.




$$
