000
CDUS44 KJAN 232106
CLITVR


CLIMATE REPORT
NATIONAL WEATHER SERVICE JACKSON MS
405 PM CDT SUN APR 23 2017


...................................

...THE VICKSBURG CLIMATE SUMMARY FOR APRIL 23 2017...
VALID TODAY AS OF 0400 PM LOCAL TIME.

CLIMATE NORMAL PERIOD 1981 TO 2010
CLIMATE RECORD PERIOD 1948 TO 2017


WEATHER ITEM   OBSERVED TIME   RECORD YEAR NORMAL DEPARTURE LAST
                VALUE   (LST)  VALUE       VALUE  FROM      YEAR
                                                  NORMAL
..................................................................
TEMPERATURE (F)
 TODAY
  MAXIMUM         64    250 PM  89    1958  78    -14       82
  MINIMUM         53    726 AM  40    1959  55     -2       61
  AVERAGE         59                        67     -8       72

PRECIPITATION (IN)
  TODAY            0.00          3.60 1995   0.15  -0.15     0.00
  MONTH TO DATE    8.04                      3.87   4.17     9.76
  SINCE MAR 1     10.90                      8.90   2.00    21.95
  SINCE JAN 1     17.66                     19.24  -1.58    31.95

SNOWFALL (IN)
  TODAY            0.0

DEGREE DAYS
 HEATING
  TODAY            6                         2      4        0
  MONTH TO DATE   22                        89    -67       21
  SINCE MAR 1    196                       354   -158      129
  SINCE JUL 1   1472                      2330   -858     1507

 COOLING
  TODAY            0                         3     -3        7
  MONTH TO DATE  110                        57     53       67
  SINCE MAR 1    196                        80    116      142
  SINCE JAN 1    247                        89    158      154
..................................................................


WIND (MPH)
  HIGHEST WIND SPEED    15   HIGHEST WIND DIRECTION    NW (320)
  HIGHEST GUST SPEED    21   HIGHEST GUST DIRECTION     N (340)
  AVERAGE WIND SPEED     7.3


SKY COVER
  POSSIBLE SUNSHINE  MM
  AVERAGE SKY COVER 0.9


WEATHER CONDITIONS
 THE FOLLOWING WEATHER WAS RECORDED TODAY.
  NO SIGNIFICANT WEATHER WAS OBSERVED.


RELATIVE HUMIDITY (PERCENT)
 HIGHEST    93           100 AM
 LOWEST     56           200 PM
 AVERAGE    75

..........................................................


THE VICKSBURG CLIMATE NORMALS FOR TOMORROW
                         NORMAL    RECORD    YEAR
 MAXIMUM TEMPERATURE (F)   78        89      1999
                                             1958
 MINIMUM TEMPERATURE (F)   55        39      2012
                                             2005


SUNRISE AND SUNSET
APRIL 23 2017.........SUNRISE   626 AM CDT   SUNSET   740 PM CDT
APRIL 24 2017.........SUNRISE   624 AM CDT   SUNSET   740 PM CDT


-  INDICATES NEGATIVE NUMBERS.
R  INDICATES RECORD WAS SET OR TIED.
MM INDICATES DATA IS MISSING.
T  INDICATES TRACE AMOUNT.




$$
