000
CDUS44 KJAN 242210
CLITVR


CLIMATE REPORT
NATIONAL WEATHER SERVICE JACKSON MS
409 PM CST SAT JAN 24 2015


...................................

...THE VICKSBURG CLIMATE SUMMARY FOR JANUARY 24 2015...
VALID TODAY AS OF 0400 PM LOCAL TIME.

CLIMATE NORMAL PERIOD 1981 TO 2010
CLIMATE RECORD PERIOD 1948 TO 2015


WEATHER ITEM   OBSERVED TIME   RECORD YEAR NORMAL DEPARTURE LAST
                VALUE   (LST)  VALUE       VALUE  FROM      YEAR
                                                  NORMAL
..................................................................
TEMPERATURE (F)
 TODAY
  MAXIMUM         57    214 PM  80    1950  56      1       36
  MINIMUM         30    718 AM  -2    1948  36     -6       17
  AVERAGE         44                        46     -2       27

PRECIPITATION (IN)
  TODAY            0.00          1.31 1984   0.18  -0.18     0.00
  MONTH TO DATE    5.57                      3.80   1.77     2.26
  SINCE DEC 1     10.16                      9.41   0.75     6.61
  SINCE JAN 1      5.57                      3.80   1.77     2.26

SNOWFALL (IN)
  TODAY            0.0

DEGREE DAYS
 HEATING
  TODAY           21                        19      2       38
  MONTH TO DATE  532                       477     55      565
  SINCE DEC 1    994                      1012    -18     1160
  SINCE JUL 1   1532                      1414    118     1690

 COOLING
  TODAY            0                         0      0        0
  MONTH TO DATE    0                         0      0        0
  SINCE DEC 1      4                         6     -2       16
  SINCE JAN 1      0                         0      0        0
..................................................................


WIND (MPH)
  HIGHEST WIND SPEED    14   HIGHEST WIND DIRECTION     W (280)
  HIGHEST GUST SPEED    18   HIGHEST GUST DIRECTION     W (290)
  AVERAGE WIND SPEED     4.2


SKY COVER
  POSSIBLE SUNSHINE  MM
  AVERAGE SKY COVER 0.1


WEATHER CONDITIONS
 THE FOLLOWING WEATHER WAS RECORDED TODAY.
  FOG


RELATIVE HUMIDITY (PERCENT)
 HIGHEST    96           100 AM
 LOWEST     43           200 PM
 AVERAGE    70

..........................................................


THE VICKSBURG CLIMATE NORMALS FOR TOMORROW
                         NORMAL    RECORD    YEAR
 MAXIMUM TEMPERATURE (F)   56        80      1972
 MINIMUM TEMPERATURE (F)   36         9      1963


SUNRISE AND SUNSET
JANUARY 24 2015.......SUNRISE   703 AM CST   SUNSET   530 PM CST
JANUARY 25 2015.......SUNRISE   702 AM CST   SUNSET   531 PM CST


-  INDICATES NEGATIVE NUMBERS.
R  INDICATES RECORD WAS SET OR TIED.
MM INDICATES DATA IS MISSING.
T  INDICATES TRACE AMOUNT.




$$
