000
CDUS44 KJAN 230807
CLITVR


CLIMATE REPORT
NATIONAL WEATHER SERVICE JACKSON MS
302 AM CDT SAT AUG 23 2014


...................................

...THE VICKSBURG CLIMATE SUMMARY FOR AUGUST 22 2014...

CLIMATE NORMAL PERIOD 1981 TO 2010
CLIMATE RECORD PERIOD 1948 TO 2014


WEATHER ITEM   OBSERVED TIME   RECORD YEAR NORMAL DEPARTURE LAST
                VALUE   (LST)  VALUE       VALUE  FROM      YEAR
                                                  NORMAL
..................................................................
TEMPERATURE (F)
 YESTERDAY
  MAXIMUM         94    342 PM 101    1980  92      2       94
  MINIMUM         71    605 AM  53    1961  69      2       68
                                      1956
  AVERAGE         83                        80      3       81

PRECIPITATION (IN)
  YESTERDAY        0.00          1.43 1988   0.15  -0.15     0.00
  MONTH TO DATE    4.66                      2.40   2.26     1.05
  SINCE JUN 1     14.14                     10.02   4.12    12.83
  SINCE JAN 1     42.47                     35.32   7.15    48.15

SNOWFALL (IN)
  YESTERDAY        0.0

DEGREE DAYS
 HEATING
  YESTERDAY        0                         0      0        0
  MONTH TO DATE    0                         0      0        0
  SINCE JUN 1      0                         0      0        0
  SINCE JUL 1      0                         0      0        0

 COOLING
  YESTERDAY       18                        15      3       16
  MONTH TO DATE  328                       361    -33      358
  SINCE JUN 1   1159                      1289   -130     1248
  SINCE JAN 1   1509                      1659   -150     1578
..................................................................


WIND (MPH)
  HIGHEST WIND SPEED     8   HIGHEST WIND DIRECTION     S (180)
  HIGHEST GUST SPEED    12   HIGHEST GUST DIRECTION     W (290)
  AVERAGE WIND SPEED     2.5


SKY COVER
  POSSIBLE SUNSHINE  MM
  AVERAGE SKY COVER 0.0


WEATHER CONDITIONS
 THE FOLLOWING WEATHER WAS RECORDED YESTERDAY.
  FOG


RELATIVE HUMIDITY (PERCENT)
 HIGHEST    94           700 AM
 LOWEST     46           200 PM
 AVERAGE    70

..........................................................


THE VICKSBURG CLIMATE NORMALS FOR TODAY
                         NORMAL    RECORD    YEAR
 MAXIMUM TEMPERATURE (F)   92       102      2011
 MINIMUM TEMPERATURE (F)   69        52      1956


SUNRISE AND SUNSET
AUGUST 23 2014........SUNRISE   633 AM CDT   SUNSET   739 PM CDT
AUGUST 24 2014........SUNRISE   634 AM CDT   SUNSET   738 PM CDT


-  INDICATES NEGATIVE NUMBERS.
R  INDICATES RECORD WAS SET OR TIED.
MM INDICATES DATA IS MISSING.
T  INDICATES TRACE AMOUNT.




$$
