000
CDUS44 KJAN 250626
CLITVR


CLIMATE REPORT
NATIONAL WEATHER SERVICE JACKSON MS
124 AM CDT SAT MAR 25 2017


...................................

...THE VICKSBURG CLIMATE SUMMARY FOR MARCH 24 2017...

CLIMATE NORMAL PERIOD 1981 TO 2010
CLIMATE RECORD PERIOD 1948 TO 2017


WEATHER ITEM   OBSERVED TIME   RECORD YEAR NORMAL DEPARTURE LAST
                VALUE   (LST)  VALUE       VALUE  FROM      YEAR
                                                  NORMAL
..................................................................
TEMPERATURE (F)
 YESTERDAY
  MAXIMUM         82    232 PM  84    2000  71     11       68
                                      1995
  MINIMUM         65    234 AM  29    1968  48     17       53
  AVERAGE         74                        59     15       61

PRECIPITATION (IN)
  YESTERDAY        0.00          2.13 1969   0.16  -0.16     0.55
  MONTH TO DATE    1.35                      3.92  -2.57     8.98
  SINCE MAR 1      1.35                      3.92  -2.57     8.98
  SINCE JAN 1      8.11                     14.26  -6.15    18.98

SNOWFALL (IN)
  YESTERDAY        0.0

DEGREE DAYS
 HEATING
  YESTERDAY        0                         7     -7        4
  MONTH TO DATE  169                       222    -53       91
  SINCE MAR 1    169                       222    -53       91
  SINCE JUL 1   1445                      2198   -753     1469

 COOLING
  YESTERDAY        9                         1      8        0
  MONTH TO DATE   52                        21     31       57
  SINCE MAR 1     52                        21     31       57
  SINCE JAN 1    103                        30     73       69
..................................................................


WIND (MPH)
  HIGHEST WIND SPEED    28   HIGHEST WIND DIRECTION     S (160)
  HIGHEST GUST SPEED    36   HIGHEST GUST DIRECTION     S (170)
  AVERAGE WIND SPEED    17.3


SKY COVER
  POSSIBLE SUNSHINE  MM
  AVERAGE SKY COVER 0.5


WEATHER CONDITIONS
 THE FOLLOWING WEATHER WAS RECORDED YESTERDAY.
  NO SIGNIFICANT WEATHER WAS OBSERVED.


RELATIVE HUMIDITY (PERCENT)
 HIGHEST    81           100 AM
 LOWEST     42           300 PM
 AVERAGE    62

..........................................................


THE VICKSBURG CLIMATE NORMALS FOR TODAY
                         NORMAL    RECORD    YEAR
 MAXIMUM TEMPERATURE (F)   71        83      1955
 MINIMUM TEMPERATURE (F)   48        28      1966


SUNRISE AND SUNSET
MARCH 25 2017.........SUNRISE   701 AM CDT   SUNSET   719 PM CDT
MARCH 26 2017.........SUNRISE   700 AM CDT   SUNSET   720 PM CDT


-  INDICATES NEGATIVE NUMBERS.
R  INDICATES RECORD WAS SET OR TIED.
MM INDICATES DATA IS MISSING.
T  INDICATES TRACE AMOUNT.




$$
