000
CDUS44 KJAN 232222
CLITVR


CLIMATE REPORT
NATIONAL WEATHER SERVICE JACKSON MS
421 PM CST THU NOV 23 2017


...................................

...THE VICKSBURG CLIMATE SUMMARY FOR NOVEMBER 23 2017...
VALID TODAY AS OF 0400 PM LOCAL TIME.

CLIMATE NORMAL PERIOD 1981 TO 2010
CLIMATE RECORD PERIOD 1948 TO 2017


WEATHER ITEM   OBSERVED TIME   RECORD YEAR NORMAL DEPARTURE LAST
                VALUE   (LST)  VALUE       VALUE  FROM      YEAR
                                                  NORMAL
..................................................................
TEMPERATURE (F)
 TODAY
  MAXIMUM         58    334 PM  85    2010  65     -7       69
  MINIMUM         25    636 AM  22    1976  42    -17       45
  AVERAGE         42                        53    -11       57

PRECIPITATION (IN)
  TODAY            0.00          3.10 1983   0.17  -0.17     0.28
  MONTH TO DATE    0.93                      3.56  -2.63     1.19
  SINCE SEP 1      4.20                     11.12  -6.92     1.31
  SINCE JAN 1     53.62                     47.69   5.93    52.86

SNOWFALL (IN)
  TODAY            0.0

DEGREE DAYS
 HEATING
  TODAY           23                        12     11        8
  MONTH TO DATE  177                       207    -30      167
  SINCE SEP 1    281                       309    -28      196
  SINCE JUL 1    281                       309    -28      196

 COOLING
  TODAY            0                         0      0        0
  MONTH TO DATE   56                        12     44       25
  SINCE SEP 1    576                       432    144      672
  SINCE JAN 1   2498                      2221    277     2919
..................................................................


WIND (MPH)
  HIGHEST WIND SPEED    12   HIGHEST WIND DIRECTION     N (10)
  HIGHEST GUST SPEED    14   HIGHEST GUST DIRECTION     N (10)
  AVERAGE WIND SPEED     5.3


SKY COVER
  POSSIBLE SUNSHINE  MM
  AVERAGE SKY COVER 0.0


WEATHER CONDITIONS
 THE FOLLOWING WEATHER WAS RECORDED TODAY.
  FOG


RELATIVE HUMIDITY (PERCENT)
 HIGHEST   100           700 AM
 LOWEST     24           200 PM
 AVERAGE    62

..........................................................


THE VICKSBURG CLIMATE NORMALS FOR TOMORROW
                         NORMAL    RECORD    YEAR
 MAXIMUM TEMPERATURE (F)   65        82      2010
 MINIMUM TEMPERATURE (F)   41        21      1970


SUNRISE AND SUNSET
NOVEMBER 23 2017......SUNRISE   641 AM CST   SUNSET   500 PM CST
NOVEMBER 24 2017......SUNRISE   642 AM CST   SUNSET   500 PM CST


-  INDICATES NEGATIVE NUMBERS.
R  INDICATES RECORD WAS SET OR TIED.
MM INDICATES DATA IS MISSING.
T  INDICATES TRACE AMOUNT.




$$
