000
CDUS44 KJAN 210859
CLITVR


CLIMATE REPORT
NATIONAL WEATHER SERVICE JACKSON MS
255 AM CST SUN DEC 21 2014


...................................

...THE VICKSBURG CLIMATE SUMMARY FOR DECEMBER 20 2014...

CLIMATE NORMAL PERIOD 1981 TO 2010
CLIMATE RECORD PERIOD 1948 TO 2014


WEATHER ITEM   OBSERVED TIME   RECORD YEAR NORMAL DEPARTURE LAST
                VALUE   (LST)  VALUE       VALUE  FROM      YEAR
                                                  NORMAL
..................................................................
TEMPERATURE (F)
 YESTERDAY
  MAXIMUM         59    310 PM  78    1978  57      2       76
  MINIMUM         40   1155 PM  17    1981  37      3       61
  AVERAGE         50                        47      3       69

PRECIPITATION (IN)
  YESTERDAY        T             2.10 1951   0.17  -0.17     0.13
  MONTH TO DATE    1.33                      3.83  -2.50     2.66
  SINCE DEC 1      1.33                      3.83  -2.50     2.66
  SINCE JAN 1     55.24                     52.96   2.28    66.24

SNOWFALL (IN)
  YESTERDAY        0.0

DEGREE DAYS
 HEATING
  YESTERDAY       15                        18     -3        0
  MONTH TO DATE  279                       328    -49      368
  SINCE DEC 1    279                       328    -49      368
  SINCE JUL 1    817                       730     87      898

 COOLING
  YESTERDAY        0                         0      0        4
  MONTH TO DATE    4                         0      4       12
  SINCE DEC 1      4                         0      4       12
  SINCE JAN 1   2193                      2225    -32     2276
..................................................................


WIND (MPH)
  HIGHEST WIND SPEED    13   HIGHEST WIND DIRECTION     E (70)
  HIGHEST GUST SPEED    16   HIGHEST GUST DIRECTION     E (70)
  AVERAGE WIND SPEED     7.9


SKY COVER
  POSSIBLE SUNSHINE  MM
  AVERAGE SKY COVER 0.4


WEATHER CONDITIONS
 THE FOLLOWING WEATHER WAS RECORDED YESTERDAY.
  LIGHT RAIN
  FOG
  HAZE


RELATIVE HUMIDITY (PERCENT)
 HIGHEST    92           400 AM
 LOWEST     51           200 PM
 AVERAGE    72

..........................................................


THE VICKSBURG CLIMATE NORMALS FOR TODAY
                         NORMAL    RECORD    YEAR
 MAXIMUM TEMPERATURE (F)   57        79      2013
                                             1971
                                             1967
 MINIMUM TEMPERATURE (F)   37        19      1996


SUNRISE AND SUNSET
DECEMBER 21 2014......SUNRISE   701 AM CST   SUNSET   503 PM CST
DECEMBER 22 2014......SUNRISE   702 AM CST   SUNSET   504 PM CST


-  INDICATES NEGATIVE NUMBERS.
R  INDICATES RECORD WAS SET OR TIED.
MM INDICATES DATA IS MISSING.
T  INDICATES TRACE AMOUNT.




$$
