000
CDUS44 KJAN 012115
CLITVR


CLIMATE REPORT
NATIONAL WEATHER SERVICE JACKSON MS
414 PM CDT SAT AUG 1 2015


...................................

...THE VICKSBURG CLIMATE SUMMARY FOR AUGUST 1 2015...
VALID TODAY AS OF 0400 PM LOCAL TIME.

CLIMATE NORMAL PERIOD 1981 TO 2010
CLIMATE RECORD PERIOD 1948 TO 2015


WEATHER ITEM   OBSERVED TIME   RECORD YEAR NORMAL DEPARTURE LAST
                VALUE   (LST)  VALUE       VALUE  FROM      YEAR
                                                  NORMAL
..................................................................
TEMPERATURE (F)
 TODAY
  MAXIMUM         96    259 PM 102    2011  93      3       77
                                      2010
                                      1986
  MINIMUM         73    459 AM  61    1948  71      2       70
  AVERAGE         85                        82      3       74

PRECIPITATION (IN)
  TODAY            0.00          0.94 1956   0.09  -0.09     0.65
  MONTH TO DATE    0.00                      0.09  -0.09     0.65
  SINCE JUN 1      6.97                      7.71  -0.74    10.13
  SINCE JAN 1     37.24                     33.01   4.23    38.46

SNOWFALL (IN)
  TODAY            0.0

DEGREE DAYS
 HEATING
  TODAY            0                         0      0        0
  MONTH TO DATE    0                         0      0        0
  SINCE JUN 1      0                         0      0        0
  SINCE JUL 1      0                         0      0        0

 COOLING
  TODAY           20                        17      3        9
  MONTH TO DATE   20                        17      3        9
  SINCE JUN 1   1097                       945    152      840
  SINCE JAN 1   1543                      1315    228     1190
..................................................................


WIND (MPH)
  HIGHEST WIND SPEED    14   HIGHEST WIND DIRECTION    NE (30)
  HIGHEST GUST SPEED    18   HIGHEST GUST DIRECTION     N (20)
  AVERAGE WIND SPEED     8.8


SKY COVER
  POSSIBLE SUNSHINE  MM
  AVERAGE SKY COVER 0.0


WEATHER CONDITIONS
 THE FOLLOWING WEATHER WAS RECORDED TODAY.
  NO SIGNIFICANT WEATHER WAS OBSERVED.


RELATIVE HUMIDITY (PERCENT)
 HIGHEST    84           400 AM
 LOWEST     31           200 PM
 AVERAGE    58

..........................................................


THE VICKSBURG CLIMATE NORMALS FOR TOMORROW
                         NORMAL    RECORD    YEAR
 MAXIMUM TEMPERATURE (F)   93       103      2010
 MINIMUM TEMPERATURE (F)   71        60      1965


SUNRISE AND SUNSET
AUGUST  1 2015........SUNRISE   619 AM CDT   SUNSET   802 PM CDT
AUGUST  2 2015........SUNRISE   619 AM CDT   SUNSET   801 PM CDT


-  INDICATES NEGATIVE NUMBERS.
R  INDICATES RECORD WAS SET OR TIED.
MM INDICATES DATA IS MISSING.
T  INDICATES TRACE AMOUNT.




$$
