000
CDUS44 KJAN 290702
CLITVR


CLIMATE REPORT
NATIONAL WEATHER SERVICE JACKSON MS
201 AM CDT FRI APR 29 2016


...................................

...THE VICKSBURG CLIMATE SUMMARY FOR APRIL 28 2016...

CLIMATE NORMAL PERIOD 1981 TO 2010
CLIMATE RECORD PERIOD 1948 TO 2016


WEATHER ITEM   OBSERVED TIME   RECORD YEAR NORMAL DEPARTURE LAST
                VALUE   (LST)  VALUE       VALUE  FROM      YEAR
                                                  NORMAL
..................................................................
TEMPERATURE (F)
 YESTERDAY
  MAXIMUM         91    305 PM  92    2002  79     12       62
  MINIMUM         66    529 AM  42    2010  57      9       55
                                      1992
  AVERAGE         79                        68     11       59

PRECIPITATION (IN)
  YESTERDAY        0.00          2.09 1998   0.16  -0.16     0.12
  MONTH TO DATE   10.40                      4.65   5.75     6.04
  SINCE MAR 1     22.59                      9.68  12.91    10.28
  SINCE JAN 1     32.59                     20.02  12.57    21.53

SNOWFALL (IN)
  YESTERDAY        0.0

DEGREE DAYS
 HEATING
  YESTERDAY        0                         1     -1        6
  MONTH TO DATE   21                        97    -76       35
  SINCE MAR 1    129                       362   -233      258
  SINCE JUL 1   1507                      2338   -831     2516

 COOLING
  YESTERDAY       14                         4     10        0
  MONTH TO DATE  119                        77     42      131
  SINCE MAR 1    194                       100     94      153
  SINCE JAN 1    206                       109     97      153
..................................................................


WIND (MPH)
  HIGHEST WIND SPEED     9   HIGHEST WIND DIRECTION    SE (140)
  HIGHEST GUST SPEED    14   HIGHEST GUST DIRECTION     S (170)
  AVERAGE WIND SPEED     2.4


SKY COVER
  POSSIBLE SUNSHINE  MM
  AVERAGE SKY COVER 0.2


WEATHER CONDITIONS
 THE FOLLOWING WEATHER WAS RECORDED YESTERDAY.
  FOG
  FOG W/VISIBILITY <= 1/4 MILE


RELATIVE HUMIDITY (PERCENT)
 HIGHEST    93           200 AM
 LOWEST     34           200 PM
 AVERAGE    64

..........................................................


THE VICKSBURG CLIMATE NORMALS FOR TODAY
                         NORMAL    RECORD    YEAR
 MAXIMUM TEMPERATURE (F)   79        91      1955
 MINIMUM TEMPERATURE (F)   57        40      1965


SUNRISE AND SUNSET
APRIL 29 2016.........SUNRISE   619 AM CDT   SUNSET   744 PM CDT
APRIL 30 2016.........SUNRISE   618 AM CDT   SUNSET   745 PM CDT


-  INDICATES NEGATIVE NUMBERS.
R  INDICATES RECORD WAS SET OR TIED.
MM INDICATES DATA IS MISSING.
T  INDICATES TRACE AMOUNT.




$$
