000
CDUS44 KJAN 260634
CLITVR


CLIMATE REPORT
NATIONAL WEATHER SERVICE JACKSON MS
127 AM CDT SAT JUL 26 2014


...................................

...THE VICKSBURG CLIMATE SUMMARY FOR JULY 25 2014...

CLIMATE NORMAL PERIOD 1981 TO 2010
CLIMATE RECORD PERIOD 1948 TO 2014


WEATHER ITEM   OBSERVED TIME   RECORD YEAR NORMAL DEPARTURE LAST
                VALUE   (LST)  VALUE       VALUE  FROM      YEAR
                                                  NORMAL
..................................................................
TEMPERATURE (F)
 YESTERDAY
  MAXIMUM         91    439 PM 101    1952  92     -1       90
  MINIMUM         66    535 AM  63    2009  71     -5       68
  AVERAGE         79                        82     -3       79

PRECIPITATION (IN)
  YESTERDAY        0.00          2.12 1971   0.11  -0.11     0.00
  MONTH TO DATE    2.87                      2.97  -0.10     3.50
  SINCE JUN 1      9.42                      6.96   2.46     8.83
  SINCE JAN 1     37.75                     32.26   5.49    44.15

SNOWFALL (IN)
  YESTERDAY        0.0

DEGREE DAYS
 HEATING
  YESTERDAY        0                         0      0        0
  MONTH TO DATE    0                         0      0        0
  SINCE JUN 1      0                         0      0        0
  SINCE JUL 1      0                         0      0        0

 COOLING
  YESTERDAY       14                        17     -3       14
  MONTH TO DATE  322                       411    -89      360
  SINCE JUN 1    746                       829    -83      801
  SINCE JAN 1   1096                      1199   -103     1131
..................................................................


WIND (MPH)
  HIGHEST WIND SPEED     9   HIGHEST WIND DIRECTION    NE (40)
  HIGHEST GUST SPEED    12   HIGHEST GUST DIRECTION    NW (310)
  AVERAGE WIND SPEED     3.0


SKY COVER
  POSSIBLE SUNSHINE  MM
  AVERAGE SKY COVER 0.1


WEATHER CONDITIONS
 THE FOLLOWING WEATHER WAS RECORDED YESTERDAY.
  FOG


RELATIVE HUMIDITY (PERCENT)
 HIGHEST    94           900 PM
 LOWEST     56           100 PM
 AVERAGE    75

..........................................................


THE VICKSBURG CLIMATE NORMALS FOR TODAY
                         NORMAL    RECORD    YEAR
 MAXIMUM TEMPERATURE (F)   93       101      2008
 MINIMUM TEMPERATURE (F)   71        63      2013


SUNRISE AND SUNSET
JULY 26 2014..........SUNRISE   615 AM CDT   SUNSET   806 PM CDT
JULY 27 2014..........SUNRISE   616 AM CDT   SUNSET   805 PM CDT


-  INDICATES NEGATIVE NUMBERS.
R  INDICATES RECORD WAS SET OR TIED.
MM INDICATES DATA IS MISSING.
T  INDICATES TRACE AMOUNT.




$$
