000
CDUS45 KBOI 230933
CLITWF


CLIMATE REPORT
NATIONAL WEATHER SERVICE BOISE ID
233 AM MST TUE JAN 23 2018


...................................

...THE TWIN FALLS ID CLIMATE SUMMARY FOR JANUARY 22 2018...

CLIMATE NORMAL PERIOD 1981 TO 2010
CLIMATE RECORD PERIOD 9999 TO 9999


WEATHER ITEM   OBSERVED TIME   NORMAL DEPARTURE LAST
                VALUE   (LST)  VALUE  FROM      YEAR
                                      NORMAL
......................................................
TEMPERATURE (F)
 YESTERDAY
  MAXIMUM         40    144 PM  38      2       40
  MINIMUM         27   1148 PM  22      5       32
  AVERAGE         34

PRECIPITATION (IN)
  YESTERDAY        T             0.02  -0.02      T
  MONTH TO DATE    0.80          0.76   0.04     1.19
  SINCE OCT 1      3.36          4.01  -0.65     5.69
  SINCE JAN 1      0.80          0.76   0.04     1.19

DEGREE DAYS
 HEATING
  YESTERDAY       31            35     -4       29
  MONTH TO DATE  671           784   -113      950
  SINCE DEC 1   1822          1913    -91     2208
  SINCE JUL 1   3356          3351      5     3510

 COOLING
  YESTERDAY        0             0      0        0
  MONTH TO DATE    0             0      0        0
  SINCE DEC 1      0             0      0        0
  SINCE JAN 1      0             0      0        0
......................................................


WIND (MPH)
  HIGHEST WIND SPEED    22   HIGHEST WIND DIRECTION     S (180)
  HIGHEST GUST SPEED    27   HIGHEST GUST DIRECTION     S (180)
  AVERAGE WIND SPEED    11.4


SKY COVER
  AVERAGE SKY COVER 0.7


WEATHER CONDITIONS
 THE FOLLOWING WEATHER WAS RECORDED YESTERDAY.
  LIGHT SNOW
  FOG


RELATIVE HUMIDITY (PERCENT)
 HIGHEST   100           800 PM
 LOWEST     56          1200 AM
 AVERAGE    78

..........................................................




SUNRISE AND SUNSET
JANUARY 23 2018.......SUNRISE   800 AM MST   SUNSET   540 PM MST
JANUARY 24 2018.......SUNRISE   759 AM MST   SUNSET   542 PM MST


-  INDICATES NEGATIVE NUMBERS.
R  INDICATES RECORD WAS SET OR TIED.
MM INDICATES DATA IS MISSING.
T  INDICATES TRACE AMOUNT.




$$
