000
CDUS45 KBOI 210931
CLITWF


CLIMATE REPORT
NATIONAL WEATHER SERVICE BOISE ID
331 AM MDT THU MAY 21 2015


...................................

...THE TWIN FALLS ID CLIMATE SUMMARY FOR MAY 20 2015...

CLIMATE NORMAL PERIOD 1981 TO 2010
CLIMATE RECORD PERIOD 9999 TO 9999


WEATHER ITEM   OBSERVED TIME   NORMAL DEPARTURE LAST
                VALUE   (LST)  VALUE  FROM      YEAR
                                      NORMAL
......................................................
TEMPERATURE (F)
 YESTERDAY
  MAXIMUM         62    201 PM  72    -10       62
  MINIMUM         48   1202 AM  44      4       38
  AVERAGE         55

PRECIPITATION (IN)
  YESTERDAY        0.11          0.05   0.06     0.01
  MONTH TO DATE    1.84          0.89   0.95     0.64
  SINCE OCT 1      6.70          8.11  -1.41     6.06
  SINCE JAN 1      3.70          4.86  -1.16     5.59

DEGREE DAYS
 HEATING
  YESTERDAY       10             8      2       15
  MONTH TO DATE  160           211    -51      166
  SINCE MAR 1   1101          1442   -341     1237
  SINCE JUL 1   4794          6009  -1215     5490

 COOLING
  YESTERDAY        0             1     -1        0
  MONTH TO DATE    0             8     -8       17
  SINCE MAR 1      0             9     -9       17
  SINCE JAN 1      0             9     -9       17
......................................................


WIND (MPH)
  HIGHEST WIND SPEED    29   HIGHEST WIND DIRECTION    SE (150)
  HIGHEST GUST SPEED    33   HIGHEST GUST DIRECTION    SE (150)
  AVERAGE WIND SPEED     9.2


SKY COVER
  AVERAGE SKY COVER 0.9


WEATHER CONDITIONS
 THE FOLLOWING WEATHER WAS RECORDED YESTERDAY.
  LIGHT RAIN
  FOG


RELATIVE HUMIDITY (PERCENT)
 HIGHEST    89           200 AM
 LOWEST     67           200 PM
 AVERAGE    78

..........................................................




SUNRISE AND SUNSET
MAY 21 2015...........SUNRISE   611 AM MDT   SUNSET   859 PM MDT
MAY 22 2015...........SUNRISE   610 AM MDT   SUNSET   900 PM MDT


-  INDICATES NEGATIVE NUMBERS.
R  INDICATES RECORD WAS SET OR TIED.
MM INDICATES DATA IS MISSING.
T  INDICATES TRACE AMOUNT.




$$
