000
CDUS45 KBOI 170931
CLITWF


CLIMATE REPORT
NATIONAL WEATHER SERVICE BOISE ID
231 AM MST TUE JAN 17 2017


...................................

...THE TWIN FALLS ID CLIMATE SUMMARY FOR JANUARY 16 2017...

CLIMATE NORMAL PERIOD 1981 TO 2010
CLIMATE RECORD PERIOD 9999 TO 9999


WEATHER ITEM   OBSERVED TIME   NORMAL DEPARTURE LAST
                VALUE   (LST)  VALUE  FROM      YEAR
                                      NORMAL
......................................................
TEMPERATURE (F)
 YESTERDAY
  MAXIMUM         21    306 PM  38    -17       38
  MINIMUM          5    828 AM  22    -17       29
  AVERAGE         13

PRECIPITATION (IN)
  YESTERDAY        0.00          0.02  -0.02     0.08
  MONTH TO DATE    0.78          0.63   0.15     0.12
  SINCE OCT 1      5.28          3.88   1.40     4.50
  SINCE JAN 1      0.78          0.63   0.15     0.12

DEGREE DAYS
 HEATING
  YESTERDAY       52            35     17       31
  MONTH TO DATE  734           574    160      629
  SINCE DEC 1   1992          1703    289     1772
  SINCE JUL 1   3294          3141    153     2983

 COOLING
  YESTERDAY        0             0      0        0
  MONTH TO DATE    0             0      0        0
  SINCE DEC 1      0             0      0        0
  SINCE JAN 1      0             0      0        0
......................................................


WIND (MPH)
  HIGHEST WIND SPEED     9   HIGHEST WIND DIRECTION    SE (130)
  HIGHEST GUST SPEED    10   HIGHEST GUST DIRECTION    SE (130)
  AVERAGE WIND SPEED     2.6


SKY COVER
  AVERAGE SKY COVER 0.4


WEATHER CONDITIONS
 THE FOLLOWING WEATHER WAS RECORDED YESTERDAY.
  FOG
  HAZE


RELATIVE HUMIDITY (PERCENT)
 HIGHEST    92           100 AM
 LOWEST     71           300 PM
 AVERAGE    82

..........................................................




SUNRISE AND SUNSET
JANUARY 17 2017.......SUNRISE   804 AM MST   SUNSET   533 PM MST
JANUARY 18 2017.......SUNRISE   803 AM MST   SUNSET   534 PM MST


-  INDICATES NEGATIVE NUMBERS.
R  INDICATES RECORD WAS SET OR TIED.
MM INDICATES DATA IS MISSING.
T  INDICATES TRACE AMOUNT.




$$
