000
CDUS45 KBOI 270931
CLITWF


CLIMATE REPORT
NATIONAL WEATHER SERVICE BOISE ID
330 AM MDT TUE SEP 27 2016


...................................

...THE TWIN FALLS ID CLIMATE SUMMARY FOR SEPTEMBER 26 2016...

CLIMATE NORMAL PERIOD 1981 TO 2010
CLIMATE RECORD PERIOD 9999 TO 9999


WEATHER ITEM   OBSERVED TIME   NORMAL DEPARTURE LAST
                VALUE   (LST)  VALUE  FROM      YEAR
                                      NORMAL
......................................................
TEMPERATURE (F)
 YESTERDAY
  MAXIMUM         77    407 PM  72      5       86
  MINIMUM         40    646 AM  44     -4       60
  AVERAGE         59

PRECIPITATION (IN)
  YESTERDAY        0.00          0.02  -0.02     0.00
  MONTH TO DATE    2.28          0.48   1.80     0.44
  SINCE OCT 1     13.25         10.61   2.64     8.95
  SINCE JAN 1      8.87          7.36   1.51     5.95

DEGREE DAYS
 HEATING
  YESTERDAY        6             7     -1        0
  MONTH TO DATE  173           106     67       65
  SINCE SEP 1    173           106     67       65
  SINCE JUL 1    197           127     70       68

 COOLING
  YESTERDAY        0             1     -1        8
  MONTH TO DATE   19            60    -41      109
  SINCE SEP 1     19            60    -41      109
  SINCE JAN 1    635           677    -42      987
......................................................


WIND (MPH)
  HIGHEST WIND SPEED    14   HIGHEST WIND DIRECTION    SE (150)
  HIGHEST GUST SPEED    17   HIGHEST GUST DIRECTION    NE (40)
  AVERAGE WIND SPEED     7.4


SKY COVER
  AVERAGE SKY COVER 0.0


WEATHER CONDITIONS
 THE FOLLOWING WEATHER WAS RECORDED YESTERDAY.
  NO SIGNIFICANT WEATHER WAS OBSERVED.


RELATIVE HUMIDITY (PERCENT)
 HIGHEST    79           700 AM
 LOWEST     33           400 PM
 AVERAGE    56

..........................................................




SUNRISE AND SUNSET
SEPTEMBER 27 2016.....SUNRISE   731 AM MDT   SUNSET   725 PM MDT
SEPTEMBER 28 2016.....SUNRISE   732 AM MDT   SUNSET   724 PM MDT


-  INDICATES NEGATIVE NUMBERS.
R  INDICATES RECORD WAS SET OR TIED.
MM INDICATES DATA IS MISSING.
T  INDICATES TRACE AMOUNT.




$$
