000
CDUS45 KBOI 180931
CLITWF


CLIMATE REPORT
NATIONAL WEATHER SERVICE BOISE ID
331 AM MDT FRI APR 18 2014


...................................

...THE TWIN FALLS ID CLIMATE SUMMARY FOR APRIL 17 2014...

CLIMATE NORMAL PERIOD 1981 TO 2010
CLIMATE RECORD PERIOD 9999 TO 9999


WEATHER ITEM   OBSERVED TIME   NORMAL DEPARTURE LAST
                VALUE   (LST)  VALUE  FROM      YEAR
                                      NORMAL
......................................................
TEMPERATURE (F)
 YESTERDAY
  MAXIMUM         75    435 PM  61     14       47
  MINIMUM         38    534 AM  35      3       25
  AVERAGE         57

PRECIPITATION (IN)
  YESTERDAY        T             0.04  -0.04     0.00
  MONTH TO DATE    0.06          0.62  -0.56     0.86
  SINCE OCT 1      4.66          6.70  -2.04     5.60
  SINCE JAN 1      4.19          3.45   0.74     2.42

DEGREE DAYS
 HEATING
  YESTERDAY        8            17     -9       29
  MONTH TO DATE  257           313    -56      311
  SINCE MAR 1    863          1035   -172      967
  SINCE JUL 1   5116          5602   -486     5259

 COOLING
  YESTERDAY        0             0      0        0
  MONTH TO DATE    0             0      0        0
  SINCE MAR 1      0             0      0        0
  SINCE JAN 1      0             0      0        0
......................................................


WIND (MPH)
  HIGHEST WIND SPEED    38   HIGHEST WIND DIRECTION     W (250)
  HIGHEST GUST SPEED    48   HIGHEST GUST DIRECTION     W (250)
  AVERAGE WIND SPEED    12.2


SKY COVER
  AVERAGE SKY COVER 0.1


WEATHER CONDITIONS
 THE FOLLOWING WEATHER WAS RECORDED YESTERDAY.
  LIGHT RAIN
  HAZE


RELATIVE HUMIDITY (PERCENT)
 HIGHEST    44           200 AM
 LOWEST     20           100 PM
 AVERAGE    32

..........................................................




SUNRISE AND SUNSET
APRIL 18 2014.........SUNRISE   652 AM MDT   SUNSET   823 PM MDT
APRIL 19 2014.........SUNRISE   650 AM MDT   SUNSET   824 PM MDT


-  INDICATES NEGATIVE NUMBERS.
R  INDICATES RECORD WAS SET OR TIED.
MM INDICATES DATA IS MISSING.
T  INDICATES TRACE AMOUNT.




$$
