000
CDUS45 KBOI 210933
CLITWF


CLIMATE REPORT
NATIONAL WEATHER SERVICE BOISE ID
332 AM MDT FRI JUL 21 2017


...................................

...THE TWIN FALLS ID CLIMATE SUMMARY FOR JULY 20 2017...

CLIMATE NORMAL PERIOD 1981 TO 2010
CLIMATE RECORD PERIOD 9999 TO 9999


WEATHER ITEM   OBSERVED TIME   NORMAL DEPARTURE LAST
                VALUE   (LST)  VALUE  FROM      YEAR
                                      NORMAL
......................................................
TEMPERATURE (F)
 YESTERDAY
  MAXIMUM         90    501 PM  91     -1       89
  MINIMUM         62   1159 PM  59      3       61
  AVERAGE         76

PRECIPITATION (IN)
  YESTERDAY        T             0.01  -0.01     0.00
  MONTH TO DATE    0.16          0.20  -0.04     0.15
  SINCE OCT 1     11.85          9.71   2.14    10.96
  SINCE JAN 1      7.35          6.46   0.89     6.58

DEGREE DAYS
 HEATING
  YESTERDAY        0             0      0        0
  MONTH TO DATE    0             3     -3       21
  SINCE JUN 1     74            90    -16       74
  SINCE JUL 1      0             3     -3       21

 COOLING
  YESTERDAY       11            10      1       10
  MONTH TO DATE  259           166     93      116
  SINCE JUN 1    359           253    106      257
  SINCE JAN 1    368           275     93      260
......................................................


WIND (MPH)
  HIGHEST WIND SPEED    18   HIGHEST WIND DIRECTION     W (280)
  HIGHEST GUST SPEED    23   HIGHEST GUST DIRECTION     W (280)
  AVERAGE WIND SPEED    11.8


SKY COVER
  AVERAGE SKY COVER 0.0


WEATHER CONDITIONS
 THE FOLLOWING WEATHER WAS RECORDED YESTERDAY.
  THUNDERSTORM
  LIGHT RAIN


RELATIVE HUMIDITY (PERCENT)
 HIGHEST    34           900 PM
 LOWEST     15           900 AM
 AVERAGE    25

..........................................................




SUNRISE AND SUNSET
JULY 21 2017..........SUNRISE   620 AM MDT   SUNSET   908 PM MDT
JULY 22 2017..........SUNRISE   621 AM MDT   SUNSET   908 PM MDT


-  INDICATES NEGATIVE NUMBERS.
R  INDICATES RECORD WAS SET OR TIED.
MM INDICATES DATA IS MISSING.
T  INDICATES TRACE AMOUNT.




$$
