000
CDUS45 KBOI 020931
CLITWF


CLIMATE REPORT
NATIONAL WEATHER SERVICE BOISE ID
231 AM MST MON MAR 2 2015


...................................

...THE TWIN FALLS ID CLIMATE SUMMARY FOR MARCH 1 2015...

CLIMATE NORMAL PERIOD 1981 TO 2010
CLIMATE RECORD PERIOD 9999 TO 9999


WEATHER ITEM   OBSERVED TIME   NORMAL DEPARTURE LAST
                VALUE   (LST)  VALUE  FROM      YEAR
                                      NORMAL
......................................................
TEMPERATURE (F)
 YESTERDAY
  MAXIMUM         46    450 PM  48     -2       50
  MINIMUM         22    123 AM  27     -5       38
  AVERAGE         34

PRECIPITATION (IN)
  YESTERDAY        0.00          0.02  -0.02     0.37
  MONTH TO DATE    0.00          0.02  -0.02     0.37
  SINCE OCT 1      4.39          5.06  -0.67     3.08
  SINCE JAN 1      1.39          1.81  -0.42     2.61

DEGREE DAYS
 HEATING
  YESTERDAY       31            28      3       21
  MONTH TO DATE   31            28      3       21
  SINCE MAR 1     31            28      3       21
  SINCE JUL 1   3724          4595   -871     4274

 COOLING
  YESTERDAY        0             0      0        0
  MONTH TO DATE    0             0      0        0
  SINCE MAR 1      0             0      0        0
  SINCE JAN 1      0             0      0        0
......................................................


WIND (MPH)
  HIGHEST WIND SPEED    25   HIGHEST WIND DIRECTION     E (70)
  HIGHEST GUST SPEED    31   HIGHEST GUST DIRECTION     E (80)
  AVERAGE WIND SPEED    11.5


SKY COVER
  AVERAGE SKY COVER 0.0


WEATHER CONDITIONS
 THE FOLLOWING WEATHER WAS RECORDED YESTERDAY.
  NO SIGNIFICANT WEATHER WAS OBSERVED.


RELATIVE HUMIDITY (PERCENT)
 HIGHEST    63          1200 AM
 LOWEST     17           400 PM
 AVERAGE    40

..........................................................




SUNRISE AND SUNSET
MARCH  2 2015.........SUNRISE   712 AM MST   SUNSET   629 PM MST
MARCH  3 2015.........SUNRISE   710 AM MST   SUNSET   630 PM MST


-  INDICATES NEGATIVE NUMBERS.
R  INDICATES RECORD WAS SET OR TIED.
MM INDICATES DATA IS MISSING.
T  INDICATES TRACE AMOUNT.




$$
