000
CDUS44 KSHV 190831
CLITXK


CLIMATE REPORT
NATIONAL WEATHER SERVICE SHREVEPORT, LA
231 AM CST FRI DEC 19 2014


...................................

...THE TEXARKANA CLIMATE SUMMARY FOR DECEMBER 18 2014...

CLIMATE NORMAL PERIOD 1981 TO 2010
CLIMATE RECORD PERIOD 1896 TO 2014


WEATHER ITEM   OBSERVED TIME   RECORD YEAR NORMAL DEPARTURE LAST
                VALUE   (LST)  VALUE       VALUE  FROM      YEAR
                                                  NORMAL
..................................................................
TEMPERATURE (F)
 YESTERDAY
  MAXIMUM         47    425 PM  78    1924  55     -8       68
  MINIMUM         37    342 AM  12    1932  35      2       36
  AVERAGE         42                        45     -3       52

PRECIPITATION (IN)
  YESTERDAY        0.11          1.28 1984   0.17  -0.06     0.00
  MONTH TO DATE    1.61                      3.16  -1.55     3.18
  SINCE DEC 1      1.61                      3.16  -1.55     3.18
  SINCE JAN 1     34.17                     47.76 -13.59    42.69

SNOWFALL (IN)
  YESTERDAY       MM
  MONTH TO DATE    0.0
  SINCE DEC 1      0.0
  SINCE JUL 1      T
  SNOW DEPTH       0

DEGREE DAYS
 HEATING
  YESTERDAY       23                        20      3       13
  MONTH TO DATE  279                       334    -55      381
  SINCE DEC 1    279                       334    -55      381
  SINCE JUL 1    789                       792     -3      906

 COOLING
  YESTERDAY        0                         0      0        0
  MONTH TO DATE    1                         0      1        0
  SINCE DEC 1      1                         0      1        0
  SINCE JAN 1   2134                      2204    -70     2352
..................................................................


WIND (MPH)
  HIGHEST WIND SPEED    12   HIGHEST WIND DIRECTION    SE (120)
  HIGHEST GUST SPEED    17   HIGHEST GUST DIRECTION    SE (120)
  AVERAGE WIND SPEED     5.8


SKY COVER
  POSSIBLE SUNSHINE  MM
  AVERAGE SKY COVER 1.0


WEATHER CONDITIONS
 THE FOLLOWING WEATHER WAS RECORDED YESTERDAY.
  RAIN
  LIGHT RAIN
  FOG


RELATIVE HUMIDITY (PERCENT)
 HIGHEST   100           100 AM
 LOWEST     86           100 PM
 AVERAGE    93

..........................................................


THE TEXARKANA CLIMATE NORMALS FOR TODAY
                         NORMAL    RECORD    YEAR
 MAXIMUM TEMPERATURE (F)   54        75      1978
 MINIMUM TEMPERATURE (F)   35         9      1929


SUNRISE AND SUNSET
DECEMBER 19 2014......SUNRISE   715 AM CST   SUNSET   511 PM CST
DECEMBER 20 2014......SUNRISE   716 AM CST   SUNSET   512 PM CST


-  INDICATES NEGATIVE NUMBERS.
R  INDICATES RECORD WAS SET OR TIED.
MM INDICATES DATA IS MISSING.
T  INDICATES TRACE AMOUNT.




$$
