000
CDUS44 KSHV 260843
CLITXK


CLIMATE REPORT
NATIONAL WEATHER SERVICE SHREVEPORT, LA
243 AM CST SUN FEB 26 2017


...................................

...THE TEXARKANA CLIMATE SUMMARY FOR FEBRUARY 25 2017...

CLIMATE NORMAL PERIOD 1981 TO 2010
CLIMATE RECORD PERIOD 1896 TO 2017


WEATHER ITEM   OBSERVED TIME   RECORD YEAR NORMAL DEPARTURE LAST
                VALUE   (LST)  VALUE       VALUE  FROM      YEAR
                                                  NORMAL
..................................................................
TEMPERATURE (F)
 YESTERDAY
  MAXIMUM         54    423 PM  88    1918  62     -8       56
  MINIMUM         33    717 AM  20    1965  40     -7       35
  AVERAGE         44                        51     -7       46

PRECIPITATION (IN)
  YESTERDAY        0.00          2.50 1939   0.15  -0.15     0.00
  MONTH TO DATE    2.56                      3.53  -0.97     4.17
  SINCE DEC 1     13.25                     11.98   1.27    12.10
  SINCE JAN 1      6.83                      6.93  -0.10     6.12

SNOWFALL (IN)
  YESTERDAY        0.0
  MONTH TO DATE    0.0
  SINCE DEC 1      0.1
  SINCE JUL 1      0.1
  SNOW DEPTH       0

DEGREE DAYS
 HEATING
  YESTERDAY       21                        14      7       19
  MONTH TO DATE  247                       431   -184      327
  SINCE DEC 1   1192                      1695   -503     1328
  SINCE JUL 1   1426                      2153   -727     1612

 COOLING
  YESTERDAY        0                         0      0        0
  MONTH TO DATE   14                         0     14        5
  SINCE DEC 1     35                         4     31       19
  SINCE JAN 1     28                         1     27        6
..................................................................


WIND (MPH)
  HIGHEST WIND SPEED    16   HIGHEST WIND DIRECTION    NW (330)
  HIGHEST GUST SPEED    23   HIGHEST GUST DIRECTION     N (340)
  AVERAGE WIND SPEED     5.1


SKY COVER
  POSSIBLE SUNSHINE  MM
  AVERAGE SKY COVER 0.0


WEATHER CONDITIONS
 THE FOLLOWING WEATHER WAS RECORDED YESTERDAY.
  NO SIGNIFICANT WEATHER WAS OBSERVED.


RELATIVE HUMIDITY (PERCENT)
 HIGHEST    64           400 AM
 LOWEST     30           400 PM
 AVERAGE    47

..........................................................


THE TEXARKANA CLIMATE NORMALS FOR TODAY
                         NORMAL    RECORD    YEAR
 MAXIMUM TEMPERATURE (F)   62        87      1917
 MINIMUM TEMPERATURE (F)   40        14      1899


SUNRISE AND SUNSET
FEBRUARY 26 2017......SUNRISE   647 AM CST   SUNSET   611 PM CST
FEBRUARY 27 2017......SUNRISE   646 AM CST   SUNSET   611 PM CST


-  INDICATES NEGATIVE NUMBERS.
R  INDICATES RECORD WAS SET OR TIED.
MM INDICATES DATA IS MISSING.
T  INDICATES TRACE AMOUNT.




$$
