000
CDUS44 KSHV 250818
CLITXK


CLIMATE REPORT
NATIONAL WEATHER SERVICE SHREVEPORT, LA
305 AM CDT TUE JUL 25 2017


...................................

...THE TEXARKANA CLIMATE SUMMARY FOR JULY 24 2017...

CLIMATE NORMAL PERIOD 1981 TO 2010
CLIMATE RECORD PERIOD 1896 TO 2017


WEATHER ITEM   OBSERVED TIME   RECORD YEAR NORMAL DEPARTURE LAST
                VALUE   (LST)  VALUE       VALUE  FROM      YEAR
                                                  NORMAL
..................................................................
TEMPERATURE (F)
 YESTERDAY
  MAXIMUM         89    528 PM 109    1934  94     -5       97
  MINIMUM         72    430 AM  59    1947  72      0       72
  AVERAGE         81                        83     -2       85

PRECIPITATION (IN)
  YESTERDAY        0.00          3.14 1933   0.09  -0.09     0.06
  MONTH TO DATE    4.98                      2.77   2.21     1.07
  SINCE DEC 1     34.50                     32.89   1.61    37.34
  SINCE JAN 1     28.08                     27.84   0.24    31.36

SNOWFALL (IN)
  YESTERDAY        0.0
  MONTH TO DATE    0.0
  SINCE JUN 1      0.0
  SINCE JUL 1      0.0
  SNOW DEPTH       0

DEGREE DAYS
 HEATING
  YESTERDAY        0                         0      0        0
  MONTH TO DATE    0                         0      0        0
  SINCE JUN 1      0                         0      0        0
  SINCE JUL 1      0                         0      0        0

 COOLING
  YESTERDAY       16                        18     -2       20
  MONTH TO DATE  409                       410     -1      505
  SINCE JUN 1    793                       815    -22      994
  SINCE JAN 1   1153                      1135     18     1284
..................................................................


WIND (MPH)
  HIGHEST WIND SPEED    12   HIGHEST WIND DIRECTION    SW (220)
  HIGHEST GUST SPEED    14   HIGHEST GUST DIRECTION    SW (220)
  AVERAGE WIND SPEED     3.7


SKY COVER
  POSSIBLE SUNSHINE  MM
  AVERAGE SKY COVER 0.1


WEATHER CONDITIONS
 THE FOLLOWING WEATHER WAS RECORDED YESTERDAY.
  NO SIGNIFICANT WEATHER WAS OBSERVED.


RELATIVE HUMIDITY (PERCENT)
 HIGHEST   100          1200 AM
 LOWEST     53           600 PM
 AVERAGE    77

..........................................................


THE TEXARKANA CLIMATE NORMALS FOR TODAY
                         NORMAL    RECORD    YEAR
 MAXIMUM TEMPERATURE (F)   94       105      1923
 MINIMUM TEMPERATURE (F)   72        60      1915


SUNRISE AND SUNSET
JULY 25 2017..........SUNRISE   624 AM CDT   SUNSET   821 PM CDT
JULY 26 2017..........SUNRISE   625 AM CDT   SUNSET   820 PM CDT


-  INDICATES NEGATIVE NUMBERS.
R  INDICATES RECORD WAS SET OR TIED.
MM INDICATES DATA IS MISSING.
T  INDICATES TRACE AMOUNT.




$$
