000
CDUS44 KSHV 010747
CLITXK


CLIMATE REPORT
NATIONAL WEATHER SERVICE SHREVEPORT, LA
246 AM CDT TUE SEP 1 2015


...................................

...THE TEXARKANA CLIMATE SUMMARY FOR AUGUST 31 2015...

CLIMATE NORMAL PERIOD 1981 TO 2010
CLIMATE RECORD PERIOD 1896 TO 2015


WEATHER ITEM   OBSERVED TIME   RECORD YEAR NORMAL DEPARTURE LAST
                VALUE   (LST)  VALUE       VALUE  FROM      YEAR
                                                  NORMAL
..................................................................
TEMPERATURE (F)
 YESTERDAY
  MAXIMUM         92    356 PM 107    1939  91      1       93
                                      2000
  MINIMUM         69    630 AM  54    1915  69      0       73
  AVERAGE         81                        80      1       83

PRECIPITATION (IN)
  YESTERDAY        0.00          4.46 2001   0.11  -0.11     0.00
  MONTH TO DATE    0.80                      2.91  -2.11     2.33
  SINCE DEC 1     43.23                     36.47   6.76    30.76
  SINCE JAN 1     40.55                     31.42   9.13    24.93

SNOWFALL (IN)
  YESTERDAY        0.0
  MONTH TO DATE    0.0
  SINCE JUN 1      0.0
  SINCE JUL 1      0.0
  SNOW DEPTH       0

DEGREE DAYS
 HEATING
  YESTERDAY        0                         0      0        0
  MONTH TO DATE    0                         0      0        0
  SINCE JUN 1      0                         0      0        0
  SINCE JUL 1      0                         0      0        0

 COOLING
  YESTERDAY       16                        15      1       18
  MONTH TO DATE  545                       528     17      510
  SINCE JUN 1   1645                      1468    177     1357
  SINCE JAN 1   1969                      1788    181     1651
..................................................................


WIND (MPH)
  HIGHEST WIND SPEED    15   HIGHEST WIND DIRECTION    SE (150)
  HIGHEST GUST SPEED    22   HIGHEST GUST DIRECTION     S (160)
  AVERAGE WIND SPEED     4.1


SKY COVER
  POSSIBLE SUNSHINE  MM
  AVERAGE SKY COVER 0.0


WEATHER CONDITIONS
 THE FOLLOWING WEATHER WAS RECORDED YESTERDAY.
  NO SIGNIFICANT WEATHER WAS OBSERVED.


RELATIVE HUMIDITY (PERCENT)
 HIGHEST    90           600 AM
 LOWEST     38           400 PM
 AVERAGE    64

..........................................................


THE TEXARKANA CLIMATE NORMALS FOR TODAY
                         NORMAL    RECORD    YEAR
 MAXIMUM TEMPERATURE (F)   91       107      1938
 MINIMUM TEMPERATURE (F)   68        53      1915


SUNRISE AND SUNSET
SEPTEMBER  1 2015.....SUNRISE   650 AM CDT   SUNSET   742 PM CDT
SEPTEMBER  2 2015.....SUNRISE   651 AM CDT   SUNSET   740 PM CDT


-  INDICATES NEGATIVE NUMBERS.
R  INDICATES RECORD WAS SET OR TIED.
MM INDICATES DATA IS MISSING.
T  INDICATES TRACE AMOUNT.




$$
