338
CDUS44 KSHV 280757
CLITYR


CLIMATE REPORT
NATIONAL WEATHER SERVICE SHREVEPORT, LA
256 AM CDT THU APR 28 2016


...................................

...THE TYLER CLIMATE SUMMARY FOR APRIL 27 2016...

CLIMATE NORMAL PERIOD 1981 TO 2010
CLIMATE RECORD PERIOD 1896 TO 2016


WEATHER ITEM   OBSERVED TIME   RECORD YEAR NORMAL DEPARTURE LAST
                VALUE   (LST)  VALUE       VALUE  FROM      YEAR
                                                  NORMAL
..................................................................
TEMPERATURE (F)
 YESTERDAY
  MAXIMUM         85    254 PM  92    1987  78      7       75
  MINIMUM         63   1032 PM  41    1967  58      5       59
  AVERAGE         74                        68      6       67

PRECIPITATION (IN)
  YESTERDAY        1.00          2.67 1958   0.12   0.88     0.99
  MONTH TO DATE    5.18                      2.78   2.40     9.03
  SINCE DEC 1     27.19                     18.01   9.18    24.47
  SINCE JAN 1     17.42                     13.77   3.65    23.00

SNOWFALL (IN)
  YESTERDAY        0.0
  MONTH TO DATE    0.0
  SINCE MAR 1      0.0
  SINCE JUL 1      0.0
  SNOW DEPTH       0

DEGREE DAYS
 HEATING
  YESTERDAY        0                         1     -1        0
  MONTH TO DATE   31                        94    -63       31
  SINCE MAR 1    146                       367   -221      296
  SINCE JUL 1   1455                      2259   -804     2183

 COOLING
  YESTERDAY        9                         4      5        2
  MONTH TO DATE  101                        65     36      140
  SINCE MAR 1    148                        86     62      172
  SINCE JAN 1    158                        98     60      172
..................................................................


WIND (MPH)
  HIGHEST WIND SPEED    29   HIGHEST WIND DIRECTION    NW (300)
  HIGHEST GUST SPEED    41   HIGHEST GUST DIRECTION    NW (320)
  AVERAGE WIND SPEED     8.5


SKY COVER
  POSSIBLE SUNSHINE  MM
  AVERAGE SKY COVER 0.2


WEATHER CONDITIONS
 THE FOLLOWING WEATHER WAS RECORDED YESTERDAY.
  THUNDERSTORM
  HEAVY RAIN
  RAIN
  LIGHT RAIN
  FOG


RELATIVE HUMIDITY (PERCENT)
 HIGHEST    87           200 AM
 LOWEST     28           600 PM
 AVERAGE    58

..........................................................


THE TYLER CLIMATE NORMALS FOR TODAY
                         NORMAL    RECORD    YEAR
 MAXIMUM TEMPERATURE (F)   78        92      1987
 MINIMUM TEMPERATURE (F)   58        41      1973


SUNRISE AND SUNSET
APRIL 28 2016.........SUNRISE   638 AM CDT   SUNSET   801 PM CDT
APRIL 29 2016.........SUNRISE   637 AM CDT   SUNSET   802 PM CDT


-  INDICATES NEGATIVE NUMBERS.
R  INDICATES RECORD WAS SET OR TIED.
MM INDICATES DATA IS MISSING.
T  INDICATES TRACE AMOUNT.




$$
