000
CDUS44 KSHV 260508
CLITYR


CLIMATE REPORT
NATIONAL WEATHER SERVICE SHREVEPORT, LA
434 PM CDT MON MAY 25 2015


...................................

...THE TYLER CLIMATE SUMMARY FOR MAY 25 2015...
VALID TODAY AS OF 0400 PM LOCAL TIME.

CLIMATE NORMAL PERIOD 1981 TO 2010
CLIMATE RECORD PERIOD 1896 TO 2015


WEATHER ITEM   OBSERVED TIME   RECORD YEAR NORMAL DEPARTURE LAST
                VALUE   (LST)  VALUE       VALUE  FROM      YEAR
                                                  NORMAL
..................................................................
TEMPERATURE (F)
 TODAY
  MAXIMUM         85    154 PM  98    1896  85      0       88
  MINIMUM         69    530 AM  45    1901  66      3       69
  AVERAGE         77                        75      2       79

PRECIPITATION (IN)
  TODAY            0.00          2.04 2003   0.14  -0.14      T
  MONTH TO DATE    7.21                      3.71   3.50     2.64
  SINCE DEC 1     31.71                     22.11   9.60    14.43
  SINCE JAN 1     30.24                     17.87  12.37    11.41

DEGREE DAYS
 HEATING
  TODAY            0                         0      0        0
  MONTH TO DATE    0                         6     -6       21
  SINCE MAR 1    307                       376    -69      475
  SINCE JUL 1   2194                      2268    -74     2539

 COOLING
  TODAY           12                        10      2       14
  MONTH TO DATE  224                       190     34      196
  SINCE MAR 1    397                       290    107      325
  SINCE JAN 1    397                       302     95      328
..................................................................


WIND (MPH)
  HIGHEST WIND SPEED    20   HIGHEST WIND DIRECTION    SE (150)
  HIGHEST GUST SPEED    23   HIGHEST GUST DIRECTION    SE (150)
  AVERAGE WIND SPEED     9.9


SKY COVER
  POSSIBLE SUNSHINE  MM
  AVERAGE SKY COVER 0.8


WEATHER CONDITIONS
 THE FOLLOWING WEATHER WAS RECORDED TODAY.
  NO SIGNIFICANT WEATHER WAS OBSERVED.


RELATIVE HUMIDITY (PERCENT)
 HIGHEST   100          1200 AM
 LOWEST     65          1200 PM
 AVERAGE    83

..........................................................


THE TYLER CLIMATE NORMALS FOR TOMORROW
                         NORMAL    RECORD    YEAR
 MAXIMUM TEMPERATURE (F)   85        98      1896
 MINIMUM TEMPERATURE (F)   66        46      1979


SUNRISE AND SUNSET
MAY 25 2015...........SUNRISE   618 AM CDT   SUNSET   819 PM CDT
MAY 26 2015...........SUNRISE   618 AM CDT   SUNSET   820 PM CDT


-  INDICATES NEGATIVE NUMBERS.
R  INDICATES RECORD WAS SET OR TIED.
MM INDICATES DATA IS MISSING.
T  INDICATES TRACE AMOUNT.




$$
