000
CDUS44 KSHV 140846
CLITYR


CLIMATE REPORT
NATIONAL WEATHER SERVICE SHREVEPORT, LA
242 AM CST THU DEC 14 2017


...................................

...THE TYLER CLIMATE SUMMARY FOR DECEMBER 13 2017...

CLIMATE NORMAL PERIOD 1981 TO 2010
CLIMATE RECORD PERIOD 1896 TO 2017


WEATHER ITEM   OBSERVED TIME   RECORD YEAR NORMAL DEPARTURE LAST
                VALUE   (LST)  VALUE       VALUE  FROM      YEAR
                                                  NORMAL
..................................................................
TEMPERATURE (F)
 YESTERDAY
  MAXIMUM         66    311 PM  80    1921  58      8       59
  MINIMUM         28    623 AM  15    1962  39    -11       52
  AVERAGE         47                        48     -1       56

PRECIPITATION (IN)
  YESTERDAY        0.00          1.91 1918   0.14  -0.14     0.01
  MONTH TO DATE    0.39                      1.71  -1.32     1.75
  SINCE DEC 1      0.39                      1.71  -1.32     1.75
  SINCE JAN 1     35.27                     43.26  -7.99    35.77

SNOWFALL (IN)
  YESTERDAY        0.0
  MONTH TO DATE    0.0
  SINCE DEC 1      0.0
  SINCE JUL 1      0.0
  SNOW DEPTH       0

DEGREE DAYS
 HEATING
  YESTERDAY       18                        17      1        9
  MONTH TO DATE  182                       208    -26      206
  SINCE DEC 1    182                       208    -26      206
  SINCE JUL 1    454                       582   -128      337

 COOLING
  YESTERDAY        0                         0      0        0
  MONTH TO DATE    6                         0      6        0
  SINCE DEC 1      6                         0      6        0
  SINCE JAN 1   2773                      2411    362     3093
..................................................................


WIND (MPH)
  HIGHEST WIND SPEED    18   HIGHEST WIND DIRECTION     S (200)
  HIGHEST GUST SPEED    22   HIGHEST GUST DIRECTION    SW (210)
  AVERAGE WIND SPEED     9.6


SKY COVER
  POSSIBLE SUNSHINE  MM
  AVERAGE SKY COVER 0.0


WEATHER CONDITIONS
 THE FOLLOWING WEATHER WAS RECORDED YESTERDAY.
  NO SIGNIFICANT WEATHER WAS OBSERVED.


RELATIVE HUMIDITY (PERCENT)
 HIGHEST    92           400 AM
 LOWEST     24           200 PM
 AVERAGE    58

..........................................................


THE TYLER CLIMATE NORMALS FOR TODAY
                         NORMAL    RECORD    YEAR
 MAXIMUM TEMPERATURE (F)   58        80      1995
 MINIMUM TEMPERATURE (F)   39        16      1917


SUNRISE AND SUNSET
DECEMBER 14 2017......SUNRISE   715 AM CST   SUNSET   518 PM CST
DECEMBER 15 2017......SUNRISE   716 AM CST   SUNSET   518 PM CST


-  INDICATES NEGATIVE NUMBERS.
R  INDICATES RECORD WAS SET OR TIED.
MM INDICATES DATA IS MISSING.
T  INDICATES TRACE AMOUNT.




$$
