000
CDUS44 KSHV 280843
CLITYR


CLIMATE REPORT
NATIONAL WEATHER SERVICE SHREVEPORT, LA
243 AM CST FRI NOV 28 2014


...................................

...THE TYLER CLIMATE SUMMARY FOR NOVEMBER 27 2014...

CLIMATE NORMAL PERIOD 1981 TO 2010
CLIMATE RECORD PERIOD 1896 TO 2014


WEATHER ITEM   OBSERVED TIME   RECORD YEAR NORMAL DEPARTURE LAST
                VALUE   (LST)  VALUE       VALUE  FROM      YEAR
                                                  NORMAL
..................................................................
TEMPERATURE (F)
 YESTERDAY
  MAXIMUM         63    248 PM  86    1965  61      2       46
  MINIMUM         40    731 AM  17    1975  42     -2       27
  AVERAGE         52                        52      0       37

PRECIPITATION (IN)
  YESTERDAY        0.00          3.05 1982   0.12  -0.12     0.00
  MONTH TO DATE    3.93                      3.70   0.23     4.77
  SINCE DEC 1     35.82                     45.39  -9.57    41.90
  SINCE JAN 1     32.80                     41.15  -8.35    39.01

SNOWFALL (IN)
  YESTERDAY        0.0
  MONTH TO DATE    T
  SINCE SEP 1      T
  SINCE JUL 1      T
  SNOW DEPTH       0

DEGREE DAYS
 HEATING
  YESTERDAY       13                        14     -1       28
  MONTH TO DATE  355                       253    102      301
  SINCE SEP 1    369                       330     39      343
  SINCE JUL 1    369                       330     39      343

 COOLING
  YESTERDAY        0                         0      0        0
  MONTH TO DATE    2                        14    -12       17
  SINCE SEP 1    630                       485    145      651
  SINCE JAN 1   2596                      2407    189     2767
..................................................................


WIND (MPH)
  HIGHEST WIND SPEED    14   HIGHEST WIND DIRECTION     N (20)
  HIGHEST GUST SPEED    17   HIGHEST GUST DIRECTION    NE (40)
  AVERAGE WIND SPEED     7.1


SKY COVER
  POSSIBLE SUNSHINE  MM
  AVERAGE SKY COVER 0.0


WEATHER CONDITIONS
 THE FOLLOWING WEATHER WAS RECORDED YESTERDAY.
  NO SIGNIFICANT WEATHER WAS OBSERVED.


RELATIVE HUMIDITY (PERCENT)
 HIGHEST    59           700 AM
 LOWEST     17           300 PM
 AVERAGE    38

..........................................................


THE TYLER CLIMATE NORMALS FOR TODAY
                         NORMAL    RECORD    YEAR
 MAXIMUM TEMPERATURE (F)   61        85      1949
 MINIMUM TEMPERATURE (F)   42        18      1912


SUNRISE AND SUNSET
NOVEMBER 28 2014......SUNRISE   702 AM CST   SUNSET   516 PM CST
NOVEMBER 29 2014......SUNRISE   703 AM CST   SUNSET   516 PM CST


-  INDICATES NEGATIVE NUMBERS.
R  INDICATES RECORD WAS SET OR TIED.
MM INDICATES DATA IS MISSING.
T  INDICATES TRACE AMOUNT.




$$
