000
CDUS44 KSHV 042133
CLITYR


CLIMATE REPORT
NATIONAL WEATHER SERVICE SHREVEPORT, LA
431 PM CDT TUE AUG 4 2015


...................................

...THE TYLER CLIMATE SUMMARY FOR AUGUST 4 2015...
VALID TODAY AS OF 0400 PM LOCAL TIME.

CLIMATE NORMAL PERIOD 1981 TO 2010
CLIMATE RECORD PERIOD 1896 TO 2015


WEATHER ITEM   OBSERVED TIME   RECORD YEAR NORMAL DEPARTURE LAST
                VALUE   (LST)  VALUE       VALUE  FROM      YEAR
                                                  NORMAL
..................................................................
TEMPERATURE (F)
 TODAY
  MAXIMUM         99    245 PM 109    2011  94      5       91
  MINIMUM         74    557 AM  54    1976  74      0       72
  AVERAGE         87                        84      3       82

PRECIPITATION (IN)
  TODAY            0.00          0.70 1971   0.08  -0.08     0.00
  MONTH TO DATE    0.00                      0.28  -0.28     0.03
  SINCE DEC 1     39.97                     30.92   9.05    24.33
  SINCE JAN 1     38.50                     26.68  11.82    21.31

DEGREE DAYS
 HEATING
  TODAY            0                         0      0        0
  MONTH TO DATE    0                         0      0        0
  SINCE JUN 1      0                         0      0        0
  SINCE JUL 1      0                         0      0        0

 COOLING
  TODAY           22                        19      3       17
  MONTH TO DATE   86                        76     10       52
  SINCE JUN 1   1264                      1065    199     1039
  SINCE JAN 1   1726                      1434    292     1432
..................................................................


WIND (MPH)
  HIGHEST WIND SPEED    14   HIGHEST WIND DIRECTION    SE (140)
  HIGHEST GUST SPEED    26   HIGHEST GUST DIRECTION    SE (150)
  AVERAGE WIND SPEED     4.8


SKY COVER
  POSSIBLE SUNSHINE  MM
  AVERAGE SKY COVER 0.1


WEATHER CONDITIONS
 THE FOLLOWING WEATHER WAS RECORDED TODAY.
  NO SIGNIFICANT WEATHER WAS OBSERVED.


RELATIVE HUMIDITY (PERCENT)
 HIGHEST    79           600 AM
 LOWEST     33           200 PM
 AVERAGE    56

..........................................................


THE TYLER CLIMATE NORMALS FOR TOMORROW
                         NORMAL    RECORD    YEAR
 MAXIMUM TEMPERATURE (F)   94       107      2011
 MINIMUM TEMPERATURE (F)   74        57      1974


SUNRISE AND SUNSET
AUGUST  4 2015........SUNRISE   638 AM CDT   SUNSET   817 PM CDT
AUGUST  5 2015........SUNRISE   639 AM CDT   SUNSET   816 PM CDT


-  INDICATES NEGATIVE NUMBERS.
R  INDICATES RECORD WAS SET OR TIED.
MM INDICATES DATA IS MISSING.
T  INDICATES TRACE AMOUNT.




$$
